{"id":474790,"date":"2026-08-29T12:57:13","date_gmt":"2026-08-29T10:57:13","guid":{"rendered":"https:\/\/horgaszhely.hu\/hun\/termek\/mannavita-nyers-fuz-viragpor-150g\/"},"modified":"2026-08-29T12:57:14","modified_gmt":"2026-08-29T10:57:14","slug":"mannavita-nyers-fuz-viragpor-150g","status":"publish","type":"product","link":"https:\/\/horgaszhely.hu\/hun\/termek\/mannavita-nyers-fuz-viragpor-150g\/","title":{"rendered":"Mannavita Nyers F\u0170Z vir\u00e1gpor, 150g"},"content":{"rendered":"<p>A nyers f\u0171z vir\u00e1gpor els\u0151sorban a szemeket \u00e9s a prosztat\u00e1t t\u00e1mogatja. Ha fokozott terhel\u00e9snek van kit\u00e9ve a szeme, p\u00e9ld\u00e1ul sz\u00e1m\u00edt\u00f3g\u00e9p el\u0151tt dolgozik, aj\u00e1nlott napi szinten fogyasztani. Magas a bioakt\u00edv lutein \u00e9s zeaxantin tartalma \u00e1ltal &#8211; a szemeink sz\u00e1m\u00e1ra a k\u00e9t legfontosabb karotinoid -, v\u00e9di a k\u00f6t\u0151h\u00e1rty\u00e1t \u00e9s a szaruh\u00e1rty\u00e1t, seg\u00edt a sz\u00fcrkeh\u00e1lyog \u00e9s a makuladegener\u00e1ci\u00f3 megel\u0151z\u00e9s\u00e9ben is. Szem sz\u00e1razs\u00e1g, szem kif\u00e1rad\u00e1s ellen is kiv\u00e1l\u00f3.<\/p>\n","protected":false},"excerpt":{"rendered":"<p>A nyers f\u0171z vir\u00e1gpor els\u0151sorban a szemeket \u00e9s a prosztat\u00e1t t\u00e1mogatja. Ha fokozott terhel\u00e9snek van kit\u00e9ve a szeme, p\u00e9ld\u00e1ul sz\u00e1m\u00edt\u00f3g\u00e9p el\u0151tt dolgozik, aj\u00e1nlott napi szinten fogyasztani. Magas a bioakt\u00edv lutein \u00e9s zeaxantin tartalma \u00e1ltal &#8211; a szemeink sz\u00e1m\u00e1ra a k\u00e9t legfontosabb karotinoid -, v\u00e9di a k\u00f6t\u0151h\u00e1rty\u00e1t \u00e9s a szaruh\u00e1rty\u00e1t, seg\u00edt a sz\u00fcrkeh\u00e1lyog \u00e9s a makuladegener\u00e1ci\u00f3 [&hellip;]<\/p>\n","protected":false},"featured_media":474789,"template":"","meta":{"_acf_changed":false},"product_brand":[],"product_cat":[1350,3340,3343],"product_tag":[],"class_list":["post-474790","product","type-product","status-publish","has-post-thumbnail","product_cat-egeszseg","product_cat-etel-ital","product_cat-mez","first","instock","product-type-external"],"acf":[],"_links":{"self":[{"href":"https:\/\/horgaszhely.hu\/hun\/wp-json\/wp\/v2\/product\/474790","targetHints":{"allow":["GET"]}}],"collection":[{"href":"https:\/\/horgaszhely.hu\/hun\/wp-json\/wp\/v2\/product"}],"about":[{"href":"https:\/\/horgaszhely.hu\/hun\/wp-json\/wp\/v2\/types\/product"}],"wp:featuredmedia":[{"embeddable":true,"href":"https:\/\/horgaszhely.hu\/hun\/wp-json\/wp\/v2\/media\/474789"}],"wp:attachment":[{"href":"https:\/\/horgaszhely.hu\/hun\/wp-json\/wp\/v2\/media?parent=474790"}],"wp:term":[{"taxonomy":"product_brand","embeddable":true,"href":"https:\/\/horgaszhely.hu\/hun\/wp-json\/wp\/v2\/product_brand?post=474790"},{"taxonomy":"product_cat","embeddable":true,"href":"https:\/\/horgaszhely.hu\/hun\/wp-json\/wp\/v2\/product_cat?post=474790"},{"taxonomy":"product_tag","embeddable":true,"href":"https:\/\/horgaszhely.hu\/hun\/wp-json\/wp\/v2\/product_tag?post=474790"}],"curies":[{"name":"wp","href":"https:\/\/api.w.org\/{rel}","templated":true}]}}

Mannavita Nyers FŰZ virágpor, 150g

<p>A nyers fűz virágpor elsősorban a szemeket és a prosztatát támogatja. Ha fokozott terhelésnek van kitéve a szeme, például számítógép előtt dolgozik, ajánlott napi szinten fogyasztani. Magas a bioaktív lutein és zeaxantin tartalma által &#8211; a szemeink számára a két legfontosabb karotinoid -, védi a kötőhártyát és a szaruhártyát, segít a szürkehályog és a makuladegeneráció megelőzésében is. Szem szárazság, szem kifáradás ellen is kiváló.</p>

<p>A nyers fűz virágpor elsősorban a szemeket és a prosztatát támogatja. Ha fokozott terhelésnek van kitéve a szeme, például számítógép előtt dolgozik, ajánlott napi szinten fogyasztani. Magas a bioaktív lutein és zeaxantin tartalma által &#8211; a szemeink számára a két legfontosabb karotinoid -, védi a kötőhártyát és a szaruhártyát, segít a szürkehályog és a makuladegeneráció [&hellip;]</p>
