{"id":474861,"date":"2026-08-24T09:56:36","date_gmt":"2026-08-24T07:56:36","guid":{"rendered":"https:\/\/horgaszhely.hu\/hun\/termek\/sportmelltarto-iron-aesthetics-reflex-fekete\/"},"modified":"2026-08-24T09:56:37","modified_gmt":"2026-08-24T07:56:37","slug":"sportmelltarto-iron-aesthetics-reflex-fekete","status":"publish","type":"product","link":"https:\/\/horgaszhely.hu\/hun\/termek\/sportmelltarto-iron-aesthetics-reflex-fekete\/","title":{"rendered":"Sportmelltart\u00f3 Iron Aesthetics Reflex, fekete"},"content":{"rendered":"<p>A fekete\u00a0Reflex sportmelltart\u00f3 olyan akt\u00edv n\u0151k sz\u00e1m\u00e1ra k\u00e9sz\u00fclt, akik maxim\u00e1lis k\u00e9nyelmet szeretn\u00e9nek sportol\u00e1s k\u00f6zben. Kellemes funkcion\u00e1lis anyaga, amely nedvsz\u00edv\u00f3, l\u00e9g\u00e1tereszt\u0151 \u00e9s rugalmas spandex anyaggal gazdag\u00edtott, a legmeger\u0151ltet\u0151bb edz\u00e9sek sor\u00e1n is sz\u00e1razon \u00e9s frissen tart. Ezzel a melltart\u00f3val teljes m\u00e9rt\u00e9kben a c\u00e9ljaidra koncentr\u00e1lhatsz, an\u00e9lk\u00fcl, hogy a kellemetlen izzad\u00e1s vagy a mozg\u00e1skorl\u00e1toz\u00e1s megzavarn\u00e1 a figyelmedet. A funkcionalit\u00e1s mellett a Reflex n\u0151i melltart\u00f3t \u00fagy tervezt\u00e9k, hogy t\u00f6k\u00e9letesen illeszkedjen r\u00e1d. A spandex hozz\u00e1ad\u00e1s\u00e1nak k\u00f6sz\u00f6nhet\u0151en alkalmazkodik a vonalaidhoz, \u00e9s biztos\u00edtja a sz\u00fcks\u00e9ges t\u00e1maszt\u00e1st. A kivehet\u0151 bet\u00e9tnek k\u00f6sz\u00f6nhet\u0151en a melltart\u00f3t egy\u00e9ni preferenci\u00e1idhoz \u00e9s ig\u00e9nyeidhez igaz\u00edthatod. Az egyszer\u0171, m\u00e9gis st\u00edlusos kialak\u00edt\u00e1s a mell alatt tal\u00e1lhat\u00f3 decens Iron Aesthetics log\u00f3val a sportos \u00f6lt\u00f6z\u00e9kednek is eleganci\u00e1t k\u00f6lcs\u00f6n\u00f6z. K\u00e9nyeztesd magad a Reflex sportmelltart\u00f3 ny\u00fajtotta k\u00e9nyelemmel \u00e9s st\u00edlussal, \u00e9s \u00e9lvezz minden mozdulatot a legteljesebb m\u00e9rt\u00e9kben.<br \/>\nA Reflex sportmelltart\u00f3 t\u00f6k\u00e9letesen p\u00e1ros\u00edthat\u00f3 magas derek\u00fa r\u00f6vidnadr\u00e1ggal vagy leggingsszel, hogy t\u00f6k\u00e9letes megjelen\u00e9st biztos\u00edtson s\u00falyz\u00f3s edz\u00e9shez, fut\u00e1shoz vagy ak\u00e1r egy k\u00f6nnyed s\u00e9t\u00e1hoz.<\/p>\n<p>Brand: Iron Aesthetics<\/p>\n","protected":false},"excerpt":{"rendered":"<p>A fekete\u00a0Reflex sportmelltart\u00f3 olyan akt\u00edv n\u0151k sz\u00e1m\u00e1ra k\u00e9sz\u00fclt, akik maxim\u00e1lis k\u00e9nyelmet szeretn\u00e9nek sportol\u00e1s k\u00f6zben. Kellemes funkcion\u00e1lis anyaga, amely nedvsz\u00edv\u00f3, l\u00e9g\u00e1tereszt\u0151 \u00e9s rugalmas spandex anyaggal gazdag\u00edtott, a legmeger\u0151ltet\u0151bb edz\u00e9sek sor\u00e1n is sz\u00e1razon \u00e9s frissen tart. Ezzel a melltart\u00f3val teljes m\u00e9rt\u00e9kben a c\u00e9ljaidra koncentr\u00e1lhatsz, an\u00e9lk\u00fcl, hogy a kellemetlen izzad\u00e1s vagy a mozg\u00e1skorl\u00e1toz\u00e1s megzavarn\u00e1 a figyelmedet. A funkcionalit\u00e1s [&hellip;]<\/p>\n","protected":false},"featured_media":474862,"template":"","meta":{"_acf_changed":false},"product_brand":[],"product_cat":[649,657,659],"product_tag":[],"class_list":["post-474861","product","type-product","status-publish","has-post-thumbnail","product_cat-fitness-es-sport","product_cat-noi","product_cat-noi-sportmelltartok","first","instock","product-type-external"],"acf":[],"_links":{"self":[{"href":"https:\/\/horgaszhely.hu\/hun\/wp-json\/wp\/v2\/product\/474861","targetHints":{"allow":["GET"]}}],"collection":[{"href":"https:\/\/horgaszhely.hu\/hun\/wp-json\/wp\/v2\/product"}],"about":[{"href":"https:\/\/horgaszhely.hu\/hun\/wp-json\/wp\/v2\/types\/product"}],"wp:featuredmedia":[{"embeddable":true,"href":"https:\/\/horgaszhely.hu\/hun\/wp-json\/wp\/v2\/media\/474862"}],"wp:attachment":[{"href":"https:\/\/horgaszhely.hu\/hun\/wp-json\/wp\/v2\/media?parent=474861"}],"wp:term":[{"taxonomy":"product_brand","embeddable":true,"href":"https:\/\/horgaszhely.hu\/hun\/wp-json\/wp\/v2\/product_brand?post=474861"},{"taxonomy":"product_cat","embeddable":true,"href":"https:\/\/horgaszhely.hu\/hun\/wp-json\/wp\/v2\/product_cat?post=474861"},{"taxonomy":"product_tag","embeddable":true,"href":"https:\/\/horgaszhely.hu\/hun\/wp-json\/wp\/v2\/product_tag?post=474861"}],"curies":[{"name":"wp","href":"https:\/\/api.w.org\/{rel}","templated":true}]}}

Sportmelltartó Iron Aesthetics Reflex, fekete

<p>A fekete Reflex sportmelltartó olyan aktív nők számára készült, akik maximális kényelmet szeretnének sportolás közben. Kellemes funkcionális anyaga, amely nedvszívó, légáteresztő és rugalmas spandex anyaggal gazdagított, a legmegerőltetőbb edzések során is szárazon és frissen tart. Ezzel a melltartóval teljes mértékben a céljaidra koncentrálhatsz, anélkül, hogy a kellemetlen izzadás vagy a mozgáskorlátozás megzavarná a figyelmedet. A funkcionalitás mellett a Reflex női melltartót úgy tervezték, hogy tökéletesen illeszkedjen rád. A spandex hozzáadásának köszönhetően alkalmazkodik a vonalaidhoz, és biztosítja a szükséges támasztást. A kivehető betétnek köszönhetően a melltartót egyéni preferenciáidhoz és igényeidhez igazíthatod. Az egyszerű, mégis stílusos kialakítás a mell alatt található decens Iron Aesthetics logóval a sportos öltözékednek is eleganciát kölcsönöz. Kényeztesd magad a Reflex sportmelltartó nyújtotta kényelemmel és stílussal, és élvezz minden mozdulatot a legteljesebb mértékben.<br />
A Reflex sportmelltartó tökéletesen párosítható magas derekú rövidnadrággal vagy leggingsszel, hogy tökéletes megjelenést biztosítson súlyzós edzéshez, futáshoz vagy akár egy könnyed sétához.</p>
<p>Brand: Iron Aesthetics</p>

<p>A fekete Reflex sportmelltartó olyan aktív nők számára készült, akik maximális kényelmet szeretnének sportolás közben. Kellemes funkcionális anyaga, amely nedvszívó, légáteresztő és rugalmas spandex anyaggal gazdagított, a legmegerőltetőbb edzések során is szárazon és frissen tart. Ezzel a melltartóval teljes mértékben a céljaidra koncentrálhatsz, anélkül, hogy a kellemetlen izzadás vagy a mozgáskorlátozás megzavarná a figyelmedet. A funkcionalitás [&hellip;]</p>
