{"id":474871,"date":"2026-08-24T10:00:55","date_gmt":"2026-08-24T08:00:55","guid":{"rendered":"https:\/\/horgaszhely.hu\/hun\/termek\/ferfi-uszonadrag-iron-aesthetics-vortex-core-2in1-fekete\/"},"modified":"2026-08-24T10:00:56","modified_gmt":"2026-08-24T08:00:56","slug":"ferfi-uszonadrag-iron-aesthetics-vortex-core-2in1-fekete","status":"publish","type":"product","link":"https:\/\/horgaszhely.hu\/hun\/termek\/ferfi-uszonadrag-iron-aesthetics-vortex-core-2in1-fekete\/","title":{"rendered":"F\u00e9rfi \u00fasz\u00f3nadr\u00e1g Iron Aesthetics  Vortex Core 2in1, fekete"},"content":{"rendered":"<p>K\u00e9sz\u00fclj fel kompromisszumok n\u00e9lk\u00fcli v\u00edzi kalandokra! A Vortex Core 2in1 f\u00e9rfi \u00fasz\u00f3nadr\u00e1g fekete sz\u00ednben olyan f\u00e9rfiaknak k\u00e9sz\u00fclt, akik a maxim\u00e1lis funkcionalit\u00e1st, megb\u00edzhat\u00f3 tart\u00e1st \u00e9s felt\u0171n\u0151 st\u00edlust ig\u00e9nylik minden v\u00edzi tev\u00e9kenys\u00e9g sor\u00e1n. Ez az \u00faj alapdarabod medenc\u00e9hez, strandra \u00e9s aquaparkba. A Vortex Core 2in1 a k\u00f6nny\u0171 \u00fasz\u00f3nadr\u00e1gok \u00e9s egy rugalmas bels\u0151 r\u00e9teg zseni\u00e1lis \u00f6tv\u00f6zete, amely \u00faj dimenzi\u00f3t nyit. A bels\u0151 b\u00e9l\u00e9s meger\u0151s\u00edti a l\u00e1bakat, mik\u00f6zben megb\u00edzhat\u00f3an megakad\u00e1lyozza a d\u00f6rzs\u00f6l\u00e9st, m\u00e9g hosszan tart\u00f3 v\u00edzi mozg\u00e1s sor\u00e1n is. A min\u0151s\u00e9gi poli\u00e9szter \u00e9s spandex kombin\u00e1ci\u00f3j\u00e1nak k\u00f6sz\u00f6nhet\u0151en az \u00fasz\u00f3nadr\u00e1g rendk\u00edv\u00fcl tart\u00f3s, rugalmas \u00e9s ami a legfontosabb \u2013 nagyon gyorsan sz\u00e1rad. Nem tartja vissza a vizet, \u00e9s a medence vagy a tenger elhagy\u00e1sa ut\u00e1n sem \u00e9rz\u0151dik neh\u00e9znek, \u00edgy azonnal \u00e9lvezheted a friss\u00edt\u0151 italt. A Vortex Core 2in1 \u00fasz\u00f3nadr\u00e1g modern, minimalista diz\u00e1jnnal \u00e9s r\u00f6videbb, t\u00e9rd f\u00f6l\u00e9 \u00e9r\u0151 szab\u00e1ssal b\u00fcszk\u00e9lkedhet, amely ide\u00e1lis ny\u00e1rra \u00e9s kiemeli a sportos alakot. A st\u00edlusos, f\u00e9nyvisszaver\u0151 Iron Aesthetics log\u00f3 egyedi megjelen\u00e9st k\u00f6lcs\u00f6n\u00f6z az \u00fasz\u00f3nadr\u00e1gnak, mik\u00f6zben n\u00f6veli a l\u00e1that\u00f3s\u00e1got.\u00a0K\u00e9t oldals\u00f3 zsebbel van ell\u00e1tva apr\u00f3s\u00e1goknak, ide\u00e1lis kulcsok vagy k\u00e1rtya t\u00e1rol\u00e1s\u00e1ra, amikor nem vagy a v\u00edzben. A megb\u00edzhat\u00f3 der\u00e9kp\u00e1nt kontrasztos beh\u00fazhat\u00f3 zsin\u00f3rral garant\u00e1lja, hogy az \u00fasz\u00f3nadr\u00e1g t\u00f6k\u00e9letesen illeszkedjen \u00e9s ne cs\u00fasszon le m\u00e9g ugr\u00e1l\u00e1skor vagy dinamikus \u00fasz\u00e1skor sem. A Vortex Core 2in1 \u00fasz\u00f3nadr\u00e1ggal az Iron Aesthetics min\u0151s\u00e9g \u00e9s innovat\u00edv diz\u00e1jn garanci\u00e1j\u00e1t kapod. \u00dagy tervezt\u00fck, hogy megb\u00edzhat\u00f3 tart\u00e1st \u00e9s st\u00edlust biztos\u00edtson sz\u00e1modra sz\u00e1mtalan \u00f3r\u00e1nyi v\u00edzi sz\u00f3rakoz\u00e1shoz.<br \/>\nA komplett \u00e9s st\u00edlusos Iron Aesthetics outfit\u00e9rt, amely megv\u00e9d a napt\u00f3l vagy kieg\u00e9sz\u00edti a ny\u00e1ri megjelen\u00e9sedet, kombin\u00e1ld ezt az \u00fasz\u00f3nadr\u00e1got az\u00a0atl\u00e9t\u00e1inkkal, p\u00f3l\u00f3inkkal vagy sapk\u00e1inkkal k\u00edn\u00e1latunkb\u00f3l.<\/p>\n<p>Brand: Iron Aesthetics<\/p>\n","protected":false},"excerpt":{"rendered":"<p>K\u00e9sz\u00fclj fel kompromisszumok n\u00e9lk\u00fcli v\u00edzi kalandokra! A Vortex Core 2in1 f\u00e9rfi \u00fasz\u00f3nadr\u00e1g fekete sz\u00ednben olyan f\u00e9rfiaknak k\u00e9sz\u00fclt, akik a maxim\u00e1lis funkcionalit\u00e1st, megb\u00edzhat\u00f3 tart\u00e1st \u00e9s felt\u0171n\u0151 st\u00edlust ig\u00e9nylik minden v\u00edzi tev\u00e9kenys\u00e9g sor\u00e1n. Ez az \u00faj alapdarabod medenc\u00e9hez, strandra \u00e9s aquaparkba. A Vortex Core 2in1 a k\u00f6nny\u0171 \u00fasz\u00f3nadr\u00e1gok \u00e9s egy rugalmas bels\u0151 r\u00e9teg zseni\u00e1lis \u00f6tv\u00f6zete, amely \u00faj [&hellip;]<\/p>\n","protected":false},"featured_media":474872,"template":"","meta":{"_acf_changed":false},"product_brand":[],"product_cat":[650,3222,649],"product_tag":[],"class_list":["post-474871","product","type-product","status-publish","has-post-thumbnail","product_cat-ferfi","product_cat-ferfi-furdonadragok","product_cat-fitness-es-sport","first","instock","product-type-external"],"acf":[],"_links":{"self":[{"href":"https:\/\/horgaszhely.hu\/hun\/wp-json\/wp\/v2\/product\/474871","targetHints":{"allow":["GET"]}}],"collection":[{"href":"https:\/\/horgaszhely.hu\/hun\/wp-json\/wp\/v2\/product"}],"about":[{"href":"https:\/\/horgaszhely.hu\/hun\/wp-json\/wp\/v2\/types\/product"}],"wp:featuredmedia":[{"embeddable":true,"href":"https:\/\/horgaszhely.hu\/hun\/wp-json\/wp\/v2\/media\/474872"}],"wp:attachment":[{"href":"https:\/\/horgaszhely.hu\/hun\/wp-json\/wp\/v2\/media?parent=474871"}],"wp:term":[{"taxonomy":"product_brand","embeddable":true,"href":"https:\/\/horgaszhely.hu\/hun\/wp-json\/wp\/v2\/product_brand?post=474871"},{"taxonomy":"product_cat","embeddable":true,"href":"https:\/\/horgaszhely.hu\/hun\/wp-json\/wp\/v2\/product_cat?post=474871"},{"taxonomy":"product_tag","embeddable":true,"href":"https:\/\/horgaszhely.hu\/hun\/wp-json\/wp\/v2\/product_tag?post=474871"}],"curies":[{"name":"wp","href":"https:\/\/api.w.org\/{rel}","templated":true}]}}

Férfi úszónadrág Iron Aesthetics  Vortex Core 2in1, fekete

<p>Készülj fel kompromisszumok nélküli vízi kalandokra! A Vortex Core 2in1 férfi úszónadrág fekete színben olyan férfiaknak készült, akik a maximális funkcionalitást, megbízható tartást és feltűnő stílust igénylik minden vízi tevékenység során. Ez az új alapdarabod medencéhez, strandra és aquaparkba. A Vortex Core 2in1 a könnyű úszónadrágok és egy rugalmas belső réteg zseniális ötvözete, amely új dimenziót nyit. A belső bélés megerősíti a lábakat, miközben megbízhatóan megakadályozza a dörzsölést, még hosszan tartó vízi mozgás során is. A minőségi poliészter és spandex kombinációjának köszönhetően az úszónadrág rendkívül tartós, rugalmas és ami a legfontosabb – nagyon gyorsan szárad. Nem tartja vissza a vizet, és a medence vagy a tenger elhagyása után sem érződik nehéznek, így azonnal élvezheted a frissítő italt. A Vortex Core 2in1 úszónadrág modern, minimalista dizájnnal és rövidebb, térd fölé érő szabással büszkélkedhet, amely ideális nyárra és kiemeli a sportos alakot. A stílusos, fényvisszaverő Iron Aesthetics logó egyedi megjelenést kölcsönöz az úszónadrágnak, miközben növeli a láthatóságot. Két oldalsó zsebbel van ellátva apróságoknak, ideális kulcsok vagy kártya tárolására, amikor nem vagy a vízben. A megbízható derékpánt kontrasztos behúzható zsinórral garantálja, hogy az úszónadrág tökéletesen illeszkedjen és ne csússzon le még ugráláskor vagy dinamikus úszáskor sem. A Vortex Core 2in1 úszónadrággal az Iron Aesthetics minőség és innovatív dizájn garanciáját kapod. Úgy terveztük, hogy megbízható tartást és stílust biztosítson számodra számtalan órányi vízi szórakozáshoz.<br />
A komplett és stílusos Iron Aesthetics outfitért, amely megvéd a naptól vagy kiegészíti a nyári megjelenésedet, kombináld ezt az úszónadrágot az atlétáinkkal, pólóinkkal vagy sapkáinkkal kínálatunkból.</p>
<p>Brand: Iron Aesthetics</p>

<p>Készülj fel kompromisszumok nélküli vízi kalandokra! A Vortex Core 2in1 férfi úszónadrág fekete színben olyan férfiaknak készült, akik a maximális funkcionalitást, megbízható tartást és feltűnő stílust igénylik minden vízi tevékenység során. Ez az új alapdarabod medencéhez, strandra és aquaparkba. A Vortex Core 2in1 a könnyű úszónadrágok és egy rugalmas belső réteg zseniális ötvözete, amely új [&hellip;]</p>
