{"id":474906,"date":"2026-08-24T10:07:18","date_gmt":"2026-08-24T08:07:18","guid":{"rendered":"https:\/\/horgaszhely.hu\/hun\/termek\/ferfi-terepmintas-szett-iron-aesthetics-camo-tree-light\/"},"modified":"2026-08-24T10:07:19","modified_gmt":"2026-08-24T08:07:19","slug":"ferfi-terepmintas-szett-iron-aesthetics-camo-tree-light","status":"publish","type":"product","link":"https:\/\/horgaszhely.hu\/hun\/termek\/ferfi-terepmintas-szett-iron-aesthetics-camo-tree-light\/","title":{"rendered":"F\u00e9rfi terepmint\u00e1s szett Iron Aesthetics Camo tree, light"},"content":{"rendered":"<p>A v\u00e9gs\u0151 szettet keresed, amely \u00f6tv\u00f6zi a kompromisszumok n\u00e9lk\u00fcli utcai st\u00edlust \u00e9s a maxim\u00e1lis teljes\u00edtm\u00e9nyt az edz\u0151teremben? A vil\u00e1gos t\u00f3nus\u00fa, f\u00e9rfi Camo tree terepsz\u00edn\u0171 szett egy t\u00f6k\u00e9letesen \u00f6sszehangolt \u00f6ssze\u00e1ll\u00edt\u00e1s, amely megoldja a reggeli dilemm\u00e1dat a szekr\u00e9ny el\u0151tt, \u00e9s azonnal kiemel a t\u00f6megb\u0151l. Ez az exkluz\u00edv hibrid csomag egyes\u00edti a domin\u00e1ns feh\u00e9r ASTHX felirattal ell\u00e1tott f\u00e9rfi p\u00f3l\u00f3t \u00e9s a funkcion\u00e1lis, terepsz\u00edn\u0171 r\u00f6vidnadr\u00e1got, amely oldals\u00f3 \u00e9s h\u00e1ts\u00f3 zsebekkel rendelkezik az okostelefonod vagy a kulcsaid sz\u00e1m\u00e1ra. A term\u00e9szetes terepminta s\u00f6t\u00e9t \u00e1rnyalatai nagyszer\u0171en kihangs\u00falyozz\u00e1k kidolgozott alakodat, mik\u00f6zben a r\u00f6vidnadr\u00e1g h\u00faz\u00f3zsin\u00f3rral ell\u00e1tott rugalmas dereka abszol\u00fat mozg\u00e1sszabads\u00e1got garant\u00e1l m\u00e9g a legextr\u00e9mebb l\u00e1bedz\u00e9sek sor\u00e1n is.<br \/>\nVal\u00f3di athleisure darabk\u00e9nt az eg\u00e9sz szett a v\u00e1logatott, 61%-os pr\u00e9mium pamut \u00e9s a 39%-os tart\u00f3s poli\u00e9szter kombin\u00e1ci\u00f3j\u00e1b\u00f3l k\u00e9sz\u00fclt, ami a rendk\u00edv\u00fcli puhas\u00e1g \u00e9s a technikai funkcionalit\u00e1s t\u00f6k\u00e9letes szinergi\u00e1j\u00e1t hozza el. Az anyag vill\u00e1mgyorsan sz\u00e1rad, nem gy\u0171r\u0151dik, megtartja az alakj\u00e1t, \u00e9s maxim\u00e1lis l\u00e9g\u00e1tereszt\u00e9st biztos\u00edt optim\u00e1lis nedvess\u00e9gelvezet\u00e9ssel, \u00edgy megb\u00edzhat\u00f3 t\u00e1rsad lesz az edz\u0151teremben \u00e9s a forr\u00f3 ny\u00e1ri napokon a v\u00e1rosban is. Ha k\u00e9s\u0151bb v\u00e1ltozatoss\u00e1 tenn\u00e9d ezt a vag\u00e1ny streetwear megjelen\u00e9st, v\u00e1s\u00e1rolhatsz hozz\u00e1 k\u00fcl\u00f6n\u00e1ll\u00f3 f\u00e9rfi p\u00f3l\u00f3kat, vagy felfedezheted k\u00edn\u00e1latunk tov\u00e1bbi kidolgozott f\u00e9rfi r\u00f6vidnadr\u00e1gjait, amelyek \u00faj lend\u00fcletet visznek a ruhat\u00e1radba.<br \/>\nAz anyag els\u0151rang\u00fa megjelen\u00e9s\u00e9nek, a sz\u00ednek tel\u00edtetts\u00e9g\u00e9nek \u00e9s a nyomat hossz\u00fa \u00e9lettartam\u00e1nak meg\u0151rz\u00e9se \u00e9rdek\u00e9ben javasoljuk, hogy a szettet mindig kiford\u00edtva, alacsony, legfeljebb 30 \u00b0C-os h\u0151m\u00e9rs\u00e9kleten mosd, \u00e9s ker\u00fcld a sz\u00e1r\u00edt\u00f3g\u00e9p haszn\u00e1lat\u00e1t. Ennek a praktikus szettnek a megv\u00e1s\u00e1rl\u00e1s\u00e1val nemcsak p\u00e1ratlan k\u00e9nyelmet \u00e9s \u00f6nbizalmat nyersz, hanem egy kedvez\u0151bb \u00e1r\u00fa term\u00e9ket is, amely hat\u00e9konyabb\u00e1 teszi a v\u00e1s\u00e1rl\u00e1sodat. L\u00e9pd \u00e1t a hat\u00e1raidat, mutasd meg mindenkinek az eszt\u00e9tikus form\u00e1dat, \u00e9s ne felejtsd el rendszeresen k\u00f6vetni forr\u00f3 \u00fajdons\u00e1gainkat, hogy soha ne maradj le egyetlen pr\u00e9mium dropr\u00f3l sem.<\/p>\n<p>Brand: Iron Aesthetics<\/p>\n","protected":false},"excerpt":{"rendered":"<p>A v\u00e9gs\u0151 szettet keresed, amely \u00f6tv\u00f6zi a kompromisszumok n\u00e9lk\u00fcli utcai st\u00edlust \u00e9s a maxim\u00e1lis teljes\u00edtm\u00e9nyt az edz\u0151teremben? A vil\u00e1gos t\u00f3nus\u00fa, f\u00e9rfi Camo tree terepsz\u00edn\u0171 szett egy t\u00f6k\u00e9letesen \u00f6sszehangolt \u00f6ssze\u00e1ll\u00edt\u00e1s, amely megoldja a reggeli dilemm\u00e1dat a szekr\u00e9ny el\u0151tt, \u00e9s azonnal kiemel a t\u00f6megb\u0151l. Ez az exkluz\u00edv hibrid csomag egyes\u00edti a domin\u00e1ns feh\u00e9r ASTHX felirattal ell\u00e1tott f\u00e9rfi [&hellip;]<\/p>\n","protected":false},"featured_media":474907,"template":"","meta":{"_acf_changed":false},"product_brand":[],"product_cat":[650,649,3314,3313],"product_tag":[],"class_list":["post-474906","product","type-product","status-publish","has-post-thumbnail","product_cat-ferfi","product_cat-fitness-es-sport","product_cat-sport-es-melegitoszettek","product_cat-szettek-es-osszeallitasok","first","instock","product-type-external"],"acf":[],"_links":{"self":[{"href":"https:\/\/horgaszhely.hu\/hun\/wp-json\/wp\/v2\/product\/474906","targetHints":{"allow":["GET"]}}],"collection":[{"href":"https:\/\/horgaszhely.hu\/hun\/wp-json\/wp\/v2\/product"}],"about":[{"href":"https:\/\/horgaszhely.hu\/hun\/wp-json\/wp\/v2\/types\/product"}],"wp:featuredmedia":[{"embeddable":true,"href":"https:\/\/horgaszhely.hu\/hun\/wp-json\/wp\/v2\/media\/474907"}],"wp:attachment":[{"href":"https:\/\/horgaszhely.hu\/hun\/wp-json\/wp\/v2\/media?parent=474906"}],"wp:term":[{"taxonomy":"product_brand","embeddable":true,"href":"https:\/\/horgaszhely.hu\/hun\/wp-json\/wp\/v2\/product_brand?post=474906"},{"taxonomy":"product_cat","embeddable":true,"href":"https:\/\/horgaszhely.hu\/hun\/wp-json\/wp\/v2\/product_cat?post=474906"},{"taxonomy":"product_tag","embeddable":true,"href":"https:\/\/horgaszhely.hu\/hun\/wp-json\/wp\/v2\/product_tag?post=474906"}],"curies":[{"name":"wp","href":"https:\/\/api.w.org\/{rel}","templated":true}]}}

Férfi terepmintás szett Iron Aesthetics Camo tree, light

<p>A végső szettet keresed, amely ötvözi a kompromisszumok nélküli utcai stílust és a maximális teljesítményt az edzőteremben? A világos tónusú, férfi Camo tree terepszínű szett egy tökéletesen összehangolt összeállítás, amely megoldja a reggeli dilemmádat a szekrény előtt, és azonnal kiemel a tömegből. Ez az exkluzív hibrid csomag egyesíti a domináns fehér ASTHX felirattal ellátott férfi pólót és a funkcionális, terepszínű rövidnadrágot, amely oldalsó és hátsó zsebekkel rendelkezik az okostelefonod vagy a kulcsaid számára. A természetes terepminta sötét árnyalatai nagyszerűen kihangsúlyozzák kidolgozott alakodat, miközben a rövidnadrág húzózsinórral ellátott rugalmas dereka abszolút mozgásszabadságot garantál még a legextrémebb lábedzések során is.<br />
Valódi athleisure darabként az egész szett a válogatott, 61%-os prémium pamut és a 39%-os tartós poliészter kombinációjából készült, ami a rendkívüli puhaság és a technikai funkcionalitás tökéletes szinergiáját hozza el. Az anyag villámgyorsan szárad, nem gyűrődik, megtartja az alakját, és maximális légáteresztést biztosít optimális nedvességelvezetéssel, így megbízható társad lesz az edzőteremben és a forró nyári napokon a városban is. Ha később változatossá tennéd ezt a vagány streetwear megjelenést, vásárolhatsz hozzá különálló férfi pólókat, vagy felfedezheted kínálatunk további kidolgozott férfi rövidnadrágjait, amelyek új lendületet visznek a ruhatáradba.<br />
Az anyag elsőrangú megjelenésének, a színek telítettségének és a nyomat hosszú élettartamának megőrzése érdekében javasoljuk, hogy a szettet mindig kifordítva, alacsony, legfeljebb 30 °C-os hőmérsékleten mosd, és kerüld a szárítógép használatát. Ennek a praktikus szettnek a megvásárlásával nemcsak páratlan kényelmet és önbizalmat nyersz, hanem egy kedvezőbb árú terméket is, amely hatékonyabbá teszi a vásárlásodat. Lépd át a határaidat, mutasd meg mindenkinek az esztétikus formádat, és ne felejtsd el rendszeresen követni forró újdonságainkat, hogy soha ne maradj le egyetlen prémium dropról sem.</p>
<p>Brand: Iron Aesthetics</p>

<p>A végső szettet keresed, amely ötvözi a kompromisszumok nélküli utcai stílust és a maximális teljesítményt az edzőteremben? A világos tónusú, férfi Camo tree terepszínű szett egy tökéletesen összehangolt összeállítás, amely megoldja a reggeli dilemmádat a szekrény előtt, és azonnal kiemel a tömegből. Ez az exkluzív hibrid csomag egyesíti a domináns fehér ASTHX felirattal ellátott férfi [&hellip;]</p>
