{"id":474932,"date":"2026-08-24T10:36:03","date_gmt":"2026-08-24T08:36:03","guid":{"rendered":"https:\/\/horgaszhely.hu\/hun\/termek\/boho-baldachin-feher\/"},"modified":"2026-08-24T10:36:03","modified_gmt":"2026-08-24T08:36:03","slug":"boho-baldachin-feher","status":"publish","type":"product","link":"https:\/\/horgaszhely.hu\/hun\/termek\/boho-baldachin-feher\/","title":{"rendered":"Boho baldachin &#8211; feh\u00e9r"},"content":{"rendered":"<p>Szeretn\u00e9, hogy gyermeke szob\u00e1ja praktikus \u00e9s modern legyen? N\u00e9ha el\u00e9g egy kieg\u00e9sz\u00edt\u0151, amely mindent t\u00f6k\u00e9letesen \u00f6sszehangol, \u00e9s megadja a megfelel\u0151 hangulatot. Ilyen kieg\u00e9sz\u00edt\u0151 a gyerekszob\u00e1ba k\u00e9ts\u00e9gtelen\u00fcl a baldachin is.Tudta, hogy a kisebb gyermekeket nyugtalan\u00edthatj\u00e1k a nagy terek?A kis\u00e1gy f\u00f6l\u00e9 helyezett baldachin k\u00f6r\u00fclhat\u00e1rolja a teret, \u00edgy a baba nagyobb biztons\u00e1gban \u00e9rezheti mag\u00e1t.K\u00e9s\u0151bb a baldachint elhelyezheti babaf\u00e9szek, j\u00e1tsz\u00f3sz\u0151nyeg vagy ak\u00e1r gyerek\u00e1gy f\u00f6l\u00e9 is. Meghitt hat\u00e1s\u00fa, \u00e9s harmonikus k\u00f6rnyezetet teremt. A baldachin seg\u00edts\u00e9g\u00e9vel olyan kuck\u00f3t alak\u00edthat ki a gyermekeknek, ahov\u00e1 sz\u00edvesen elb\u00fajnak, pihennek, j\u00e1tszanak vagy zavartalanul olvasnak.A pamut Soft k\u00e9zzel k\u00e9sz\u00fclt 100% pamutb\u00f3l, az anyag term\u00e9szetes sz\u00edn\u0171 \u2013 nincs k\u00fcl\u00f6n sz\u00ednezve vagy vegyileg kezelve. L\u00e1that\u00f3k lehetnek rajta pamutsz\u00e1lak. Ez nem term\u00e9khiba, hanem a k\u00e9zi munka jele.Gy\u00f6ny\u00f6r\u0171 term\u00e9szetes sz\u00edne alkalmass\u00e1 teszi l\u00e1nyos \u00e9s fi\u00fas gyerekszob\u00e1ba egyar\u00e1nt.A baldachin 235 cm hossz\u00fa, \u00e9s 60 cm-es akaszt\u00f3zsin\u00f3rral rendelkezik.A baldachin \u00e1tm\u00e9r\u0151je 50 cm.<\/p>\n","protected":false},"excerpt":{"rendered":"<p>Szeretn\u00e9, hogy gyermeke szob\u00e1ja praktikus \u00e9s modern legyen? N\u00e9ha el\u00e9g egy kieg\u00e9sz\u00edt\u0151, amely mindent t\u00f6k\u00e9letesen \u00f6sszehangol, \u00e9s megadja a megfelel\u0151 hangulatot. Ilyen kieg\u00e9sz\u00edt\u0151 a gyerekszob\u00e1ba k\u00e9ts\u00e9gtelen\u00fcl a baldachin is.Tudta, hogy a kisebb gyermekeket nyugtalan\u00edthatj\u00e1k a nagy terek?A kis\u00e1gy f\u00f6l\u00e9 helyezett baldachin k\u00f6r\u00fclhat\u00e1rolja a teret, \u00edgy a baba nagyobb biztons\u00e1gban \u00e9rezheti mag\u00e1t.K\u00e9s\u0151bb a baldachint elhelyezheti babaf\u00e9szek, [&hellip;]<\/p>\n","protected":false},"featured_media":474933,"template":"","meta":{"_acf_changed":false},"product_brand":[],"product_cat":[62,3369],"product_tag":[],"class_list":["post-474932","product","type-product","status-publish","has-post-thumbnail","product_cat-ajandekotletek","product_cat-babaapolas-ajandekotletek","first","instock","product-type-external"],"acf":[],"_links":{"self":[{"href":"https:\/\/horgaszhely.hu\/hun\/wp-json\/wp\/v2\/product\/474932","targetHints":{"allow":["GET"]}}],"collection":[{"href":"https:\/\/horgaszhely.hu\/hun\/wp-json\/wp\/v2\/product"}],"about":[{"href":"https:\/\/horgaszhely.hu\/hun\/wp-json\/wp\/v2\/types\/product"}],"wp:featuredmedia":[{"embeddable":true,"href":"https:\/\/horgaszhely.hu\/hun\/wp-json\/wp\/v2\/media\/474933"}],"wp:attachment":[{"href":"https:\/\/horgaszhely.hu\/hun\/wp-json\/wp\/v2\/media?parent=474932"}],"wp:term":[{"taxonomy":"product_brand","embeddable":true,"href":"https:\/\/horgaszhely.hu\/hun\/wp-json\/wp\/v2\/product_brand?post=474932"},{"taxonomy":"product_cat","embeddable":true,"href":"https:\/\/horgaszhely.hu\/hun\/wp-json\/wp\/v2\/product_cat?post=474932"},{"taxonomy":"product_tag","embeddable":true,"href":"https:\/\/horgaszhely.hu\/hun\/wp-json\/wp\/v2\/product_tag?post=474932"}],"curies":[{"name":"wp","href":"https:\/\/api.w.org\/{rel}","templated":true}]}}

Boho baldachin &#8211; fehér

<p>Szeretné, hogy gyermeke szobája praktikus és modern legyen? Néha elég egy kiegészítő, amely mindent tökéletesen összehangol, és megadja a megfelelő hangulatot. Ilyen kiegészítő a gyerekszobába kétségtelenül a baldachin is.Tudta, hogy a kisebb gyermekeket nyugtalaníthatják a nagy terek?A kiságy fölé helyezett baldachin körülhatárolja a teret, így a baba nagyobb biztonságban érezheti magát.Később a baldachint elhelyezheti babafészek, játszószőnyeg vagy akár gyerekágy fölé is. Meghitt hatású, és harmonikus környezetet teremt. A baldachin segítségével olyan kuckót alakíthat ki a gyermekeknek, ahová szívesen elbújnak, pihennek, játszanak vagy zavartalanul olvasnak.A pamut Soft kézzel készült 100% pamutból, az anyag természetes színű – nincs külön színezve vagy vegyileg kezelve. Láthatók lehetnek rajta pamutszálak. Ez nem termékhiba, hanem a kézi munka jele.Gyönyörű természetes színe alkalmassá teszi lányos és fiús gyerekszobába egyaránt.A baldachin 235 cm hosszú, és 60 cm-es akasztózsinórral rendelkezik.A baldachin átmérője 50 cm.</p>

<p>Szeretné, hogy gyermeke szobája praktikus és modern legyen? Néha elég egy kiegészítő, amely mindent tökéletesen összehangol, és megadja a megfelelő hangulatot. Ilyen kiegészítő a gyerekszobába kétségtelenül a baldachin is.Tudta, hogy a kisebb gyermekeket nyugtalaníthatják a nagy terek?A kiságy fölé helyezett baldachin körülhatárolja a teret, így a baba nagyobb biztonságban érezheti magát.Később a baldachint elhelyezheti babafészek, [&hellip;]</p>
