{"id":474936,"date":"2026-08-24T10:36:09","date_gmt":"2026-08-24T08:36:09","guid":{"rendered":"https:\/\/horgaszhely.hu\/hun\/termek\/petrolkek-baldachin-jabadabado\/"},"modified":"2026-08-24T10:36:10","modified_gmt":"2026-08-24T08:36:10","slug":"petrolkek-baldachin-jabadabado","status":"publish","type":"product","link":"https:\/\/horgaszhely.hu\/hun\/termek\/petrolkek-baldachin-jabadabado\/","title":{"rendered":"Petrolk\u00e9k baldachin Jabadabado"},"content":{"rendered":"<p>Azt tervezi, hogy kisbab\u00e1j\u00e1nak gy\u00f6ny\u00f6r\u0171 gyerekszob\u00e1t alak\u00edt ki, ahol kellemesen \u00e9rzi majd mag\u00e1t, \u00e9s\u00a0sz\u00edvesen tart\u00f3zkodik benne? A gyermekekre \u00e9s\u00a0fejl\u0151d\u00e9s\u00fckre hat\u00e1ssal vannak a t\u00e1rgyak, amelyek k\u00f6r\u00fclveszik \u0151ket. Korai gyermekkorukt\u00f3l kezdve hatnak r\u00e1juk a k\u00e9pek, amelyeket l\u00e1tnak, a hangok, amelyeket hallanak, \u00e9s\u00a0az \u00e9rz\u00e9sek, amelyeket \u00e9rz\u00e9kelnek.Nagyon fontos, hogy a gyermek olyan t\u00e1rgyakkal legyen k\u00f6r\u00fclv\u00e9ve, amelyek t\u00e1mogatj\u00e1k a fejl\u0151d\u00e9s\u00e9t, \u00e9s\u00a0biztons\u00e1g\u00e9rzetet, valamint nyugalmat teremtenek.A gyerekszob\u00e1nak mened\u00e9kk\u00e9nt kell szolg\u00e1lnia, amikor a gyermekeknek erre sz\u00fcks\u00e9g\u00fck van. Teremtsen sz\u00e1mukra ilyen kuck\u00f3t baldachinnal.A baldachin fedett teret hoz l\u00e9tre, amelyben a baba vagy a nagyobb gyermek biztons\u00e1gban \u00e9rzi mag\u00e1t. Lev\u00e1lasztja a szoba nagyobb r\u00e9sz\u00e9t, \u00e9s\u00a0elszigetel a zavar\u00f3 ingerekt\u0151l. Ez\u00e9rt alkalmas kis\u00e1gy vagy \u00e1gy f\u00f6l\u00e9, j\u00e1tsz\u00f3sz\u0151nyeghez vagy olvas\u00f3fotelhez. Gy\u00f6ny\u00f6r\u0171 s\u00e1trat alak\u00edthat ki vele a nagyobb gyermekek sz\u00e1m\u00e1ra.\u00a0A Jabadabado baldachin pamut \u00e9s\u00a0poli\u00e9szter kever\u00e9k\u00e9b\u0151l k\u00e9sz\u00fclt. Egy egyszer\u0171 mennyezeti karik\u00e1val a zsin\u00f3rn\u00e1l fogva r\u00f6gz\u00edtheti a kiv\u00e1lasztott hely f\u00f6l\u00e9. Finoman \u00e1ttetsz\u0151, \u00e9s\u00a0mos\u00f3g\u00e9pben moshat\u00f3.Hossz: 230 cmTiszt\u00edt\u00e1s: Mos\u00f3g\u00e9pben 30 fokon moshat\u00f3.<\/p>\n","protected":false},"excerpt":{"rendered":"<p>Azt tervezi, hogy kisbab\u00e1j\u00e1nak gy\u00f6ny\u00f6r\u0171 gyerekszob\u00e1t alak\u00edt ki, ahol kellemesen \u00e9rzi majd mag\u00e1t, \u00e9s\u00a0sz\u00edvesen tart\u00f3zkodik benne? A gyermekekre \u00e9s\u00a0fejl\u0151d\u00e9s\u00fckre hat\u00e1ssal vannak a t\u00e1rgyak, amelyek k\u00f6r\u00fclveszik \u0151ket. Korai gyermekkorukt\u00f3l kezdve hatnak r\u00e1juk a k\u00e9pek, amelyeket l\u00e1tnak, a hangok, amelyeket hallanak, \u00e9s\u00a0az \u00e9rz\u00e9sek, amelyeket \u00e9rz\u00e9kelnek.Nagyon fontos, hogy a gyermek olyan t\u00e1rgyakkal legyen k\u00f6r\u00fclv\u00e9ve, amelyek t\u00e1mogatj\u00e1k a fejl\u0151d\u00e9s\u00e9t, [&hellip;]<\/p>\n","protected":false},"featured_media":474937,"template":"","meta":{"_acf_changed":false},"product_brand":[],"product_cat":[62,3369],"product_tag":[],"class_list":["post-474936","product","type-product","status-publish","has-post-thumbnail","product_cat-ajandekotletek","product_cat-babaapolas-ajandekotletek","first","instock","product-type-external"],"acf":[],"_links":{"self":[{"href":"https:\/\/horgaszhely.hu\/hun\/wp-json\/wp\/v2\/product\/474936","targetHints":{"allow":["GET"]}}],"collection":[{"href":"https:\/\/horgaszhely.hu\/hun\/wp-json\/wp\/v2\/product"}],"about":[{"href":"https:\/\/horgaszhely.hu\/hun\/wp-json\/wp\/v2\/types\/product"}],"wp:featuredmedia":[{"embeddable":true,"href":"https:\/\/horgaszhely.hu\/hun\/wp-json\/wp\/v2\/media\/474937"}],"wp:attachment":[{"href":"https:\/\/horgaszhely.hu\/hun\/wp-json\/wp\/v2\/media?parent=474936"}],"wp:term":[{"taxonomy":"product_brand","embeddable":true,"href":"https:\/\/horgaszhely.hu\/hun\/wp-json\/wp\/v2\/product_brand?post=474936"},{"taxonomy":"product_cat","embeddable":true,"href":"https:\/\/horgaszhely.hu\/hun\/wp-json\/wp\/v2\/product_cat?post=474936"},{"taxonomy":"product_tag","embeddable":true,"href":"https:\/\/horgaszhely.hu\/hun\/wp-json\/wp\/v2\/product_tag?post=474936"}],"curies":[{"name":"wp","href":"https:\/\/api.w.org\/{rel}","templated":true}]}}

Petrolkék baldachin Jabadabado

<p>Azt tervezi, hogy kisbabájának gyönyörű gyerekszobát alakít ki, ahol kellemesen érzi majd magát, és szívesen tartózkodik benne? A gyermekekre és fejlődésükre hatással vannak a tárgyak, amelyek körülveszik őket. Korai gyermekkoruktól kezdve hatnak rájuk a képek, amelyeket látnak, a hangok, amelyeket hallanak, és az érzések, amelyeket érzékelnek.Nagyon fontos, hogy a gyermek olyan tárgyakkal legyen körülvéve, amelyek támogatják a fejlődését, és biztonságérzetet, valamint nyugalmat teremtenek.A gyerekszobának menedékként kell szolgálnia, amikor a gyermekeknek erre szükségük van. Teremtsen számukra ilyen kuckót baldachinnal.A baldachin fedett teret hoz létre, amelyben a baba vagy a nagyobb gyermek biztonságban érzi magát. Leválasztja a szoba nagyobb részét, és elszigetel a zavaró ingerektől. Ezért alkalmas kiságy vagy ágy fölé, játszószőnyeghez vagy olvasófotelhez. Gyönyörű sátrat alakíthat ki vele a nagyobb gyermekek számára. A Jabadabado baldachin pamut és poliészter keverékéből készült. Egy egyszerű mennyezeti karikával a zsinórnál fogva rögzítheti a kiválasztott hely fölé. Finoman áttetsző, és mosógépben mosható.Hossz: 230 cmTisztítás: Mosógépben 30 fokon mosható.</p>

<p>Azt tervezi, hogy kisbabájának gyönyörű gyerekszobát alakít ki, ahol kellemesen érzi majd magát, és szívesen tartózkodik benne? A gyermekekre és fejlődésükre hatással vannak a tárgyak, amelyek körülveszik őket. Korai gyermekkoruktól kezdve hatnak rájuk a képek, amelyeket látnak, a hangok, amelyeket hallanak, és az érzések, amelyeket érzékelnek.Nagyon fontos, hogy a gyermek olyan tárgyakkal legyen körülvéve, amelyek támogatják a fejlődését, [&hellip;]</p>
