{"id":474947,"date":"2026-08-24T10:36:27","date_gmt":"2026-08-24T08:36:27","guid":{"rendered":"https:\/\/horgaszhely.hu\/hun\/termek\/cottonsweets-fawn-pamut-furdolepedo-ujszulotteknek-80x80-vanilla\/"},"modified":"2026-08-24T10:36:28","modified_gmt":"2026-08-24T08:36:28","slug":"cottonsweets-fawn-pamut-furdolepedo-ujszulotteknek-80x80-vanilla","status":"publish","type":"product","link":"https:\/\/horgaszhely.hu\/hun\/termek\/cottonsweets-fawn-pamut-furdolepedo-ujszulotteknek-80x80-vanilla\/","title":{"rendered":"Cotton&#038;Sweets Fawn pamut f\u00fcrd\u0151leped\u0151 \u00fajsz\u00fcl\u00f6tteknek 80&#215;80 &#8211; Vanilla"},"content":{"rendered":"<p>A pr\u00e9mium min\u0151s\u00e9g\u0171 anyag antibakteri\u00e1lis \u00e9s antiallerg\u00e9n tulajdons\u00e1gokat biztos\u00edt.A f\u00fcrd\u0151leped\u0151 bels\u0151 oldala sim\u00e1bb \u00e9s b\u00e1rsonyos, \u00edgy gyeng\u00e9den k\u00f6r\u00fcl\u00f6leli a kisbab\u00e1t. A t\u00f6r\u00f6lk\u00f6z\u0151 k\u00fcls\u0151 oldala kiv\u00e1l\u00f3 min\u0151s\u00e9g\u0171, hurkolt sz\u00f6v\u00e9s\u0171 frott\u00edr. A frott\u00edrpamut rendk\u00edv\u00fcl magas gramms\u00falya (480g\/m2) kiv\u00e1l\u00f3 nedvsz\u00edv\u00f3 k\u00e9pess\u00e9get biztos\u00edt.A f\u00fcrd\u0151leped\u0151 n\u00e9gyzet alak\u00fa form\u00e1ja \u00e9s a sark\u00e1ba varrt praktikus kapucni k\u00e9nyelmes megold\u00e1s, amely kellemesebb\u00e9 teszi az \u00d6n f\u00fcrdet\u00e9si rutinj\u00e1t.A f\u00fcrd\u0151leped\u0151t finom csipke d\u00edsz\u00edti, a kapucnit pedig ikonikus minta teszi m\u00e9g k\u00fcl\u00f6nlegesebb\u00e9.\u00d6sszet\u00e9tel : 100% pamutKapucni: 100% pamutCsipke 100% pamutGramms\u00faly: \u00a0480 g\/m2\u00a0K\u00e9toldalas pamutfrott\u00edr I. oszt\u00e1ly\u00fa OEKO-TEX tan\u00fas\u00edtv\u00e1nnyalAz \u00fajsz\u00fcl\u00f6tteknek k\u00e9sz\u00fclt t\u00f6r\u00f6lk\u00f6z\u0151ket biztons\u00e1gos, OEKO-TEX tan\u00fas\u00edtv\u00e1nnyal rendelkez\u0151 anyagokb\u00f3l k\u00e9zzel varrj\u00e1k<\/p>\n","protected":false},"excerpt":{"rendered":"<p>A pr\u00e9mium min\u0151s\u00e9g\u0171 anyag antibakteri\u00e1lis \u00e9s antiallerg\u00e9n tulajdons\u00e1gokat biztos\u00edt.A f\u00fcrd\u0151leped\u0151 bels\u0151 oldala sim\u00e1bb \u00e9s b\u00e1rsonyos, \u00edgy gyeng\u00e9den k\u00f6r\u00fcl\u00f6leli a kisbab\u00e1t. A t\u00f6r\u00f6lk\u00f6z\u0151 k\u00fcls\u0151 oldala kiv\u00e1l\u00f3 min\u0151s\u00e9g\u0171, hurkolt sz\u00f6v\u00e9s\u0171 frott\u00edr. A frott\u00edrpamut rendk\u00edv\u00fcl magas gramms\u00falya (480g\/m2) kiv\u00e1l\u00f3 nedvsz\u00edv\u00f3 k\u00e9pess\u00e9get biztos\u00edt.A f\u00fcrd\u0151leped\u0151 n\u00e9gyzet alak\u00fa form\u00e1ja \u00e9s a sark\u00e1ba varrt praktikus kapucni k\u00e9nyelmes megold\u00e1s, amely kellemesebb\u00e9 teszi az [&hellip;]<\/p>\n","protected":false},"featured_media":474948,"template":"","meta":{"_acf_changed":false},"product_brand":[],"product_cat":[62,3369],"product_tag":[],"class_list":["post-474947","product","type-product","status-publish","has-post-thumbnail","product_cat-ajandekotletek","product_cat-babaapolas-ajandekotletek","first","instock","product-type-external"],"acf":[],"_links":{"self":[{"href":"https:\/\/horgaszhely.hu\/hun\/wp-json\/wp\/v2\/product\/474947","targetHints":{"allow":["GET"]}}],"collection":[{"href":"https:\/\/horgaszhely.hu\/hun\/wp-json\/wp\/v2\/product"}],"about":[{"href":"https:\/\/horgaszhely.hu\/hun\/wp-json\/wp\/v2\/types\/product"}],"wp:featuredmedia":[{"embeddable":true,"href":"https:\/\/horgaszhely.hu\/hun\/wp-json\/wp\/v2\/media\/474948"}],"wp:attachment":[{"href":"https:\/\/horgaszhely.hu\/hun\/wp-json\/wp\/v2\/media?parent=474947"}],"wp:term":[{"taxonomy":"product_brand","embeddable":true,"href":"https:\/\/horgaszhely.hu\/hun\/wp-json\/wp\/v2\/product_brand?post=474947"},{"taxonomy":"product_cat","embeddable":true,"href":"https:\/\/horgaszhely.hu\/hun\/wp-json\/wp\/v2\/product_cat?post=474947"},{"taxonomy":"product_tag","embeddable":true,"href":"https:\/\/horgaszhely.hu\/hun\/wp-json\/wp\/v2\/product_tag?post=474947"}],"curies":[{"name":"wp","href":"https:\/\/api.w.org\/{rel}","templated":true}]}}

Cotton&#038;Sweets Fawn pamut fürdőlepedő újszülötteknek 80&#215;80 &#8211; Vanilla

<p>A prémium minőségű anyag antibakteriális és antiallergén tulajdonságokat biztosít.A fürdőlepedő belső oldala simább és bársonyos, így gyengéden körülöleli a kisbabát. A törölköző külső oldala kiváló minőségű, hurkolt szövésű frottír. A frottírpamut rendkívül magas grammsúlya (480g/m2) kiváló nedvszívó képességet biztosít.A fürdőlepedő négyzet alakú formája és a sarkába varrt praktikus kapucni kényelmes megoldás, amely kellemesebbé teszi az Ön fürdetési rutinját.A fürdőlepedőt finom csipke díszíti, a kapucnit pedig ikonikus minta teszi még különlegesebbé.Összetétel : 100% pamutKapucni: 100% pamutCsipke 100% pamutGrammsúly:  480 g/m2 Kétoldalas pamutfrottír I. osztályú OEKO-TEX tanúsítvánnyalAz újszülötteknek készült törölközőket biztonságos, OEKO-TEX tanúsítvánnyal rendelkező anyagokból kézzel varrják</p>

<p>A prémium minőségű anyag antibakteriális és antiallergén tulajdonságokat biztosít.A fürdőlepedő belső oldala simább és bársonyos, így gyengéden körülöleli a kisbabát. A törölköző külső oldala kiváló minőségű, hurkolt szövésű frottír. A frottírpamut rendkívül magas grammsúlya (480g/m2) kiváló nedvszívó képességet biztosít.A fürdőlepedő négyzet alakú formája és a sarkába varrt praktikus kapucni kényelmes megoldás, amely kellemesebbé teszi az [&hellip;]</p>
