{"id":474951,"date":"2026-08-24T10:36:32","date_gmt":"2026-08-24T08:36:32","guid":{"rendered":"https:\/\/horgaszhely.hu\/hun\/termek\/beaba-furdovizhomero\/"},"modified":"2026-08-24T10:36:33","modified_gmt":"2026-08-24T08:36:33","slug":"beaba-furdovizhomero","status":"publish","type":"product","link":"https:\/\/horgaszhely.hu\/hun\/termek\/beaba-furdovizhomero\/","title":{"rendered":"Beaba f\u00fcrd\u0151v\u00edzh\u0151m\u00e9r\u0151"},"content":{"rendered":"<p>A kisbab\u00e1k \u00e9s\u00a0gyermekek biztons\u00e1gos f\u00fcrdet\u00e9s\u00e9hez megfelel\u0151 v\u00edzh\u0151m\u00e9rs\u00e9kletre van sz\u00fcks\u00e9g. Ahhoz, hogy a f\u00fcrd\u00e9s kellemes legyen a baba sz\u00e1m\u00e1ra, a v\u00edz nem lehet sem t\u00fal hideg, sem t\u00fal forr\u00f3. A kisbab\u00e1k sz\u00e1m\u00e1ra megfelel\u0151 v\u00edzh\u0151m\u00e9rs\u00e9klet 36-37\u00b0C.A h\u0151m\u00e9rs\u00e9kletet biztons\u00e1gosan megm\u00e9rheti a Beaba f\u00fcrd\u0151v\u00edzh\u0151m\u00e9r\u0151vel. A h\u0151m\u00e9r\u0151 kell\u0151en nagy kijelz\u0151fel\u00fclettel rendelkezik, amelyen j\u00f3l l\u00e1that\u00f3 a h\u0151m\u00e9rs\u00e9klet. \u00dagy tervezt\u00e9k, hogy a v\u00edz felsz\u00edn\u00e9n lebegjen. Haszn\u00e1lat ut\u00e1n a k\u00e1d f\u00f6l\u00e9 akaszthatja, hogy lecsepegjen. A h\u0151m\u00e9r\u0151 lekerek\u00edtett sz\u00e9lekkel rendelkezik, \u00edgy akkor sem s\u00e9rti meg a gyermeket, ha j\u00e1tszani kezd vele.A h\u0151m\u00e9r\u0151 praktikus r\u00e9sze a babakelengy\u00e9nek.<\/p>\n","protected":false},"excerpt":{"rendered":"<p>A kisbab\u00e1k \u00e9s\u00a0gyermekek biztons\u00e1gos f\u00fcrdet\u00e9s\u00e9hez megfelel\u0151 v\u00edzh\u0151m\u00e9rs\u00e9kletre van sz\u00fcks\u00e9g. Ahhoz, hogy a f\u00fcrd\u00e9s kellemes legyen a baba sz\u00e1m\u00e1ra, a v\u00edz nem lehet sem t\u00fal hideg, sem t\u00fal forr\u00f3. A kisbab\u00e1k sz\u00e1m\u00e1ra megfelel\u0151 v\u00edzh\u0151m\u00e9rs\u00e9klet 36-37\u00b0C.A h\u0151m\u00e9rs\u00e9kletet biztons\u00e1gosan megm\u00e9rheti a Beaba f\u00fcrd\u0151v\u00edzh\u0151m\u00e9r\u0151vel. A h\u0151m\u00e9r\u0151 kell\u0151en nagy kijelz\u0151fel\u00fclettel rendelkezik, amelyen j\u00f3l l\u00e1that\u00f3 a h\u0151m\u00e9rs\u00e9klet. \u00dagy tervezt\u00e9k, hogy a [&hellip;]<\/p>\n","protected":false},"featured_media":474952,"template":"","meta":{"_acf_changed":false},"product_brand":[],"product_cat":[62,3369],"product_tag":[],"class_list":["post-474951","product","type-product","status-publish","has-post-thumbnail","product_cat-ajandekotletek","product_cat-babaapolas-ajandekotletek","first","instock","product-type-external"],"acf":[],"_links":{"self":[{"href":"https:\/\/horgaszhely.hu\/hun\/wp-json\/wp\/v2\/product\/474951","targetHints":{"allow":["GET"]}}],"collection":[{"href":"https:\/\/horgaszhely.hu\/hun\/wp-json\/wp\/v2\/product"}],"about":[{"href":"https:\/\/horgaszhely.hu\/hun\/wp-json\/wp\/v2\/types\/product"}],"wp:featuredmedia":[{"embeddable":true,"href":"https:\/\/horgaszhely.hu\/hun\/wp-json\/wp\/v2\/media\/474952"}],"wp:attachment":[{"href":"https:\/\/horgaszhely.hu\/hun\/wp-json\/wp\/v2\/media?parent=474951"}],"wp:term":[{"taxonomy":"product_brand","embeddable":true,"href":"https:\/\/horgaszhely.hu\/hun\/wp-json\/wp\/v2\/product_brand?post=474951"},{"taxonomy":"product_cat","embeddable":true,"href":"https:\/\/horgaszhely.hu\/hun\/wp-json\/wp\/v2\/product_cat?post=474951"},{"taxonomy":"product_tag","embeddable":true,"href":"https:\/\/horgaszhely.hu\/hun\/wp-json\/wp\/v2\/product_tag?post=474951"}],"curies":[{"name":"wp","href":"https:\/\/api.w.org\/{rel}","templated":true}]}}

Beaba fürdővízhőmérő

<p>A kisbabák és gyermekek biztonságos fürdetéséhez megfelelő vízhőmérsékletre van szükség. Ahhoz, hogy a fürdés kellemes legyen a baba számára, a víz nem lehet sem túl hideg, sem túl forró. A kisbabák számára megfelelő vízhőmérséklet 36-37°C.A hőmérsékletet biztonságosan megmérheti a Beaba fürdővízhőmérővel. A hőmérő kellően nagy kijelzőfelülettel rendelkezik, amelyen jól látható a hőmérséklet. Úgy tervezték, hogy a víz felszínén lebegjen. Használat után a kád fölé akaszthatja, hogy lecsepegjen. A hőmérő lekerekített szélekkel rendelkezik, így akkor sem sérti meg a gyermeket, ha játszani kezd vele.A hőmérő praktikus része a babakelengyének.</p>

<p>A kisbabák és gyermekek biztonságos fürdetéséhez megfelelő vízhőmérsékletre van szükség. Ahhoz, hogy a fürdés kellemes legyen a baba számára, a víz nem lehet sem túl hideg, sem túl forró. A kisbabák számára megfelelő vízhőmérséklet 36-37°C.A hőmérsékletet biztonságosan megmérheti a Beaba fürdővízhőmérővel. A hőmérő kellően nagy kijelzőfelülettel rendelkezik, amelyen jól látható a hőmérséklet. Úgy tervezték, hogy a [&hellip;]</p>
