{"id":474961,"date":"2026-08-24T10:36:42","date_gmt":"2026-08-24T08:36:42","guid":{"rendered":"https:\/\/horgaszhely.hu\/hun\/termek\/bebeconfort-emotion-potetetocumik-6m-2-db\/"},"modified":"2026-08-24T10:36:43","modified_gmt":"2026-08-24T08:36:43","slug":"bebeconfort-emotion-potetetocumik-6m-2-db","status":"publish","type":"product","link":"https:\/\/horgaszhely.hu\/hun\/termek\/bebeconfort-emotion-potetetocumik-6m-2-db\/","title":{"rendered":"Bebeconfort Emotion p\u00f3tetet\u0151cumik 6M+ (2 db)"},"content":{"rendered":"<p>A szilikon etet\u0151cumi, a Bebeconfort Emotion form\u00e1j\u00e1val \u00e9s tulajdons\u00e1gaival az anyamellet id\u00e9zi. \u00cdgy a gyermek szinte alig \u00e9rz\u00e9keli a k\u00fcl\u00f6nbs\u00e9get a szoptat\u00e1s \u00e9s a cumis\u00fcvegb\u0151l t\u00f6rt\u00e9n\u0151 etet\u00e9s k\u00f6z\u00f6tt. Az etet\u0151cumi sz\u00e9l\u00e9n tal\u00e1lhat\u00f3 kett\u0151s szell\u0151z\u0151rendszer finoman biztos\u00edtja a leveg\u0151 t\u00e1voz\u00e1s\u00e1t a cumis\u00fcvegb\u0151l, ez\u00e1ltal lehet\u0151v\u00e9 teszi a folyad\u00e9k egyenletes sz\u00edv\u00e1s\u00e1t, \u00e9s egyben cs\u00f6kkenti a hasi k\u00f3lika kock\u00e1zat\u00e1t.A v\u00e1ltoztathat\u00f3 \u00e1tfoly\u00e1s\u00fa etet\u0151cumi 6 h\u00f3napos kort\u00f3l aj\u00e1nlott. A cumis\u00fcveg elford\u00edt\u00e1s\u00e1val k\u00f6zepes \u00e9s gyors szint k\u00f6z\u00f6tt \u00e1ll\u00edthatja be a tej \u00e1tfoly\u00e1si sebess\u00e9g\u00e9t.Nem tartalmaz biszfenol A-t.<\/p>\n","protected":false},"excerpt":{"rendered":"<p>A szilikon etet\u0151cumi, a Bebeconfort Emotion form\u00e1j\u00e1val \u00e9s tulajdons\u00e1gaival az anyamellet id\u00e9zi. \u00cdgy a gyermek szinte alig \u00e9rz\u00e9keli a k\u00fcl\u00f6nbs\u00e9get a szoptat\u00e1s \u00e9s a cumis\u00fcvegb\u0151l t\u00f6rt\u00e9n\u0151 etet\u00e9s k\u00f6z\u00f6tt. Az etet\u0151cumi sz\u00e9l\u00e9n tal\u00e1lhat\u00f3 kett\u0151s szell\u0151z\u0151rendszer finoman biztos\u00edtja a leveg\u0151 t\u00e1voz\u00e1s\u00e1t a cumis\u00fcvegb\u0151l, ez\u00e1ltal lehet\u0151v\u00e9 teszi a folyad\u00e9k egyenletes sz\u00edv\u00e1s\u00e1t, \u00e9s egyben cs\u00f6kkenti a hasi k\u00f3lika kock\u00e1zat\u00e1t.A [&hellip;]<\/p>\n","protected":false},"featured_media":474962,"template":"","meta":{"_acf_changed":false},"product_brand":[],"product_cat":[62,3369],"product_tag":[],"class_list":["post-474961","product","type-product","status-publish","has-post-thumbnail","product_cat-ajandekotletek","product_cat-babaapolas-ajandekotletek","first","instock","product-type-external"],"acf":[],"_links":{"self":[{"href":"https:\/\/horgaszhely.hu\/hun\/wp-json\/wp\/v2\/product\/474961","targetHints":{"allow":["GET"]}}],"collection":[{"href":"https:\/\/horgaszhely.hu\/hun\/wp-json\/wp\/v2\/product"}],"about":[{"href":"https:\/\/horgaszhely.hu\/hun\/wp-json\/wp\/v2\/types\/product"}],"wp:featuredmedia":[{"embeddable":true,"href":"https:\/\/horgaszhely.hu\/hun\/wp-json\/wp\/v2\/media\/474962"}],"wp:attachment":[{"href":"https:\/\/horgaszhely.hu\/hun\/wp-json\/wp\/v2\/media?parent=474961"}],"wp:term":[{"taxonomy":"product_brand","embeddable":true,"href":"https:\/\/horgaszhely.hu\/hun\/wp-json\/wp\/v2\/product_brand?post=474961"},{"taxonomy":"product_cat","embeddable":true,"href":"https:\/\/horgaszhely.hu\/hun\/wp-json\/wp\/v2\/product_cat?post=474961"},{"taxonomy":"product_tag","embeddable":true,"href":"https:\/\/horgaszhely.hu\/hun\/wp-json\/wp\/v2\/product_tag?post=474961"}],"curies":[{"name":"wp","href":"https:\/\/api.w.org\/{rel}","templated":true}]}}

Bebeconfort Emotion pótetetőcumik 6M+ (2 db)

<p>A szilikon etetőcumi, a Bebeconfort Emotion formájával és tulajdonságaival az anyamellet idézi. Így a gyermek szinte alig érzékeli a különbséget a szoptatás és a cumisüvegből történő etetés között. Az etetőcumi szélén található kettős szellőzőrendszer finoman biztosítja a levegő távozását a cumisüvegből, ezáltal lehetővé teszi a folyadék egyenletes szívását, és egyben csökkenti a hasi kólika kockázatát.A változtatható átfolyású etetőcumi 6 hónapos kortól ajánlott. A cumisüveg elfordításával közepes és gyors szint között állíthatja be a tej átfolyási sebességét.Nem tartalmaz biszfenol A-t.</p>

<p>A szilikon etetőcumi, a Bebeconfort Emotion formájával és tulajdonságaival az anyamellet idézi. Így a gyermek szinte alig érzékeli a különbséget a szoptatás és a cumisüvegből történő etetés között. Az etetőcumi szélén található kettős szellőzőrendszer finoman biztosítja a levegő távozását a cumisüvegből, ezáltal lehetővé teszi a folyadék egyenletes szívását, és egyben csökkenti a hasi kólika kockázatát.A [&hellip;]</p>
