{"id":474967,"date":"2026-08-24T10:36:48","date_gmt":"2026-08-24T08:36:48","guid":{"rendered":"https:\/\/horgaszhely.hu\/hun\/termek\/bebeconfort-emotion-physio-cumisuveg-szett-270ml-0-12m-white-2db-adagolo\/"},"modified":"2026-08-24T10:36:49","modified_gmt":"2026-08-24T08:36:49","slug":"bebeconfort-emotion-physio-cumisuveg-szett-270ml-0-12m-white-2db-adagolo","status":"publish","type":"product","link":"https:\/\/horgaszhely.hu\/hun\/termek\/bebeconfort-emotion-physio-cumisuveg-szett-270ml-0-12m-white-2db-adagolo\/","title":{"rendered":"Bebeconfort Emotion Physio cumis\u00fcveg szett 270ml (0-12m) white 2db + adagol\u00f3"},"content":{"rendered":"<p>Bemutatjuk \u00d6nnek az eleg\u00e1ns kivitel\u0171 Bebeconfort Emotion Physio 270ml (0-12m) cumis\u00fcveg szettet, amely nemcsak k\u00e9t cumis\u00fcveget, hanem egy praktikus t\u00e1pszeradagol\u00f3t is tartalmaz. Ezzel a k\u00e9szlettel minden helyzetre felk\u00e9sz\u00fclhet, amikor kisbab\u00e1j\u00e1nak min\u0151s\u00e9gi \u00e9s k\u00e9nyelmes etet\u00e9sre van sz\u00fcks\u00e9ge.A Bebeconfort Emotion Physio cumis\u00fcveg egyedi, fiziol\u00f3gi\u00e1s form\u00e1j\u00fa szilikon etet\u0151cumija biztos\u00edtja, hogy gyermeke szinte ne \u00e9rezzen k\u00fcl\u00f6nbs\u00e9get a szoptat\u00e1s \u00e9s a cumis\u00fcvegb\u0151l t\u00f6rt\u00e9n\u0151 t\u00e1pl\u00e1l\u00e1s k\u00f6z\u00f6tt. Az etet\u0151cumi sz\u00e9l\u00e9n tal\u00e1lhat\u00f3 kett\u0151s szell\u0151z\u0151rendszerrel ell\u00e1tott hasf\u00e1j\u00e1s elleni kialak\u00edt\u00e1s minim\u00e1lisra cs\u00f6kkenti a hasf\u00e1j\u00e1s kock\u00e1zat\u00e1t, \u00e9s egyenletes folyad\u00e9k\u00e1raml\u00e1st biztos\u00edt. Az eredeti Easy Clip z\u00e1r\u00f3rendszer biztons\u00e1gos lez\u00e1r\u00e1st garant\u00e1l, sziv\u00e1rg\u00e1svesz\u00e9ly n\u00e9lk\u00fcl.A cumis\u00fcveg ergonomikus form\u00e1ja egyszer\u0171 fog\u00e1st tesz lehet\u0151v\u00e9 etet\u00e9s k\u00f6zben, m\u00edg a kupak meg\u00f3vja az etet\u0151cumi tisztas\u00e1g\u00e1t sz\u00e1ll\u00edt\u00e1s \u00e9s t\u00e1rol\u00e1s sor\u00e1n. A sz\u00e9les nyak megk\u00f6nny\u00edti a cumis\u00fcveg felt\u00f6lt\u00e9s\u00e9t \u00e9s tiszt\u00edt\u00e1s\u00e1t. Minden cumis\u00fcveg k\u00f6zepes \u00e1tfoly\u00e1s\u00fa etet\u0151cumival \u00e9rkezik, a csere etet\u0151cumik pedig k\u00fcl\u00f6n is megv\u00e1s\u00e1rolhat\u00f3k.A szett r\u00e9sze egy praktikus, h\u00e1rom adag t\u00e1pszer t\u00e1rol\u00e1s\u00e1ra alkalmas tart\u00e1ly is, amely ide\u00e1lis utaz\u00e1shoz \u00e9s \u00e9jszakai haszn\u00e1lathoz egyar\u00e1nt. A tart\u00e1ly lehet\u0151v\u00e9 teszi a v\u00edz \u00e9s a t\u00e1pszerpor elk\u00fcl\u00f6n\u00edtett t\u00e1rol\u00e1s\u00e1t, \u00edgy az \u00e9telt k\u00f6zvetlen\u00fcl a felhaszn\u00e1l\u00e1s el\u0151tt k\u00e9sz\u00edtheti el. A csavaros illeszt\u00e9sek \u00e9s csavaros fedelek rendszere higi\u00e9nikus \u00e9s biztons\u00e1gos t\u00e1rol\u00e1st biztos\u00edt, a t\u00e1pszerpor kisz\u00f3r\u00f3d\u00e1s\u00e1nak vesz\u00e9lye n\u00e9lk\u00fcl.A legfontosabb pedig, hogy a cumis\u00fcvegek \u00e9s az adagol\u00f3 egyar\u00e1nt biztons\u00e1gosak gyermeke sz\u00e1m\u00e1ra, mivel nem tartalmaznak biszfenol A-t.Ez a Bebeconfort Emotion Physio cumis\u00fcveg szett m\u00e1r sz\u00fclet\u00e9st\u0151l alkalmas a gyermekek sz\u00e1m\u00e1ra, \u00e9s nemcsak k\u00e9nyelmes etet\u00e9st, hanem nyugalmat \u00e9s biztons\u00e1got is ny\u00fajt a sz\u00fcl\u0151knek.<\/p>\n","protected":false},"excerpt":{"rendered":"<p>Bemutatjuk \u00d6nnek az eleg\u00e1ns kivitel\u0171 Bebeconfort Emotion Physio 270ml (0-12m) cumis\u00fcveg szettet, amely nemcsak k\u00e9t cumis\u00fcveget, hanem egy praktikus t\u00e1pszeradagol\u00f3t is tartalmaz. Ezzel a k\u00e9szlettel minden helyzetre felk\u00e9sz\u00fclhet, amikor kisbab\u00e1j\u00e1nak min\u0151s\u00e9gi \u00e9s k\u00e9nyelmes etet\u00e9sre van sz\u00fcks\u00e9ge.A Bebeconfort Emotion Physio cumis\u00fcveg egyedi, fiziol\u00f3gi\u00e1s form\u00e1j\u00fa szilikon etet\u0151cumija biztos\u00edtja, hogy gyermeke szinte ne \u00e9rezzen k\u00fcl\u00f6nbs\u00e9get a szoptat\u00e1s \u00e9s [&hellip;]<\/p>\n","protected":false},"featured_media":474968,"template":"","meta":{"_acf_changed":false},"product_brand":[],"product_cat":[62,3369],"product_tag":[],"class_list":["post-474967","product","type-product","status-publish","has-post-thumbnail","product_cat-ajandekotletek","product_cat-babaapolas-ajandekotletek","first","instock","product-type-external"],"acf":[],"_links":{"self":[{"href":"https:\/\/horgaszhely.hu\/hun\/wp-json\/wp\/v2\/product\/474967","targetHints":{"allow":["GET"]}}],"collection":[{"href":"https:\/\/horgaszhely.hu\/hun\/wp-json\/wp\/v2\/product"}],"about":[{"href":"https:\/\/horgaszhely.hu\/hun\/wp-json\/wp\/v2\/types\/product"}],"wp:featuredmedia":[{"embeddable":true,"href":"https:\/\/horgaszhely.hu\/hun\/wp-json\/wp\/v2\/media\/474968"}],"wp:attachment":[{"href":"https:\/\/horgaszhely.hu\/hun\/wp-json\/wp\/v2\/media?parent=474967"}],"wp:term":[{"taxonomy":"product_brand","embeddable":true,"href":"https:\/\/horgaszhely.hu\/hun\/wp-json\/wp\/v2\/product_brand?post=474967"},{"taxonomy":"product_cat","embeddable":true,"href":"https:\/\/horgaszhely.hu\/hun\/wp-json\/wp\/v2\/product_cat?post=474967"},{"taxonomy":"product_tag","embeddable":true,"href":"https:\/\/horgaszhely.hu\/hun\/wp-json\/wp\/v2\/product_tag?post=474967"}],"curies":[{"name":"wp","href":"https:\/\/api.w.org\/{rel}","templated":true}]}}

Bebeconfort Emotion Physio cumisüveg szett 270ml (0-12m) white 2db + adagoló

<p>Bemutatjuk Önnek az elegáns kivitelű Bebeconfort Emotion Physio 270ml (0-12m) cumisüveg szettet, amely nemcsak két cumisüveget, hanem egy praktikus tápszeradagolót is tartalmaz. Ezzel a készlettel minden helyzetre felkészülhet, amikor kisbabájának minőségi és kényelmes etetésre van szüksége.A Bebeconfort Emotion Physio cumisüveg egyedi, fiziológiás formájú szilikon etetőcumija biztosítja, hogy gyermeke szinte ne érezzen különbséget a szoptatás és a cumisüvegből történő táplálás között. Az etetőcumi szélén található kettős szellőzőrendszerrel ellátott hasfájás elleni kialakítás minimálisra csökkenti a hasfájás kockázatát, és egyenletes folyadékáramlást biztosít. Az eredeti Easy Clip zárórendszer biztonságos lezárást garantál, szivárgásveszély nélkül.A cumisüveg ergonomikus formája egyszerű fogást tesz lehetővé etetés közben, míg a kupak megóvja az etetőcumi tisztaságát szállítás és tárolás során. A széles nyak megkönnyíti a cumisüveg feltöltését és tisztítását. Minden cumisüveg közepes átfolyású etetőcumival érkezik, a csere etetőcumik pedig külön is megvásárolhatók.A szett része egy praktikus, három adag tápszer tárolására alkalmas tartály is, amely ideális utazáshoz és éjszakai használathoz egyaránt. A tartály lehetővé teszi a víz és a tápszerpor elkülönített tárolását, így az ételt közvetlenül a felhasználás előtt készítheti el. A csavaros illesztések és csavaros fedelek rendszere higiénikus és biztonságos tárolást biztosít, a tápszerpor kiszóródásának veszélye nélkül.A legfontosabb pedig, hogy a cumisüvegek és az adagoló egyaránt biztonságosak gyermeke számára, mivel nem tartalmaznak biszfenol A-t.Ez a Bebeconfort Emotion Physio cumisüveg szett már születéstől alkalmas a gyermekek számára, és nemcsak kényelmes etetést, hanem nyugalmat és biztonságot is nyújt a szülőknek.</p>

<p>Bemutatjuk Önnek az elegáns kivitelű Bebeconfort Emotion Physio 270ml (0-12m) cumisüveg szettet, amely nemcsak két cumisüveget, hanem egy praktikus tápszeradagolót is tartalmaz. Ezzel a készlettel minden helyzetre felkészülhet, amikor kisbabájának minőségi és kényelmes etetésre van szüksége.A Bebeconfort Emotion Physio cumisüveg egyedi, fiziológiás formájú szilikon etetőcumija biztosítja, hogy gyermeke szinte ne érezzen különbséget a szoptatás és [&hellip;]</p>
