{"id":474985,"date":"2026-08-24T10:37:06","date_gmt":"2026-08-24T08:37:06","guid":{"rendered":"https:\/\/horgaszhely.hu\/hun\/termek\/bibs-muszlin-agynemuhuzat-bio-pamutbol-sage\/"},"modified":"2026-08-24T10:37:07","modified_gmt":"2026-08-24T08:37:07","slug":"bibs-muszlin-agynemuhuzat-bio-pamutbol-sage","status":"publish","type":"product","link":"https:\/\/horgaszhely.hu\/hun\/termek\/bibs-muszlin-agynemuhuzat-bio-pamutbol-sage\/","title":{"rendered":"BIBS muszlin \u00e1gynem\u0171huzat BIO pamutb\u00f3l &#8211; Sage"},"content":{"rendered":"<p>A BIBS egy n\u00e9pszer\u0171 d\u00e1n m\u00e1rka, amely 1978 \u00f3ta gy\u00e1rt ikonikus cumikat. A cumik mellett a BIBS v\u00e1ltozatos, pr\u00e9mium term\u00e9kk\u00edn\u00e1latot is ny\u00fajt a legkisebb gyermekek sz\u00e1m\u00e1ra, minimalista skandin\u00e1v diz\u00e1jnnal \u00e9s sz\u00e9les sz\u00ednpalett\u00e1val.A BIBS muszlin \u00e1gynem\u0171huzat 100% GOTS tan\u00fas\u00edtv\u00e1nnyal rendelkez\u0151 biopamutb\u00f3l k\u00e9sz\u00fcl, amely garant\u00e1lja a k\u00f6rnyezetbar\u00e1t term\u00e9k legmagasabb min\u0151s\u00e9g\u00e9t.A BIBS gyermek\u00e1gynem\u0171 term\u00e9szetes r\u00e9sze a jellegzetes skandin\u00e1v minimalista diz\u00e1jn, amelyben minden r\u00e9szlet t\u00f6k\u00e9letesen kidolgozott. A d\u00e1n m\u00e1rka elmaradhatatlan mot\u00edvuma az aranyos sz\u00edv, amely az \u00e1gynem\u0171huzatr\u00f3l sem hi\u00e1nyozhat. Sz\u00e9p diz\u00e1jnelem a felt\u0171n\u0151 szeg\u00e9ly is, amely haszn\u00e1lat \u00e9s mos\u00e1s k\u00f6zben n\u00f6veli az anyag tart\u00f3ss\u00e1g\u00e1t. A huzat felhelyez\u00e9s\u00e9t praktikus, kiv\u00e1l\u00f3 min\u0151s\u00e9g\u0171 cipz\u00e1r k\u00f6nny\u00edti meg.\u00a0Az \u00e1gynem\u0171huzat-szett a huzattal azonos sz\u00edn\u0171 muszlin tasakba van csomagolva.M\u00e9retek : P\u00e1rnahuzat : 40 x 45cm, Paplanhuzat: 70 x 100cm, Muszlin tasak: 20 x 22cm\u00d6sszet\u00e9tel: 100% organikus BIO pamutKezel\u00e9s : Mos\u00f3g\u00e9pben 30\u00b0C-on, k\u00edm\u00e9l\u0151 programon moshat\u00f3.\u00a0Nem vasalhat\u00f3, mert a muszlin gy\u0171rt hat\u00e1sa elt\u0171nne.\u00a0Vegyileg\u00a0nem tiszt\u00edthat\u00f3, sz\u00e1r\u00edt\u00f3g\u00e9pben nem sz\u00e1r\u00edthat\u00f3. Min\u00e9l t\u00f6bbsz\u00f6r moss\u00e1k a muszlint, ann\u00e1l puh\u00e1bb\u00e1 v\u00e1lik, \u00e9s ann\u00e1l t\u00f6bb nedvess\u00e9get k\u00e9pes felsz\u00edvni.A gy\u0171rt muszlin el\u0151mosott, puha \u00e9s l\u00e9g\u00e1tereszt\u0151. Anyags\u0171r\u0171s\u00e9g\u00e9nek k\u00f6sz\u00f6nhet\u0151en ugyanakkor tart\u00f3s, \u00e9s gyakori haszn\u00e1lat, illetve mos\u00e1s mellett sem vesz\u00edti el az alakj\u00e1t. A felhaszn\u00e1lt anyag min\u0151s\u00e9ge m\u00e1r az els\u0151 \u00e9rint\u00e9skor \u00e9rezhet\u0151. A muszlin ugyanis a legpuh\u00e1bb pamutsz\u00f6vet, amely minden mos\u00e1ssal m\u00e9g finomabb\u00e1 v\u00e1lik, \u00e9s rendk\u00edv\u00fcl kellemesen \u00e9rintkezik a baba \u00e9rz\u00e9keny b\u0151r\u00e9vel.GOTS tan\u00fas\u00edtv\u00e1ny \u2013 Global Organic Textile Standard. Megfelel a k\u00f6rnyezetbar\u00e1t feldolgoz\u00e1sra, gy\u00e1rt\u00e1sra, csomagol\u00e1sra, c\u00edmk\u00e9z\u00e9sre, kereskedelemre \u00e9s forgalmaz\u00e1sra vonatkoz\u00f3 szigor\u00fa k\u00f6vetelm\u00e9nyeknek.<\/p>\n","protected":false},"excerpt":{"rendered":"<p>A BIBS egy n\u00e9pszer\u0171 d\u00e1n m\u00e1rka, amely 1978 \u00f3ta gy\u00e1rt ikonikus cumikat. A cumik mellett a BIBS v\u00e1ltozatos, pr\u00e9mium term\u00e9kk\u00edn\u00e1latot is ny\u00fajt a legkisebb gyermekek sz\u00e1m\u00e1ra, minimalista skandin\u00e1v diz\u00e1jnnal \u00e9s sz\u00e9les sz\u00ednpalett\u00e1val.A BIBS muszlin \u00e1gynem\u0171huzat 100% GOTS tan\u00fas\u00edtv\u00e1nnyal rendelkez\u0151 biopamutb\u00f3l k\u00e9sz\u00fcl, amely garant\u00e1lja a k\u00f6rnyezetbar\u00e1t term\u00e9k legmagasabb min\u0151s\u00e9g\u00e9t.A BIBS gyermek\u00e1gynem\u0171 term\u00e9szetes r\u00e9sze a jellegzetes skandin\u00e1v [&hellip;]<\/p>\n","protected":false},"featured_media":474986,"template":"","meta":{"_acf_changed":false},"product_brand":[],"product_cat":[62,3369],"product_tag":[],"class_list":["post-474985","product","type-product","status-publish","has-post-thumbnail","product_cat-ajandekotletek","product_cat-babaapolas-ajandekotletek","first","instock","product-type-external"],"acf":[],"_links":{"self":[{"href":"https:\/\/horgaszhely.hu\/hun\/wp-json\/wp\/v2\/product\/474985","targetHints":{"allow":["GET"]}}],"collection":[{"href":"https:\/\/horgaszhely.hu\/hun\/wp-json\/wp\/v2\/product"}],"about":[{"href":"https:\/\/horgaszhely.hu\/hun\/wp-json\/wp\/v2\/types\/product"}],"wp:featuredmedia":[{"embeddable":true,"href":"https:\/\/horgaszhely.hu\/hun\/wp-json\/wp\/v2\/media\/474986"}],"wp:attachment":[{"href":"https:\/\/horgaszhely.hu\/hun\/wp-json\/wp\/v2\/media?parent=474985"}],"wp:term":[{"taxonomy":"product_brand","embeddable":true,"href":"https:\/\/horgaszhely.hu\/hun\/wp-json\/wp\/v2\/product_brand?post=474985"},{"taxonomy":"product_cat","embeddable":true,"href":"https:\/\/horgaszhely.hu\/hun\/wp-json\/wp\/v2\/product_cat?post=474985"},{"taxonomy":"product_tag","embeddable":true,"href":"https:\/\/horgaszhely.hu\/hun\/wp-json\/wp\/v2\/product_tag?post=474985"}],"curies":[{"name":"wp","href":"https:\/\/api.w.org\/{rel}","templated":true}]}}

BIBS muszlin ágyneműhuzat BIO pamutból &#8211; Sage

<p>A BIBS egy népszerű dán márka, amely 1978 óta gyárt ikonikus cumikat. A cumik mellett a BIBS változatos, prémium termékkínálatot is nyújt a legkisebb gyermekek számára, minimalista skandináv dizájnnal és széles színpalettával.A BIBS muszlin ágyneműhuzat 100% GOTS tanúsítvánnyal rendelkező biopamutból készül, amely garantálja a környezetbarát termék legmagasabb minőségét.A BIBS gyermekágynemű természetes része a jellegzetes skandináv minimalista dizájn, amelyben minden részlet tökéletesen kidolgozott. A dán márka elmaradhatatlan motívuma az aranyos szív, amely az ágyneműhuzatról sem hiányozhat. Szép dizájnelem a feltűnő szegély is, amely használat és mosás közben növeli az anyag tartósságát. A huzat felhelyezését praktikus, kiváló minőségű cipzár könnyíti meg. Az ágyneműhuzat-szett a huzattal azonos színű muszlin tasakba van csomagolva.Méretek : Párnahuzat : 40 x 45cm, Paplanhuzat: 70 x 100cm, Muszlin tasak: 20 x 22cmÖsszetétel: 100% organikus BIO pamutKezelés : Mosógépben 30°C-on, kímélő programon mosható. Nem vasalható, mert a muszlin gyűrt hatása eltűnne. Vegyileg nem tisztítható, szárítógépben nem szárítható. Minél többször mossák a muszlint, annál puhábbá válik, és annál több nedvességet képes felszívni.A gyűrt muszlin előmosott, puha és légáteresztő. Anyagsűrűségének köszönhetően ugyanakkor tartós, és gyakori használat, illetve mosás mellett sem veszíti el az alakját. A felhasznált anyag minősége már az első érintéskor érezhető. A muszlin ugyanis a legpuhább pamutszövet, amely minden mosással még finomabbá válik, és rendkívül kellemesen érintkezik a baba érzékeny bőrével.GOTS tanúsítvány – Global Organic Textile Standard. Megfelel a környezetbarát feldolgozásra, gyártásra, csomagolásra, címkézésre, kereskedelemre és forgalmazásra vonatkozó szigorú követelményeknek.</p>

<p>A BIBS egy népszerű dán márka, amely 1978 óta gyárt ikonikus cumikat. A cumik mellett a BIBS változatos, prémium termékkínálatot is nyújt a legkisebb gyermekek számára, minimalista skandináv dizájnnal és széles színpalettával.A BIBS muszlin ágyneműhuzat 100% GOTS tanúsítvánnyal rendelkező biopamutból készül, amely garantálja a környezetbarát termék legmagasabb minőségét.A BIBS gyermekágynemű természetes része a jellegzetes skandináv [&hellip;]</p>
