{"id":475017,"date":"2026-08-24T10:37:49","date_gmt":"2026-08-24T08:37:49","guid":{"rendered":"https:\/\/horgaszhely.hu\/hun\/termek\/cottonsweets-feher-lepedo-70-x-140\/"},"modified":"2026-08-24T10:37:55","modified_gmt":"2026-08-24T08:37:55","slug":"cottonsweets-feher-lepedo-70-x-140","status":"publish","type":"product","link":"https:\/\/horgaszhely.hu\/hun\/termek\/cottonsweets-feher-lepedo-70-x-140\/","title":{"rendered":"Cotton&#038;Sweets feh\u00e9r leped\u0151 (70 x 140)"},"content":{"rendered":"<p>A Cotton&#038;Sweets \u00e1gyleped\u0151 \u00a0\u2013 a leped\u0151 a legkiv\u00e1l\u00f3bb min\u0151s\u00e9g\u0171 pamutanyagb\u00f3l k\u00e9sz\u00fclt. Alkalmas a legkisebb gyermekek sz\u00e1m\u00e1ra. Ennek az anyagnak k\u00f6sz\u00f6nhet\u0151en nem okoz allergi\u00e1s reakci\u00f3kat. Az \u00e1gyleped\u0151 er\u0151s, tart\u00f3s, m\u00e9gis puha a gyermek b\u0151r\u00e9hez.Az \u00e1gyleped\u0151 v\u00e9di a matracot a szennyez\u0151d\u00e9sekt\u0151l \u00e9s\u00a0a s\u00e9r\u00fcl\u00e9sekt\u0151l. A feh\u00e9r sz\u00edn univerz\u00e1lis kisl\u00e1nyok \u00e9s\u00a0kisfi\u00fak szob\u00e1j\u00e1ba is. Semleges, ez\u00e9rt b\u00e1rmilyen \u00e1gynem\u0171h\u00f6z illik.A leped\u0151 sz\u00e9lein gumis r\u00e9sz tal\u00e1lhat\u00f3, amely a hely\u00e9n tartja, \u00e9s\u00a0megakad\u00e1lyozza az elcs\u00fasz\u00e1st. A gumis r\u00e9sz feszesen tartja a leped\u0151t, \u00edgy k\u00e9nyelmes alv\u00e1st biztos\u00edt. K\u00f6nnyen karbantarthat\u00f3 \u00e9s\u00a0egyszer\u0171en felh\u00fazhat\u00f3 a matracra.A leped\u0151 m\u00e9rete: 70 x 140 cmA leped\u0151 100% pamutb\u00f3l k\u00e9sz\u00fclt. A term\u00e9k OEKO-TEX 100 \u2013 1. oszt\u00e1ly tan\u00fas\u00edtv\u00e1nnyal rendelkezik, ami azt jelenti, hogy sz\u00fclet\u00e9st\u0151l alkalmas gyermekek sz\u00e1m\u00e1ra.\u00a0<\/p>\n","protected":false},"excerpt":{"rendered":"<p>A Cotton&#038;Sweets \u00e1gyleped\u0151 \u00a0\u2013 a leped\u0151 a legkiv\u00e1l\u00f3bb min\u0151s\u00e9g\u0171 pamutanyagb\u00f3l k\u00e9sz\u00fclt. Alkalmas a legkisebb gyermekek sz\u00e1m\u00e1ra. Ennek az anyagnak k\u00f6sz\u00f6nhet\u0151en nem okoz allergi\u00e1s reakci\u00f3kat. Az \u00e1gyleped\u0151 er\u0151s, tart\u00f3s, m\u00e9gis puha a gyermek b\u0151r\u00e9hez.Az \u00e1gyleped\u0151 v\u00e9di a matracot a szennyez\u0151d\u00e9sekt\u0151l \u00e9s\u00a0a s\u00e9r\u00fcl\u00e9sekt\u0151l. A feh\u00e9r sz\u00edn univerz\u00e1lis kisl\u00e1nyok \u00e9s\u00a0kisfi\u00fak szob\u00e1j\u00e1ba is. Semleges, ez\u00e9rt b\u00e1rmilyen \u00e1gynem\u0171h\u00f6z illik.A leped\u0151 [&hellip;]<\/p>\n","protected":false},"featured_media":475018,"template":"","meta":{"_acf_changed":false},"product_brand":[],"product_cat":[62,3369],"product_tag":[],"class_list":["post-475017","product","type-product","status-publish","has-post-thumbnail","product_cat-ajandekotletek","product_cat-babaapolas-ajandekotletek","first","instock","product-type-external"],"acf":[],"_links":{"self":[{"href":"https:\/\/horgaszhely.hu\/hun\/wp-json\/wp\/v2\/product\/475017","targetHints":{"allow":["GET"]}}],"collection":[{"href":"https:\/\/horgaszhely.hu\/hun\/wp-json\/wp\/v2\/product"}],"about":[{"href":"https:\/\/horgaszhely.hu\/hun\/wp-json\/wp\/v2\/types\/product"}],"wp:featuredmedia":[{"embeddable":true,"href":"https:\/\/horgaszhely.hu\/hun\/wp-json\/wp\/v2\/media\/475018"}],"wp:attachment":[{"href":"https:\/\/horgaszhely.hu\/hun\/wp-json\/wp\/v2\/media?parent=475017"}],"wp:term":[{"taxonomy":"product_brand","embeddable":true,"href":"https:\/\/horgaszhely.hu\/hun\/wp-json\/wp\/v2\/product_brand?post=475017"},{"taxonomy":"product_cat","embeddable":true,"href":"https:\/\/horgaszhely.hu\/hun\/wp-json\/wp\/v2\/product_cat?post=475017"},{"taxonomy":"product_tag","embeddable":true,"href":"https:\/\/horgaszhely.hu\/hun\/wp-json\/wp\/v2\/product_tag?post=475017"}],"curies":[{"name":"wp","href":"https:\/\/api.w.org\/{rel}","templated":true}]}}

Cotton&#038;Sweets fehér lepedő (70 x 140)

<p>A Cotton&#038;Sweets ágylepedő  – a lepedő a legkiválóbb minőségű pamutanyagból készült. Alkalmas a legkisebb gyermekek számára. Ennek az anyagnak köszönhetően nem okoz allergiás reakciókat. Az ágylepedő erős, tartós, mégis puha a gyermek bőréhez.Az ágylepedő védi a matracot a szennyeződésektől és a sérülésektől. A fehér szín univerzális kislányok és kisfiúk szobájába is. Semleges, ezért bármilyen ágyneműhöz illik.A lepedő szélein gumis rész található, amely a helyén tartja, és megakadályozza az elcsúszást. A gumis rész feszesen tartja a lepedőt, így kényelmes alvást biztosít. Könnyen karbantartható és egyszerűen felhúzható a matracra.A lepedő mérete: 70 x 140 cmA lepedő 100% pamutból készült. A termék OEKO-TEX 100 – 1. osztály tanúsítvánnyal rendelkezik, ami azt jelenti, hogy születéstől alkalmas gyermekek számára. </p>

<p>A Cotton&#038;Sweets ágylepedő  – a lepedő a legkiválóbb minőségű pamutanyagból készült. Alkalmas a legkisebb gyermekek számára. Ennek az anyagnak köszönhetően nem okoz allergiás reakciókat. Az ágylepedő erős, tartós, mégis puha a gyermek bőréhez.Az ágylepedő védi a matracot a szennyeződésektől és a sérülésektől. A fehér szín univerzális kislányok és kisfiúk szobájába is. Semleges, ezért bármilyen ágyneműhöz illik.A lepedő [&hellip;]</p>
