{"id":475025,"date":"2026-08-24T10:38:08","date_gmt":"2026-08-24T08:38:08","guid":{"rendered":"https:\/\/horgaszhely.hu\/hun\/termek\/silver-stars-dekorativ-holdacska-kek\/"},"modified":"2026-08-24T10:38:09","modified_gmt":"2026-08-24T08:38:09","slug":"silver-stars-dekorativ-holdacska-kek","status":"publish","type":"product","link":"https:\/\/horgaszhely.hu\/hun\/termek\/silver-stars-dekorativ-holdacska-kek\/","title":{"rendered":"Silver Stars dekorat\u00edv holdacska &#8211; K\u00e9k"},"content":{"rendered":"<p>A gy\u00f6ny\u00f6r\u0171 dekorat\u00edv kieg\u00e9sz\u00edt\u0151 k\u00e9zzel k\u00e9sz\u00fclt. A feh\u00e9r holdacska rendk\u00edv\u00fcl puha \u00e9s tapint\u00e1sra \u00f6sszenyomhat\u00f3. A gyermekeknek k\u00e9sz\u00fclt kieg\u00e9sz\u00edt\u0151t ez\u00fcst csillagok d\u00edsz\u00edtik.Ez a dekor\u00e1ci\u00f3 a min\u0151s\u00e9gi Cotton&#038;Sweets m\u00e1rk\u00e1t\u00f3l sz\u00e1rmazik.Gyerekszob\u00e1t rendez be, \u00e9s szeretn\u00e9, hogy t\u00f6k\u00e9letesen n\u00e9zzen ki, valamint minden mindennel harmoniz\u00e1ljon?Ezt a kieg\u00e9sz\u00edt\u0151t elhelyezheti a kis\u00e1gy f\u00f6l\u00e9, a baldachinra, a j\u00e1tsz\u00f3sz\u0151nyeg vagy a f\u00e9szek f\u00f6l\u00e9. A bab\u00e1kat leny\u0171g\u00f6zi, ha egy j\u00e1t\u00e9k l\u00f3g a fej\u00fck f\u00f6l\u00f6tt, amelyet megfoghatnak vagy amely fel\u00e9 ny\u00fajt\u00f3zkodhatnak.M\u00e9ret: 26 cm x 9 cm x 32 cm\u00a0Anyag: A holdacska 100% pamut b\u00e1rsonyb\u00f3l k\u00e9sz\u00fclt, a csillagok \u00f6kob\u0151rb\u0151l.T\u00f6ltet: poli\u00e9szterS\u00faly: 0,24 kgM\u00e9retek: 38 cm<\/p>\n","protected":false},"excerpt":{"rendered":"<p>A gy\u00f6ny\u00f6r\u0171 dekorat\u00edv kieg\u00e9sz\u00edt\u0151 k\u00e9zzel k\u00e9sz\u00fclt. A feh\u00e9r holdacska rendk\u00edv\u00fcl puha \u00e9s tapint\u00e1sra \u00f6sszenyomhat\u00f3. A gyermekeknek k\u00e9sz\u00fclt kieg\u00e9sz\u00edt\u0151t ez\u00fcst csillagok d\u00edsz\u00edtik.Ez a dekor\u00e1ci\u00f3 a min\u0151s\u00e9gi Cotton&#038;Sweets m\u00e1rk\u00e1t\u00f3l sz\u00e1rmazik.Gyerekszob\u00e1t rendez be, \u00e9s szeretn\u00e9, hogy t\u00f6k\u00e9letesen n\u00e9zzen ki, valamint minden mindennel harmoniz\u00e1ljon?Ezt a kieg\u00e9sz\u00edt\u0151t elhelyezheti a kis\u00e1gy f\u00f6l\u00e9, a baldachinra, a j\u00e1tsz\u00f3sz\u0151nyeg vagy a f\u00e9szek f\u00f6l\u00e9. A [&hellip;]<\/p>\n","protected":false},"featured_media":475026,"template":"","meta":{"_acf_changed":false},"product_brand":[],"product_cat":[62,3369],"product_tag":[],"class_list":["post-475025","product","type-product","status-publish","has-post-thumbnail","product_cat-ajandekotletek","product_cat-babaapolas-ajandekotletek","first","instock","product-type-external"],"acf":[],"_links":{"self":[{"href":"https:\/\/horgaszhely.hu\/hun\/wp-json\/wp\/v2\/product\/475025","targetHints":{"allow":["GET"]}}],"collection":[{"href":"https:\/\/horgaszhely.hu\/hun\/wp-json\/wp\/v2\/product"}],"about":[{"href":"https:\/\/horgaszhely.hu\/hun\/wp-json\/wp\/v2\/types\/product"}],"wp:featuredmedia":[{"embeddable":true,"href":"https:\/\/horgaszhely.hu\/hun\/wp-json\/wp\/v2\/media\/475026"}],"wp:attachment":[{"href":"https:\/\/horgaszhely.hu\/hun\/wp-json\/wp\/v2\/media?parent=475025"}],"wp:term":[{"taxonomy":"product_brand","embeddable":true,"href":"https:\/\/horgaszhely.hu\/hun\/wp-json\/wp\/v2\/product_brand?post=475025"},{"taxonomy":"product_cat","embeddable":true,"href":"https:\/\/horgaszhely.hu\/hun\/wp-json\/wp\/v2\/product_cat?post=475025"},{"taxonomy":"product_tag","embeddable":true,"href":"https:\/\/horgaszhely.hu\/hun\/wp-json\/wp\/v2\/product_tag?post=475025"}],"curies":[{"name":"wp","href":"https:\/\/api.w.org\/{rel}","templated":true}]}}

Silver Stars dekoratív holdacska &#8211; Kék

<p>A gyönyörű dekoratív kiegészítő kézzel készült. A fehér holdacska rendkívül puha és tapintásra összenyomható. A gyermekeknek készült kiegészítőt ezüst csillagok díszítik.Ez a dekoráció a minőségi Cotton&#038;Sweets márkától származik.Gyerekszobát rendez be, és szeretné, hogy tökéletesen nézzen ki, valamint minden mindennel harmonizáljon?Ezt a kiegészítőt elhelyezheti a kiságy fölé, a baldachinra, a játszószőnyeg vagy a fészek fölé. A babákat lenyűgözi, ha egy játék lóg a fejük fölött, amelyet megfoghatnak vagy amely felé nyújtózkodhatnak.Méret: 26 cm x 9 cm x 32 cm Anyag: A holdacska 100% pamut bársonyból készült, a csillagok ökobőrből.Töltet: poliészterSúly: 0,24 kgMéretek: 38 cm</p>

<p>A gyönyörű dekoratív kiegészítő kézzel készült. A fehér holdacska rendkívül puha és tapintásra összenyomható. A gyermekeknek készült kiegészítőt ezüst csillagok díszítik.Ez a dekoráció a minőségi Cotton&#038;Sweets márkától származik.Gyerekszobát rendez be, és szeretné, hogy tökéletesen nézzen ki, valamint minden mindennel harmonizáljon?Ezt a kiegészítőt elhelyezheti a kiságy fölé, a baldachinra, a játszószőnyeg vagy a fészek fölé. A [&hellip;]</p>
