{"id":475029,"date":"2026-08-24T10:38:12","date_gmt":"2026-08-24T08:38:12","guid":{"rendered":"https:\/\/horgaszhely.hu\/hun\/termek\/boho-mini-csillag-dekorativ-parna-feher\/"},"modified":"2026-08-24T10:38:13","modified_gmt":"2026-08-24T08:38:13","slug":"boho-mini-csillag-dekorativ-parna-feher","status":"publish","type":"product","link":"https:\/\/horgaszhely.hu\/hun\/termek\/boho-mini-csillag-dekorativ-parna-feher\/","title":{"rendered":"Boho Mini csillag dekorat\u00edv p\u00e1rna &#8211; Feh\u00e9r"},"content":{"rendered":"<p>Azon gondolkodik, hogyan teremthet meghitt teret gyermekeinek? \u00a0Adjon a legkisebbeknek k\u00e9nyelmet gy\u00f6ny\u00f6r\u0171 form\u00e1j\u00fa \u00e9s\u00a0kellemes anyag\u00fa p\u00e1rn\u00e1kkal. A p\u00e1rna praktikus dekor\u00e1ci\u00f3, amely \u00f6r\u00f6met szerez a kis h\u00f6lgyeknek \u00e9s\u00a0a kis csib\u00e9szeknek is.A gyermekeknek k\u00e9sz\u00fclt, csillag alak\u00fa p\u00e1rna r\u00e1ad\u00e1sul nagyon kellemes anyagb\u00f3l k\u00e9sz\u00fclt. M\u00e1s p\u00e1rn\u00e1kkal \u00e9s\u00a0kieg\u00e9sz\u00edt\u0151kkel egy\u00fctt a gyerekszoba csod\u00e1latos birodalomm\u00e1 v\u00e1lik, ahol gyermekei j\u00f3l \u00e9rzik majd magukat.A p\u00e1rn\u00e1csk\u00e1t nemcsak az \u00e1gyon, hanem a j\u00e1tsz\u00f3sz\u0151nyegen vagy a kanap\u00e9n is haszn\u00e1lhatja. Gy\u00f6ny\u00f6r\u0171en mutat a j\u00e1tsz\u00f3f\u00e9szek \u00e9s\u00a0a baldachin kieg\u00e9sz\u00edt\u0151jek\u00e9nt. A gyerekek im\u00e1dni fogj\u00e1k, \u00f6lelgetik \u00e9s\u00a0simogatj\u00e1k majd. Var\u00e1zsolja a gyerekszob\u00e1t az \u0151 birodalmukk\u00e1.A gy\u00f6ny\u00f6r\u0171 BOHO kieg\u00e9sz\u00edt\u0151 a sz\u00e9lein k\u00f6rbefut\u00f3 dekorat\u00edv pomponokkal, semleges sz\u00ednben, minden gyerekszob\u00e1hoz illik. Mert a gyermekp\u00e1rn\u00e1knak nem kell unalmasnak lenni\u00fck. Nemcsak a gyerekek \u00f6r\u00fclnek majd ennek a p\u00e1rn\u00e1csk\u00e1nak. Egy p\u00e1rn\u00e1kkal teli \u00e1gy szinte h\u00edvogat, hogy beleugorjon, \u00e9s\u00a0a gyerekekkel egy\u00fctt \u00e9lvezze a sz\u00e9p form\u00e1k \u00e9s\u00a0finom anyagok \u00e9rz\u00e9s\u00e9t.T\u00f6ltet: poli\u00e9szter goly\u00f3\u00a0M\u00e9retek: 38 cmS\u00faly: 0,23 kgK\u00e9zzel k\u00e9sz\u00fclt Lengyelorsz\u00e1gban\u00d6sszet\u00e9tel: 69% pamut 31% poli\u00e9szter + szeg\u00e9ly 100% nejlon.<\/p>\n","protected":false},"excerpt":{"rendered":"<p>Azon gondolkodik, hogyan teremthet meghitt teret gyermekeinek? \u00a0Adjon a legkisebbeknek k\u00e9nyelmet gy\u00f6ny\u00f6r\u0171 form\u00e1j\u00fa \u00e9s\u00a0kellemes anyag\u00fa p\u00e1rn\u00e1kkal. A p\u00e1rna praktikus dekor\u00e1ci\u00f3, amely \u00f6r\u00f6met szerez a kis h\u00f6lgyeknek \u00e9s\u00a0a kis csib\u00e9szeknek is.A gyermekeknek k\u00e9sz\u00fclt, csillag alak\u00fa p\u00e1rna r\u00e1ad\u00e1sul nagyon kellemes anyagb\u00f3l k\u00e9sz\u00fclt. M\u00e1s p\u00e1rn\u00e1kkal \u00e9s\u00a0kieg\u00e9sz\u00edt\u0151kkel egy\u00fctt a gyerekszoba csod\u00e1latos birodalomm\u00e1 v\u00e1lik, ahol gyermekei j\u00f3l \u00e9rzik majd magukat.A [&hellip;]<\/p>\n","protected":false},"featured_media":475030,"template":"","meta":{"_acf_changed":false},"product_brand":[],"product_cat":[62,3369],"product_tag":[],"class_list":["post-475029","product","type-product","status-publish","has-post-thumbnail","product_cat-ajandekotletek","product_cat-babaapolas-ajandekotletek","first","instock","product-type-external"],"acf":[],"_links":{"self":[{"href":"https:\/\/horgaszhely.hu\/hun\/wp-json\/wp\/v2\/product\/475029","targetHints":{"allow":["GET"]}}],"collection":[{"href":"https:\/\/horgaszhely.hu\/hun\/wp-json\/wp\/v2\/product"}],"about":[{"href":"https:\/\/horgaszhely.hu\/hun\/wp-json\/wp\/v2\/types\/product"}],"wp:featuredmedia":[{"embeddable":true,"href":"https:\/\/horgaszhely.hu\/hun\/wp-json\/wp\/v2\/media\/475030"}],"wp:attachment":[{"href":"https:\/\/horgaszhely.hu\/hun\/wp-json\/wp\/v2\/media?parent=475029"}],"wp:term":[{"taxonomy":"product_brand","embeddable":true,"href":"https:\/\/horgaszhely.hu\/hun\/wp-json\/wp\/v2\/product_brand?post=475029"},{"taxonomy":"product_cat","embeddable":true,"href":"https:\/\/horgaszhely.hu\/hun\/wp-json\/wp\/v2\/product_cat?post=475029"},{"taxonomy":"product_tag","embeddable":true,"href":"https:\/\/horgaszhely.hu\/hun\/wp-json\/wp\/v2\/product_tag?post=475029"}],"curies":[{"name":"wp","href":"https:\/\/api.w.org\/{rel}","templated":true}]}}

Boho Mini csillag dekoratív párna &#8211; Fehér

<p>Azon gondolkodik, hogyan teremthet meghitt teret gyermekeinek?  Adjon a legkisebbeknek kényelmet gyönyörű formájú és kellemes anyagú párnákkal. A párna praktikus dekoráció, amely örömet szerez a kis hölgyeknek és a kis csibészeknek is.A gyermekeknek készült, csillag alakú párna ráadásul nagyon kellemes anyagból készült. Más párnákkal és kiegészítőkkel együtt a gyerekszoba csodálatos birodalommá válik, ahol gyermekei jól érzik majd magukat.A párnácskát nemcsak az ágyon, hanem a játszószőnyegen vagy a kanapén is használhatja. Gyönyörűen mutat a játszófészek és a baldachin kiegészítőjeként. A gyerekek imádni fogják, ölelgetik és simogatják majd. Varázsolja a gyerekszobát az ő birodalmukká.A gyönyörű BOHO kiegészítő a szélein körbefutó dekoratív pomponokkal, semleges színben, minden gyerekszobához illik. Mert a gyermekpárnáknak nem kell unalmasnak lenniük. Nemcsak a gyerekek örülnek majd ennek a párnácskának. Egy párnákkal teli ágy szinte hívogat, hogy beleugorjon, és a gyerekekkel együtt élvezze a szép formák és finom anyagok érzését.Töltet: poliészter golyó Méretek: 38 cmSúly: 0,23 kgKézzel készült LengyelországbanÖsszetétel: 69% pamut 31% poliészter + szegély 100% nejlon.</p>

<p>Azon gondolkodik, hogyan teremthet meghitt teret gyermekeinek?  Adjon a legkisebbeknek kényelmet gyönyörű formájú és kellemes anyagú párnákkal. A párna praktikus dekoráció, amely örömet szerez a kis hölgyeknek és a kis csibészeknek is.A gyermekeknek készült, csillag alakú párna ráadásul nagyon kellemes anyagból készült. Más párnákkal és kiegészítőkkel együtt a gyerekszoba csodálatos birodalommá válik, ahol gyermekei jól érzik majd magukat.A [&hellip;]</p>
