{"id":475035,"date":"2026-08-24T10:38:18","date_gmt":"2026-08-24T08:38:18","guid":{"rendered":"https:\/\/horgaszhely.hu\/hun\/termek\/gyermek-hajkefe-puha-kecskesortebol-cottonsweets\/"},"modified":"2026-08-24T10:38:19","modified_gmt":"2026-08-24T08:38:19","slug":"gyermek-hajkefe-puha-kecskesortebol-cottonsweets","status":"publish","type":"product","link":"https:\/\/horgaszhely.hu\/hun\/termek\/gyermek-hajkefe-puha-kecskesortebol-cottonsweets\/","title":{"rendered":"Gyermek hajkefe puha kecskes\u00f6rt\u00e9b\u0151l Cotton&#038;Sweets"},"content":{"rendered":"<p>A Cotton&#038;Sweets relax\u00e1ci\u00f3s kef\u00e9je\u00a0bab\u00e1k sz\u00e1m\u00e1ra seg\u00edt a\u00a0f\u00e9s\u00fcl\u00e9sben \u00e9s\u00a0a gyermek fejb\u0151r\u00e9nek v\u00e9rkering\u00e9s\u00e9t is t\u00e1mogatja. F\u00e1b\u00f3l \u00e9s\u00a0finomabb kecskes\u00f6rt\u00e9kb\u0151l k\u00e9sz\u00fclt. Ide\u00e1lis a\u00a0puha gyermekhajhoz. A f\u00e9s\u00fcl\u00e9s megnyugtatja a gyermekeket.\u00a0A f\u00e9s\u00fcl\u00e9s serkenti a fejb\u0151r v\u00e9rell\u00e1t\u00e1s\u00e1t, t\u00e1mogatja a haj n\u00f6veked\u00e9s\u00e9t a\u00a0kisgyermekekn\u00e9l, m\u00e9g azokn\u00e1l is, akiknek m\u00e9g nincs hajuk. Seg\u00edt a bab\u00e1nak megnyugodni \u00e9s\u00a0ellazulni.A fa gyermek hajkefe k\u00e9nyelmes form\u00e1j\u00fa, ez\u00e9rt j\u00f3l k\u00e9zben tarthat\u00f3. Min\u0151s\u00e9gi term\u00e9szetes anyagokb\u00f3l k\u00e9sz\u00fclt, \u00edgy a term\u00e9k \u00fajsz\u00fcl\u00f6ttek sz\u00e1m\u00e1ra is megfelel\u0151. R\u00e1ad\u00e1sul a kefe gy\u00f6ny\u00f6r\u0171 \u00e9s\u00a0praktikus tasakba van csomagolva, \u00edgy \u00fajsz\u00fcl\u00f6tteknek aj\u00e1nd\u00e9kk\u00e9nt is kiv\u00e1l\u00f3.A kefe hossza: 14 cmAnyag:100 % kecskes\u00f6rteB\u00fckkfa<\/p>\n","protected":false},"excerpt":{"rendered":"<p>A Cotton&#038;Sweets relax\u00e1ci\u00f3s kef\u00e9je\u00a0bab\u00e1k sz\u00e1m\u00e1ra seg\u00edt a\u00a0f\u00e9s\u00fcl\u00e9sben \u00e9s\u00a0a gyermek fejb\u0151r\u00e9nek v\u00e9rkering\u00e9s\u00e9t is t\u00e1mogatja. F\u00e1b\u00f3l \u00e9s\u00a0finomabb kecskes\u00f6rt\u00e9kb\u0151l k\u00e9sz\u00fclt. Ide\u00e1lis a\u00a0puha gyermekhajhoz. A f\u00e9s\u00fcl\u00e9s megnyugtatja a gyermekeket.\u00a0A f\u00e9s\u00fcl\u00e9s serkenti a fejb\u0151r v\u00e9rell\u00e1t\u00e1s\u00e1t, t\u00e1mogatja a haj n\u00f6veked\u00e9s\u00e9t a\u00a0kisgyermekekn\u00e9l, m\u00e9g azokn\u00e1l is, akiknek m\u00e9g nincs hajuk. Seg\u00edt a bab\u00e1nak megnyugodni \u00e9s\u00a0ellazulni.A fa gyermek hajkefe k\u00e9nyelmes form\u00e1j\u00fa, ez\u00e9rt j\u00f3l k\u00e9zben [&hellip;]<\/p>\n","protected":false},"featured_media":475036,"template":"","meta":{"_acf_changed":false},"product_brand":[],"product_cat":[62,3369],"product_tag":[],"class_list":["post-475035","product","type-product","status-publish","has-post-thumbnail","product_cat-ajandekotletek","product_cat-babaapolas-ajandekotletek","first","instock","product-type-external"],"acf":[],"_links":{"self":[{"href":"https:\/\/horgaszhely.hu\/hun\/wp-json\/wp\/v2\/product\/475035","targetHints":{"allow":["GET"]}}],"collection":[{"href":"https:\/\/horgaszhely.hu\/hun\/wp-json\/wp\/v2\/product"}],"about":[{"href":"https:\/\/horgaszhely.hu\/hun\/wp-json\/wp\/v2\/types\/product"}],"wp:featuredmedia":[{"embeddable":true,"href":"https:\/\/horgaszhely.hu\/hun\/wp-json\/wp\/v2\/media\/475036"}],"wp:attachment":[{"href":"https:\/\/horgaszhely.hu\/hun\/wp-json\/wp\/v2\/media?parent=475035"}],"wp:term":[{"taxonomy":"product_brand","embeddable":true,"href":"https:\/\/horgaszhely.hu\/hun\/wp-json\/wp\/v2\/product_brand?post=475035"},{"taxonomy":"product_cat","embeddable":true,"href":"https:\/\/horgaszhely.hu\/hun\/wp-json\/wp\/v2\/product_cat?post=475035"},{"taxonomy":"product_tag","embeddable":true,"href":"https:\/\/horgaszhely.hu\/hun\/wp-json\/wp\/v2\/product_tag?post=475035"}],"curies":[{"name":"wp","href":"https:\/\/api.w.org\/{rel}","templated":true}]}}

Gyermek hajkefe puha kecskesörtéből Cotton&#038;Sweets

<p>A Cotton&#038;Sweets relaxációs keféje babák számára segít a fésülésben és a gyermek fejbőrének vérkeringését is támogatja. Fából és finomabb kecskesörtékből készült. Ideális a puha gyermekhajhoz. A fésülés megnyugtatja a gyermekeket. A fésülés serkenti a fejbőr vérellátását, támogatja a haj növekedését a kisgyermekeknél, még azoknál is, akiknek még nincs hajuk. Segít a babának megnyugodni és ellazulni.A fa gyermek hajkefe kényelmes formájú, ezért jól kézben tartható. Minőségi természetes anyagokból készült, így a termék újszülöttek számára is megfelelő. Ráadásul a kefe gyönyörű és praktikus tasakba van csomagolva, így újszülötteknek ajándékként is kiváló.A kefe hossza: 14 cmAnyag:100 % kecskesörteBükkfa</p>

<p>A Cotton&#038;Sweets relaxációs keféje babák számára segít a fésülésben és a gyermek fejbőrének vérkeringését is támogatja. Fából és finomabb kecskesörtékből készült. Ideális a puha gyermekhajhoz. A fésülés megnyugtatja a gyermekeket. A fésülés serkenti a fejbőr vérellátását, támogatja a haj növekedését a kisgyermekeknél, még azoknál is, akiknek még nincs hajuk. Segít a babának megnyugodni és ellazulni.A fa gyermek hajkefe kényelmes formájú, ezért jól kézben [&hellip;]</p>
