{"id":475037,"date":"2026-08-24T10:38:20","date_gmt":"2026-08-24T08:38:20","guid":{"rendered":"https:\/\/horgaszhely.hu\/hun\/termek\/gyermek-kefe-koszmo-kifesulesere-cottonsweets\/"},"modified":"2026-08-24T10:38:21","modified_gmt":"2026-08-24T08:38:21","slug":"gyermek-kefe-koszmo-kifesulesere-cottonsweets","status":"publish","type":"product","link":"https:\/\/horgaszhely.hu\/hun\/termek\/gyermek-kefe-koszmo-kifesulesere-cottonsweets\/","title":{"rendered":"Gyermek kefe koszm\u00f3 kif\u00e9s\u00fcl\u00e9s\u00e9re Cotton&#038;Sweets"},"content":{"rendered":"<p>A Cotton&#038;Sweets gyermek s\u00f6rt\u00e9s kef\u00e9je \u00fajsz\u00fcl\u00f6ttek \u00e9s\u00a0nagyobb gyermekek sz\u00e1m\u00e1ra is alkalmas. Er\u0151sebb s\u00f6rt\u00e9kb\u0151l k\u00e9sz\u00fclt. \u00a0Seg\u00edt elt\u00e1vol\u00edtani a kisgyermekekn\u00e9l jelentkez\u0151 probl\u00e9m\u00e1s faggy\u00fat \u00e9s korp\u00e1t. Nem k\u00e1ros\u00edtja a hajat, \u00e9s\u00a0ezzel a kef\u00e9vel a kif\u00e9s\u00fcl\u00e9s hosszabb haj eset\u00e9n is nagyon k\u00e9nyelmes.A kefe f\u00e1b\u00f3l \u00e9s\u00a0term\u00e9szetes s\u00f6rt\u00e9kb\u0151l k\u00e9sz\u00fclt. K\u00e9nyelmesen tarthat\u00f3 a\u00a0k\u00e9zben. Seg\u00edt kif\u00e9s\u00fclni a korp\u00e1t (koszm\u00f3t), amely gyakran kialakul a kisgyermekek haj\u00e1ban. F\u00fcrdet\u00e9s el\u0151tt vigyen fel babaolajat a baba fejb\u0151r\u00e9re, majd\u00a0f\u00fcrdet\u00e9s ut\u00e1n finoman massz\u00edrozza \u00e1t a kef\u00e9vel, \u00e9s\u00a0f\u00e9s\u00fclje ki a korp\u00e1t.A kefe textilzs\u00e1kba van csomagolva, \u00e9s sz\u00e9p, valamint\u00a0praktikus kieg\u00e9sz\u00edt\u0151je az \u00fajsz\u00fcl\u00f6ttnek sz\u00e1nt csomagnak. Ker\u00fclje a\u00a0v\u00edzzel val\u00f3 \u00e9rintkez\u00e9st.A kefe hossza: 14 cmAnyag:100 % s\u00f6rteB\u00fckkfa<\/p>\n","protected":false},"excerpt":{"rendered":"<p>A Cotton&#038;Sweets gyermek s\u00f6rt\u00e9s kef\u00e9je \u00fajsz\u00fcl\u00f6ttek \u00e9s\u00a0nagyobb gyermekek sz\u00e1m\u00e1ra is alkalmas. Er\u0151sebb s\u00f6rt\u00e9kb\u0151l k\u00e9sz\u00fclt. \u00a0Seg\u00edt elt\u00e1vol\u00edtani a kisgyermekekn\u00e9l jelentkez\u0151 probl\u00e9m\u00e1s faggy\u00fat \u00e9s korp\u00e1t. Nem k\u00e1ros\u00edtja a hajat, \u00e9s\u00a0ezzel a kef\u00e9vel a kif\u00e9s\u00fcl\u00e9s hosszabb haj eset\u00e9n is nagyon k\u00e9nyelmes.A kefe f\u00e1b\u00f3l \u00e9s\u00a0term\u00e9szetes s\u00f6rt\u00e9kb\u0151l k\u00e9sz\u00fclt. K\u00e9nyelmesen tarthat\u00f3 a\u00a0k\u00e9zben. Seg\u00edt kif\u00e9s\u00fclni a korp\u00e1t (koszm\u00f3t), amely gyakran kialakul a [&hellip;]<\/p>\n","protected":false},"featured_media":475038,"template":"","meta":{"_acf_changed":false},"product_brand":[],"product_cat":[62,3369],"product_tag":[],"class_list":["post-475037","product","type-product","status-publish","has-post-thumbnail","product_cat-ajandekotletek","product_cat-babaapolas-ajandekotletek","first","instock","product-type-external"],"acf":[],"_links":{"self":[{"href":"https:\/\/horgaszhely.hu\/hun\/wp-json\/wp\/v2\/product\/475037","targetHints":{"allow":["GET"]}}],"collection":[{"href":"https:\/\/horgaszhely.hu\/hun\/wp-json\/wp\/v2\/product"}],"about":[{"href":"https:\/\/horgaszhely.hu\/hun\/wp-json\/wp\/v2\/types\/product"}],"wp:featuredmedia":[{"embeddable":true,"href":"https:\/\/horgaszhely.hu\/hun\/wp-json\/wp\/v2\/media\/475038"}],"wp:attachment":[{"href":"https:\/\/horgaszhely.hu\/hun\/wp-json\/wp\/v2\/media?parent=475037"}],"wp:term":[{"taxonomy":"product_brand","embeddable":true,"href":"https:\/\/horgaszhely.hu\/hun\/wp-json\/wp\/v2\/product_brand?post=475037"},{"taxonomy":"product_cat","embeddable":true,"href":"https:\/\/horgaszhely.hu\/hun\/wp-json\/wp\/v2\/product_cat?post=475037"},{"taxonomy":"product_tag","embeddable":true,"href":"https:\/\/horgaszhely.hu\/hun\/wp-json\/wp\/v2\/product_tag?post=475037"}],"curies":[{"name":"wp","href":"https:\/\/api.w.org\/{rel}","templated":true}]}}

Gyermek kefe koszmó kifésülésére Cotton&#038;Sweets

<p>A Cotton&#038;Sweets gyermek sörtés keféje újszülöttek és nagyobb gyermekek számára is alkalmas. Erősebb sörtékből készült.  Segít eltávolítani a kisgyermekeknél jelentkező problémás faggyút és korpát. Nem károsítja a hajat, és ezzel a kefével a kifésülés hosszabb haj esetén is nagyon kényelmes.A kefe fából és természetes sörtékből készült. Kényelmesen tartható a kézben. Segít kifésülni a korpát (koszmót), amely gyakran kialakul a kisgyermekek hajában. Fürdetés előtt vigyen fel babaolajat a baba fejbőrére, majd fürdetés után finoman masszírozza át a kefével, és fésülje ki a korpát.A kefe textilzsákba van csomagolva, és szép, valamint praktikus kiegészítője az újszülöttnek szánt csomagnak. Kerülje a vízzel való érintkezést.A kefe hossza: 14 cmAnyag:100 % sörteBükkfa</p>

<p>A Cotton&#038;Sweets gyermek sörtés keféje újszülöttek és nagyobb gyermekek számára is alkalmas. Erősebb sörtékből készült.  Segít eltávolítani a kisgyermekeknél jelentkező problémás faggyút és korpát. Nem károsítja a hajat, és ezzel a kefével a kifésülés hosszabb haj esetén is nagyon kényelmes.A kefe fából és természetes sörtékből készült. Kényelmesen tartható a kézben. Segít kifésülni a korpát (koszmót), amely gyakran kialakul a [&hellip;]</p>
