{"id":475039,"date":"2026-08-24T10:38:22","date_gmt":"2026-08-24T08:38:22","guid":{"rendered":"https:\/\/horgaszhely.hu\/hun\/termek\/pure-nature-exclusive-kerek-gyermek-feszek-vilagosszurke\/"},"modified":"2026-08-24T10:38:23","modified_gmt":"2026-08-24T08:38:23","slug":"pure-nature-exclusive-kerek-gyermek-feszek-vilagosszurke","status":"publish","type":"product","link":"https:\/\/horgaszhely.hu\/hun\/termek\/pure-nature-exclusive-kerek-gyermek-feszek-vilagosszurke\/","title":{"rendered":"Pure Nature Exclusive kerek gyermek f\u00e9szek &#8211; Vil\u00e1gossz\u00fcrke"},"content":{"rendered":"<p>A gyermekj\u00e1t\u00e9kok a fejl\u0151d\u00e9s\u00fck r\u00e9sz\u00e9t k\u00e9pezik. A kisgyermekeket egyszer\u0171 j\u00e1t\u00e9kok is lek\u00f6tik, amelyeket a kez\u00fckbe tudnak fogni. A nagyobb gyermekeknek azonban j\u00e1t\u00e9khoz t\u00e9rre van sz\u00fcks\u00e9g\u00fck. Le kell tudniuk \u00fclni, gurulni, mozogni. Ez az id\u0151szak az egyik legnehezebb. A sz\u00fcl\u0151knek figyelni\u00fck kell, hogy a gyermekek ilyen j\u00e1t\u00e9k k\u00f6zben ne s\u00e9r\u00fcljenek meg, mivel motorikus k\u00e9pess\u00e9geik m\u00e9g csak fejl\u0151dnek.A Junior Pure Nature gyermek f\u00e9szek biztons\u00e1gos teret teremt a legkisebbek j\u00e1t\u00e9k\u00e1hoz. Megemelt sz\u00e9lekkel rendelkezik, \u00e9s\u00a0tan\u00fas\u00edtott anyagokb\u00f3l k\u00e9sz\u00fclt. K\u00e9zzel k\u00e9sz\u00fclt, huzata pedig 100% lenb\u0151l van. A len antibakteri\u00e1lis, antiallerg\u00e9n \u00e9s\u00a0gombaellenes tulajdons\u00e1gokkal rendelkezik.A j\u00e1t\u00e9kok nem gurulnak el a gyermekek el\u0151l a\u00a0j\u00e1tsz\u00f3sz\u0151nyegr\u0151l, a kisebb gyermekek pedig nem cs\u00fasznak le r\u00f3la. Ha a gyermek j\u00e1t\u00e9k k\u00f6zben elalszik, v\u00e9dve van, \u00e9s\u00a0kell\u0151en el van szigetelve a talajt\u00f3l.Ha a gyermek f\u00e9szek f\u00f6l\u00e9 baldachint akaszt, csod\u00e1latos kis kuck\u00f3t alak\u00edt ki, ahol a gyermek sz\u00edvesen j\u00e1tszik majd, \u00e9s\u00a0biztons\u00e1gban \u00e9rzi mag\u00e1t.Karbantart\u00e1sa egyszer\u0171. A cipz\u00e1r kinyit\u00e1sa ut\u00e1n a huzatot 30 \u00b0C-on moshatja mos\u00f3g\u00e9pben.M\u00e9retek:\u00a0\u00e1tm\u00e9r\u0151 110 cm (+\/-), magass\u00e1g 18 cm (+\/-)Matrac vastags\u00e1ga:\u00a04 cm\u00d6sszet\u00e9tel:\u00a0100% len, t\u00f6ltet \u2013 poli\u00e9szter goly\u00f3csk\u00e1kHabanyagb\u00f3l k\u00e9sz\u00fclt matrac OEKO-TEX Standard 100 tan\u00fas\u00edtv\u00e1nnyal. Gyermekmatracok gy\u00e1rt\u00e1s\u00e1hoz haszn\u00e1lj\u00e1k.Tan\u00fas\u00edtv\u00e1ny:\u00a0OEKO-TEX\u00a0<\/p>\n","protected":false},"excerpt":{"rendered":"<p>A gyermekj\u00e1t\u00e9kok a fejl\u0151d\u00e9s\u00fck r\u00e9sz\u00e9t k\u00e9pezik. A kisgyermekeket egyszer\u0171 j\u00e1t\u00e9kok is lek\u00f6tik, amelyeket a kez\u00fckbe tudnak fogni. A nagyobb gyermekeknek azonban j\u00e1t\u00e9khoz t\u00e9rre van sz\u00fcks\u00e9g\u00fck. Le kell tudniuk \u00fclni, gurulni, mozogni. Ez az id\u0151szak az egyik legnehezebb. A sz\u00fcl\u0151knek figyelni\u00fck kell, hogy a gyermekek ilyen j\u00e1t\u00e9k k\u00f6zben ne s\u00e9r\u00fcljenek meg, mivel motorikus k\u00e9pess\u00e9geik m\u00e9g csak [&hellip;]<\/p>\n","protected":false},"featured_media":475040,"template":"","meta":{"_acf_changed":false},"product_brand":[],"product_cat":[62,3369],"product_tag":[],"class_list":["post-475039","product","type-product","status-publish","has-post-thumbnail","product_cat-ajandekotletek","product_cat-babaapolas-ajandekotletek","first","instock","product-type-external"],"acf":[],"_links":{"self":[{"href":"https:\/\/horgaszhely.hu\/hun\/wp-json\/wp\/v2\/product\/475039","targetHints":{"allow":["GET"]}}],"collection":[{"href":"https:\/\/horgaszhely.hu\/hun\/wp-json\/wp\/v2\/product"}],"about":[{"href":"https:\/\/horgaszhely.hu\/hun\/wp-json\/wp\/v2\/types\/product"}],"wp:featuredmedia":[{"embeddable":true,"href":"https:\/\/horgaszhely.hu\/hun\/wp-json\/wp\/v2\/media\/475040"}],"wp:attachment":[{"href":"https:\/\/horgaszhely.hu\/hun\/wp-json\/wp\/v2\/media?parent=475039"}],"wp:term":[{"taxonomy":"product_brand","embeddable":true,"href":"https:\/\/horgaszhely.hu\/hun\/wp-json\/wp\/v2\/product_brand?post=475039"},{"taxonomy":"product_cat","embeddable":true,"href":"https:\/\/horgaszhely.hu\/hun\/wp-json\/wp\/v2\/product_cat?post=475039"},{"taxonomy":"product_tag","embeddable":true,"href":"https:\/\/horgaszhely.hu\/hun\/wp-json\/wp\/v2\/product_tag?post=475039"}],"curies":[{"name":"wp","href":"https:\/\/api.w.org\/{rel}","templated":true}]}}

Pure Nature Exclusive kerek gyermek fészek &#8211; Világosszürke

<p>A gyermekjátékok a fejlődésük részét képezik. A kisgyermekeket egyszerű játékok is lekötik, amelyeket a kezükbe tudnak fogni. A nagyobb gyermekeknek azonban játékhoz térre van szükségük. Le kell tudniuk ülni, gurulni, mozogni. Ez az időszak az egyik legnehezebb. A szülőknek figyelniük kell, hogy a gyermekek ilyen játék közben ne sérüljenek meg, mivel motorikus képességeik még csak fejlődnek.A Junior Pure Nature gyermek fészek biztonságos teret teremt a legkisebbek játékához. Megemelt szélekkel rendelkezik, és tanúsított anyagokból készült. Kézzel készült, huzata pedig 100% lenből van. A len antibakteriális, antiallergén és gombaellenes tulajdonságokkal rendelkezik.A játékok nem gurulnak el a gyermekek elől a játszószőnyegről, a kisebb gyermekek pedig nem csúsznak le róla. Ha a gyermek játék közben elalszik, védve van, és kellően el van szigetelve a talajtól.Ha a gyermek fészek fölé baldachint akaszt, csodálatos kis kuckót alakít ki, ahol a gyermek szívesen játszik majd, és biztonságban érzi magát.Karbantartása egyszerű. A cipzár kinyitása után a huzatot 30 °C-on moshatja mosógépben.Méretek: átmérő 110 cm (+/-), magasság 18 cm (+/-)Matrac vastagsága: 4 cmÖsszetétel: 100% len, töltet – poliészter golyócskákHabanyagból készült matrac OEKO-TEX Standard 100 tanúsítvánnyal. Gyermekmatracok gyártásához használják.Tanúsítvány: OEKO-TEX </p>

<p>A gyermekjátékok a fejlődésük részét képezik. A kisgyermekeket egyszerű játékok is lekötik, amelyeket a kezükbe tudnak fogni. A nagyobb gyermekeknek azonban játékhoz térre van szükségük. Le kell tudniuk ülni, gurulni, mozogni. Ez az időszak az egyik legnehezebb. A szülőknek figyelniük kell, hogy a gyermekek ilyen játék közben ne sérüljenek meg, mivel motorikus képességeik még csak [&hellip;]</p>
