{"id":475059,"date":"2026-08-24T10:38:52","date_gmt":"2026-08-24T08:38:52","guid":{"rendered":"https:\/\/horgaszhely.hu\/hun\/termek\/doudou-et-compagnie-lapin-bonbon-kek-nyuszis-babacipo-pm-0-6-m\/"},"modified":"2026-08-24T10:38:53","modified_gmt":"2026-08-24T08:38:53","slug":"doudou-et-compagnie-lapin-bonbon-kek-nyuszis-babacipo-pm-0-6-m","status":"publish","type":"product","link":"https:\/\/horgaszhely.hu\/hun\/termek\/doudou-et-compagnie-lapin-bonbon-kek-nyuszis-babacipo-pm-0-6-m\/","title":{"rendered":"DouDou et Compagnie Lapin Bonbon k\u00e9k nyuszis babacip\u0151 PM 0-6 m"},"content":{"rendered":"<p>A nyuszis kivitel\u0171 DouDou babacip\u0151k aj\u00e1nd\u00e9kdobozba csomagolva \u00e9rkeznek.A DouDou term\u00e9kekn\u00e9l a biztons\u00e1g az els\u0151 &#8211; a term\u00e9keket\u00a0\u00a0\u00e9s az anyagokat folyamatosan fel\u00fclvizsg\u00e1lj\u00e1k, hogy megfeleljenek a legszigor\u00fabb k\u00f6vetelm\u00e9nyeknek.A DouDou v\u00e1llalat tal\u00e1lkozik az anyuk\u00e1kkal, hogy meghallgassa ig\u00e9nyeiket \u00e9s gyermekeik k\u00edv\u00e1ns\u00e1gait :).A DouDou a legfinomabb anyagokb\u00f3l k\u00e9sz\u00fcl, id\u0151tlen diz\u00e1jnj\u00e1t pedig az \u00e9desany\u00e1k \u00e9s gyermekeik mindennapi \u00e9lete ihlette.Aj\u00e1nd\u00e9kdobozba csomagolva.M\u00e9ret: 0-6mAnyag:\u00a0\u00a0100% poli\u00e9szter\u00c1pol\u00e1s \u00e9s karbantart\u00e1s:mos\u00f3g\u00e9pben legfeljebb 30 \u00b0 C-on, k\u00edm\u00e9l\u0151 programon moshat\u00f3nem feh\u00e9r\u00edthet\u0151vegyileg nem tiszt\u00edthat\u00f3nem vasalhat\u00f3sz\u00e1r\u00edt\u00f3g\u00e9pben nem sz\u00e1r\u00edthat\u00f3<\/p>\n","protected":false},"excerpt":{"rendered":"<p>A nyuszis kivitel\u0171 DouDou babacip\u0151k aj\u00e1nd\u00e9kdobozba csomagolva \u00e9rkeznek.A DouDou term\u00e9kekn\u00e9l a biztons\u00e1g az els\u0151 &#8211; a term\u00e9keket\u00a0\u00a0\u00e9s az anyagokat folyamatosan fel\u00fclvizsg\u00e1lj\u00e1k, hogy megfeleljenek a legszigor\u00fabb k\u00f6vetelm\u00e9nyeknek.A DouDou v\u00e1llalat tal\u00e1lkozik az anyuk\u00e1kkal, hogy meghallgassa ig\u00e9nyeiket \u00e9s gyermekeik k\u00edv\u00e1ns\u00e1gait :).A DouDou a legfinomabb anyagokb\u00f3l k\u00e9sz\u00fcl, id\u0151tlen diz\u00e1jnj\u00e1t pedig az \u00e9desany\u00e1k \u00e9s gyermekeik mindennapi \u00e9lete ihlette.Aj\u00e1nd\u00e9kdobozba csomagolva.M\u00e9ret: 0-6mAnyag:\u00a0\u00a0100% [&hellip;]<\/p>\n","protected":false},"featured_media":475060,"template":"","meta":{"_acf_changed":false},"product_brand":[],"product_cat":[62,3369],"product_tag":[],"class_list":["post-475059","product","type-product","status-publish","has-post-thumbnail","product_cat-ajandekotletek","product_cat-babaapolas-ajandekotletek","first","instock","product-type-external"],"acf":[],"_links":{"self":[{"href":"https:\/\/horgaszhely.hu\/hun\/wp-json\/wp\/v2\/product\/475059","targetHints":{"allow":["GET"]}}],"collection":[{"href":"https:\/\/horgaszhely.hu\/hun\/wp-json\/wp\/v2\/product"}],"about":[{"href":"https:\/\/horgaszhely.hu\/hun\/wp-json\/wp\/v2\/types\/product"}],"wp:featuredmedia":[{"embeddable":true,"href":"https:\/\/horgaszhely.hu\/hun\/wp-json\/wp\/v2\/media\/475060"}],"wp:attachment":[{"href":"https:\/\/horgaszhely.hu\/hun\/wp-json\/wp\/v2\/media?parent=475059"}],"wp:term":[{"taxonomy":"product_brand","embeddable":true,"href":"https:\/\/horgaszhely.hu\/hun\/wp-json\/wp\/v2\/product_brand?post=475059"},{"taxonomy":"product_cat","embeddable":true,"href":"https:\/\/horgaszhely.hu\/hun\/wp-json\/wp\/v2\/product_cat?post=475059"},{"taxonomy":"product_tag","embeddable":true,"href":"https:\/\/horgaszhely.hu\/hun\/wp-json\/wp\/v2\/product_tag?post=475059"}],"curies":[{"name":"wp","href":"https:\/\/api.w.org\/{rel}","templated":true}]}}

DouDou et Compagnie Lapin Bonbon kék nyuszis babacipő PM 0-6 m

<p>A nyuszis kivitelű DouDou babacipők ajándékdobozba csomagolva érkeznek.A DouDou termékeknél a biztonság az első &#8211; a termékeket  és az anyagokat folyamatosan felülvizsgálják, hogy megfeleljenek a legszigorúbb követelményeknek.A DouDou vállalat találkozik az anyukákkal, hogy meghallgassa igényeiket és gyermekeik kívánságait :).A DouDou a legfinomabb anyagokból készül, időtlen dizájnját pedig az édesanyák és gyermekeik mindennapi élete ihlette.Ajándékdobozba csomagolva.Méret: 0-6mAnyag:  100% poliészterÁpolás és karbantartás:mosógépben legfeljebb 30 ° C-on, kímélő programon moshatónem fehéríthetővegyileg nem tisztíthatónem vasalhatószárítógépben nem szárítható</p>

<p>A nyuszis kivitelű DouDou babacipők ajándékdobozba csomagolva érkeznek.A DouDou termékeknél a biztonság az első &#8211; a termékeket  és az anyagokat folyamatosan felülvizsgálják, hogy megfeleljenek a legszigorúbb követelményeknek.A DouDou vállalat találkozik az anyukákkal, hogy meghallgassa igényeiket és gyermekeik kívánságait :).A DouDou a legfinomabb anyagokból készül, időtlen dizájnját pedig az édesanyák és gyermekeik mindennapi élete ihlette.Ajándékdobozba csomagolva.Méret: 0-6mAnyag:  100% [&hellip;]</p>
