{"id":475067,"date":"2026-08-24T10:39:00","date_gmt":"2026-08-24T08:39:00","guid":{"rendered":"https:\/\/horgaszhely.hu\/hun\/termek\/doudou-zenelo-ejszakai-feny-feher-zaj-es-projektor-eger\/"},"modified":"2026-08-24T10:39:01","modified_gmt":"2026-08-24T08:39:01","slug":"doudou-zenelo-ejszakai-feny-feher-zaj-es-projektor-eger","status":"publish","type":"product","link":"https:\/\/horgaszhely.hu\/hun\/termek\/doudou-zenelo-ejszakai-feny-feher-zaj-es-projektor-eger\/","title":{"rendered":"DouDou zen\u00e9l\u0151 \u00e9jszakai f\u00e9ny, feh\u00e9r zaj \u00e9s projektor Eg\u00e9r"},"content":{"rendered":"<p>A DouDou \u00e9jszakai f\u00e9ny kellemes, tomp\u00edtott f\u00e9nnyel rendelkezik, \u00e9s kellemes dallamot j\u00e1tszik, amely mellett gyermeke nyugodt \u00e9s zavartalan \u00e1lmot \u00e9lvezhet. A DouDou \u00e9jszakai f\u00e9ny 4 f\u00e9le sz\u00ednben vil\u00e1g\u00edthat: k\u00e9k, z\u00f6ld, narancss\u00e1rga \u00e9s s\u00e1rga.A DouDou pl\u00fcssfigura gyermeke mindennapi t\u00e1rsa, \u00e9s seg\u00edt neki \u00e1tv\u00e9szelni az anyuk\u00e1t\u00f3l vagy apuk\u00e1t\u00f3l val\u00f3 elv\u00e1l\u00e1s pillanatait. H\u0171s\u00e9ges t\u00e1rs, amelynek jelenl\u00e9te megnyugtatja a gyermeket, \u00e9s akivel biztons\u00e1gosan \u00f6lelkezhet, j\u00e1tszhat, vagy ak\u00e1r r\u00e1gcs\u00e1lhatja is. Emellett t\u00e1mogatja a gyermek k\u00e9pzel\u0151erej\u00e9t, \u00e9s v\u00e9gigk\u00eds\u00e9ri gyermekkor\u00e1n.A DouDou term\u00e9kekn\u00e9l a biztons\u00e1g az els\u0151 &#8211; a term\u00e9keket \u00e9s az anyagokat folyamatosan fel\u00fclvizsg\u00e1lj\u00e1k, hogy megfeleljenek a legszigor\u00fabb k\u00f6vetelm\u00e9nyeknek.A DouDou a legfinomabb anyagokb\u00f3l k\u00e9sz\u00fcl, id\u0151tlen diz\u00e1jnj\u00e1t pedig az \u00e9desany\u00e1k \u00e9s gyermekeik mindennapi \u00e9lete ihlette.Aj\u00e1nd\u00e9kdobozba csomagolva.Sz\u00fclet\u00e9st\u0151l alkalmas.M\u00e9ret: 20cmAnyag: 100% poli\u00e9szter\u00c1pol\u00e1s \u00e9s karbantart\u00e1s:nedves kend\u0151vel tiszt\u00edtsanem feh\u00e9r\u00edthet\u0151vegyileg nem tiszt\u00edthat\u00f3nem vasalhat\u00f3sz\u00e1r\u00edt\u00f3g\u00e9pben nem sz\u00e1r\u00edthat\u00f3<\/p>\n","protected":false},"excerpt":{"rendered":"<p>A DouDou \u00e9jszakai f\u00e9ny kellemes, tomp\u00edtott f\u00e9nnyel rendelkezik, \u00e9s kellemes dallamot j\u00e1tszik, amely mellett gyermeke nyugodt \u00e9s zavartalan \u00e1lmot \u00e9lvezhet. A DouDou \u00e9jszakai f\u00e9ny 4 f\u00e9le sz\u00ednben vil\u00e1g\u00edthat: k\u00e9k, z\u00f6ld, narancss\u00e1rga \u00e9s s\u00e1rga.A DouDou pl\u00fcssfigura gyermeke mindennapi t\u00e1rsa, \u00e9s seg\u00edt neki \u00e1tv\u00e9szelni az anyuk\u00e1t\u00f3l vagy apuk\u00e1t\u00f3l val\u00f3 elv\u00e1l\u00e1s pillanatait. H\u0171s\u00e9ges t\u00e1rs, amelynek jelenl\u00e9te megnyugtatja a [&hellip;]<\/p>\n","protected":false},"featured_media":475068,"template":"","meta":{"_acf_changed":false},"product_brand":[],"product_cat":[62,3369],"product_tag":[],"class_list":["post-475067","product","type-product","status-publish","has-post-thumbnail","product_cat-ajandekotletek","product_cat-babaapolas-ajandekotletek","first","instock","product-type-external"],"acf":[],"_links":{"self":[{"href":"https:\/\/horgaszhely.hu\/hun\/wp-json\/wp\/v2\/product\/475067","targetHints":{"allow":["GET"]}}],"collection":[{"href":"https:\/\/horgaszhely.hu\/hun\/wp-json\/wp\/v2\/product"}],"about":[{"href":"https:\/\/horgaszhely.hu\/hun\/wp-json\/wp\/v2\/types\/product"}],"wp:featuredmedia":[{"embeddable":true,"href":"https:\/\/horgaszhely.hu\/hun\/wp-json\/wp\/v2\/media\/475068"}],"wp:attachment":[{"href":"https:\/\/horgaszhely.hu\/hun\/wp-json\/wp\/v2\/media?parent=475067"}],"wp:term":[{"taxonomy":"product_brand","embeddable":true,"href":"https:\/\/horgaszhely.hu\/hun\/wp-json\/wp\/v2\/product_brand?post=475067"},{"taxonomy":"product_cat","embeddable":true,"href":"https:\/\/horgaszhely.hu\/hun\/wp-json\/wp\/v2\/product_cat?post=475067"},{"taxonomy":"product_tag","embeddable":true,"href":"https:\/\/horgaszhely.hu\/hun\/wp-json\/wp\/v2\/product_tag?post=475067"}],"curies":[{"name":"wp","href":"https:\/\/api.w.org\/{rel}","templated":true}]}}

DouDou zenélő éjszakai fény, fehér zaj és projektor Egér

<p>A DouDou éjszakai fény kellemes, tompított fénnyel rendelkezik, és kellemes dallamot játszik, amely mellett gyermeke nyugodt és zavartalan álmot élvezhet. A DouDou éjszakai fény 4 féle színben világíthat: kék, zöld, narancssárga és sárga.A DouDou plüssfigura gyermeke mindennapi társa, és segít neki átvészelni az anyukától vagy apukától való elválás pillanatait. Hűséges társ, amelynek jelenléte megnyugtatja a gyermeket, és akivel biztonságosan ölelkezhet, játszhat, vagy akár rágcsálhatja is. Emellett támogatja a gyermek képzelőerejét, és végigkíséri gyermekkorán.A DouDou termékeknél a biztonság az első &#8211; a termékeket és az anyagokat folyamatosan felülvizsgálják, hogy megfeleljenek a legszigorúbb követelményeknek.A DouDou a legfinomabb anyagokból készül, időtlen dizájnját pedig az édesanyák és gyermekeik mindennapi élete ihlette.Ajándékdobozba csomagolva.Születéstől alkalmas.Méret: 20cmAnyag: 100% poliészterÁpolás és karbantartás:nedves kendővel tisztítsanem fehéríthetővegyileg nem tisztíthatónem vasalhatószárítógépben nem szárítható</p>

<p>A DouDou éjszakai fény kellemes, tompított fénnyel rendelkezik, és kellemes dallamot játszik, amely mellett gyermeke nyugodt és zavartalan álmot élvezhet. A DouDou éjszakai fény 4 féle színben világíthat: kék, zöld, narancssárga és sárga.A DouDou plüssfigura gyermeke mindennapi társa, és segít neki átvészelni az anyukától vagy apukától való elválás pillanatait. Hűséges társ, amelynek jelenléte megnyugtatja a [&hellip;]</p>
