{"id":475069,"date":"2026-08-24T10:39:07","date_gmt":"2026-08-24T08:39:07","guid":{"rendered":"https:\/\/horgaszhely.hu\/hun\/termek\/jabadabado-fa-ora\/"},"modified":"2026-08-24T10:39:08","modified_gmt":"2026-08-24T08:39:08","slug":"jabadabado-fa-ora","status":"publish","type":"product","link":"https:\/\/horgaszhely.hu\/hun\/termek\/jabadabado-fa-ora\/","title":{"rendered":"Jabadabado fa \u00f3ra"},"content":{"rendered":"<p>A gyerekeknek k\u00e9sz\u00fclt tanul\u00f3 fa \u00f3ra gy\u00f6ny\u00f6r\u0171 pasztellsz\u00ednekben k\u00e9sz\u00fclt, formabedob\u00f3 j\u00e1t\u00e9kk\u00e9nt a gyermekek sz\u00e1m\u00e1ra. Mozgathat\u00f3 mutat\u00f3ival seg\u00e9deszk\u00f6zk\u00e9nt szolg\u00e1l az \u00f3ra tanul\u00e1s\u00e1hoz. A kisebb gyermekek sz\u00e1m\u00e1ra formaberak\u00f3k\u00e9nt \u2013 puzzle-k\u00e9nt is haszn\u00e1lhat\u00f3. Alkalmas az \u00f3ra interakt\u00edv \u00e9s\u00a0j\u00e1t\u00e9kos form\u00e1ban t\u00f6rt\u00e9n\u0151 megtanul\u00e1s\u00e1ra.A faj\u00e1t\u00e9kok t\u00e1mogatj\u00e1k a gyermekek eg\u00e9szs\u00e9ges fejl\u0151d\u00e9s\u00e9t, pszichomotorik\u00e1j\u00e1t \u00e9s\u00a0fant\u00e1zi\u00e1j\u00e1t. A gyermekek a sz\u00e1mokat a t\u00e1bl\u00e1n l\u00e9v\u0151 kiv\u00e1g\u00e1sokba helyezik, \u00e9s\u00a0forgatj\u00e1k a mutat\u00f3kat. K\u00f6nny\u0171ek, ez\u00e9rt a gyermek mag\u00e1val viheti \u0151ket az iskol\u00e1ba is, amikor az id\u0151 \u00e9s\u00a0az \u00f3ra meghat\u00e1roz\u00e1s\u00e1t tanulj\u00e1k.M\u00e9ret:\u00a0\u00e1tm\u00e9r\u0151 29,5 cm.\u00c9letkor: 3+<\/p>\n","protected":false},"excerpt":{"rendered":"<p>A gyerekeknek k\u00e9sz\u00fclt tanul\u00f3 fa \u00f3ra gy\u00f6ny\u00f6r\u0171 pasztellsz\u00ednekben k\u00e9sz\u00fclt, formabedob\u00f3 j\u00e1t\u00e9kk\u00e9nt a gyermekek sz\u00e1m\u00e1ra. Mozgathat\u00f3 mutat\u00f3ival seg\u00e9deszk\u00f6zk\u00e9nt szolg\u00e1l az \u00f3ra tanul\u00e1s\u00e1hoz. A kisebb gyermekek sz\u00e1m\u00e1ra formaberak\u00f3k\u00e9nt \u2013 puzzle-k\u00e9nt is haszn\u00e1lhat\u00f3. Alkalmas az \u00f3ra interakt\u00edv \u00e9s\u00a0j\u00e1t\u00e9kos form\u00e1ban t\u00f6rt\u00e9n\u0151 megtanul\u00e1s\u00e1ra.A faj\u00e1t\u00e9kok t\u00e1mogatj\u00e1k a gyermekek eg\u00e9szs\u00e9ges fejl\u0151d\u00e9s\u00e9t, pszichomotorik\u00e1j\u00e1t \u00e9s\u00a0fant\u00e1zi\u00e1j\u00e1t. A gyermekek a sz\u00e1mokat a t\u00e1bl\u00e1n l\u00e9v\u0151 kiv\u00e1g\u00e1sokba helyezik, [&hellip;]<\/p>\n","protected":false},"featured_media":475070,"template":"","meta":{"_acf_changed":false},"product_brand":[],"product_cat":[62,3369],"product_tag":[],"class_list":["post-475069","product","type-product","status-publish","has-post-thumbnail","product_cat-ajandekotletek","product_cat-babaapolas-ajandekotletek","first","instock","product-type-external"],"acf":[],"_links":{"self":[{"href":"https:\/\/horgaszhely.hu\/hun\/wp-json\/wp\/v2\/product\/475069","targetHints":{"allow":["GET"]}}],"collection":[{"href":"https:\/\/horgaszhely.hu\/hun\/wp-json\/wp\/v2\/product"}],"about":[{"href":"https:\/\/horgaszhely.hu\/hun\/wp-json\/wp\/v2\/types\/product"}],"wp:featuredmedia":[{"embeddable":true,"href":"https:\/\/horgaszhely.hu\/hun\/wp-json\/wp\/v2\/media\/475070"}],"wp:attachment":[{"href":"https:\/\/horgaszhely.hu\/hun\/wp-json\/wp\/v2\/media?parent=475069"}],"wp:term":[{"taxonomy":"product_brand","embeddable":true,"href":"https:\/\/horgaszhely.hu\/hun\/wp-json\/wp\/v2\/product_brand?post=475069"},{"taxonomy":"product_cat","embeddable":true,"href":"https:\/\/horgaszhely.hu\/hun\/wp-json\/wp\/v2\/product_cat?post=475069"},{"taxonomy":"product_tag","embeddable":true,"href":"https:\/\/horgaszhely.hu\/hun\/wp-json\/wp\/v2\/product_tag?post=475069"}],"curies":[{"name":"wp","href":"https:\/\/api.w.org\/{rel}","templated":true}]}}

Jabadabado fa óra

<p>A gyerekeknek készült tanuló fa óra gyönyörű pasztellszínekben készült, formabedobó játékként a gyermekek számára. Mozgatható mutatóival segédeszközként szolgál az óra tanulásához. A kisebb gyermekek számára formaberakóként – puzzle-ként is használható. Alkalmas az óra interaktív és játékos formában történő megtanulására.A fajátékok támogatják a gyermekek egészséges fejlődését, pszichomotorikáját és fantáziáját. A gyermekek a számokat a táblán lévő kivágásokba helyezik, és forgatják a mutatókat. Könnyűek, ezért a gyermek magával viheti őket az iskolába is, amikor az idő és az óra meghatározását tanulják.Méret: átmérő 29,5 cm.Életkor: 3+</p>

<p>A gyerekeknek készült tanuló fa óra gyönyörű pasztellszínekben készült, formabedobó játékként a gyermekek számára. Mozgatható mutatóival segédeszközként szolgál az óra tanulásához. A kisebb gyermekek számára formaberakóként – puzzle-ként is használható. Alkalmas az óra interaktív és játékos formában történő megtanulására.A fajátékok támogatják a gyermekek egészséges fejlődését, pszichomotorikáját és fantáziáját. A gyermekek a számokat a táblán lévő kivágásokba helyezik, [&hellip;]</p>
