{"id":475073,"date":"2026-08-24T10:39:13","date_gmt":"2026-08-24T08:39:13","guid":{"rendered":"https:\/\/horgaszhely.hu\/hun\/termek\/effiki-pamut-baby-takaro-szurke\/"},"modified":"2026-08-24T10:39:14","modified_gmt":"2026-08-24T08:39:14","slug":"effiki-pamut-baby-takaro-szurke","status":"publish","type":"product","link":"https:\/\/horgaszhely.hu\/hun\/termek\/effiki-pamut-baby-takaro-szurke\/","title":{"rendered":"Effiki &#8211; Pamut BABY takar\u00f3 &#8211; Sz\u00fcrke"},"content":{"rendered":"<p>Effiki &#8211; Pamut BABY takar\u00f3:Egyed\u00fcl\u00e1ll\u00f3 Effiki takar\u00f3 a legjobb min\u0151s\u00e9g\u0171 term\u00e9szetes pamutb\u00f3l.Ide\u00e1lis els\u0151 takar\u00f3k\u00e9nt a k\u00f3rh\u00e1zba, s\u00e9t\u00e1hoz, \u00f6sszeb\u00faj\u00e1shoz vagy alv\u00e1shoz.K\u00f6nny\u0171, kellemes \u00e9s egyben meleg100% pamutM\u00e9retek: 75 x 90 cma fonal OEKO-TEX tan\u00fas\u00edtv\u00e1nnyal rendelkezikAmennyiben szeretn\u00e9, hogy term\u00e9keink hossz\u00fa ideig meg\u0151rizz\u00e9k friss sz\u00edn\u00fcket, \u00e9s az anyag sok mos\u00e1s ut\u00e1n is kellemes \u00e9s puha maradjon, k\u00f6vesse az al\u00e1bbi aj\u00e1nl\u00e1sokat:\u00a0Mos\u00f3g\u00e9pben 30\u00b0-on moshat\u00f3legfeljebb 150 \u00b0-on vasalhat\u00f3vegyileg nem tiszt\u00edthat\u00f3nem feh\u00e9r\u00edthet\u0151.<\/p>\n","protected":false},"excerpt":{"rendered":"<p>Effiki &#8211; Pamut BABY takar\u00f3:Egyed\u00fcl\u00e1ll\u00f3 Effiki takar\u00f3 a legjobb min\u0151s\u00e9g\u0171 term\u00e9szetes pamutb\u00f3l.Ide\u00e1lis els\u0151 takar\u00f3k\u00e9nt a k\u00f3rh\u00e1zba, s\u00e9t\u00e1hoz, \u00f6sszeb\u00faj\u00e1shoz vagy alv\u00e1shoz.K\u00f6nny\u0171, kellemes \u00e9s egyben meleg100% pamutM\u00e9retek: 75 x 90 cma fonal OEKO-TEX tan\u00fas\u00edtv\u00e1nnyal rendelkezikAmennyiben szeretn\u00e9, hogy term\u00e9keink hossz\u00fa ideig meg\u0151rizz\u00e9k friss sz\u00edn\u00fcket, \u00e9s az anyag sok mos\u00e1s ut\u00e1n is kellemes \u00e9s puha maradjon, k\u00f6vesse az al\u00e1bbi [&hellip;]<\/p>\n","protected":false},"featured_media":475074,"template":"","meta":{"_acf_changed":false},"product_brand":[],"product_cat":[62,3369],"product_tag":[],"class_list":["post-475073","product","type-product","status-publish","has-post-thumbnail","product_cat-ajandekotletek","product_cat-babaapolas-ajandekotletek","first","instock","product-type-external"],"acf":[],"_links":{"self":[{"href":"https:\/\/horgaszhely.hu\/hun\/wp-json\/wp\/v2\/product\/475073","targetHints":{"allow":["GET"]}}],"collection":[{"href":"https:\/\/horgaszhely.hu\/hun\/wp-json\/wp\/v2\/product"}],"about":[{"href":"https:\/\/horgaszhely.hu\/hun\/wp-json\/wp\/v2\/types\/product"}],"wp:featuredmedia":[{"embeddable":true,"href":"https:\/\/horgaszhely.hu\/hun\/wp-json\/wp\/v2\/media\/475074"}],"wp:attachment":[{"href":"https:\/\/horgaszhely.hu\/hun\/wp-json\/wp\/v2\/media?parent=475073"}],"wp:term":[{"taxonomy":"product_brand","embeddable":true,"href":"https:\/\/horgaszhely.hu\/hun\/wp-json\/wp\/v2\/product_brand?post=475073"},{"taxonomy":"product_cat","embeddable":true,"href":"https:\/\/horgaszhely.hu\/hun\/wp-json\/wp\/v2\/product_cat?post=475073"},{"taxonomy":"product_tag","embeddable":true,"href":"https:\/\/horgaszhely.hu\/hun\/wp-json\/wp\/v2\/product_tag?post=475073"}],"curies":[{"name":"wp","href":"https:\/\/api.w.org\/{rel}","templated":true}]}}

Effiki &#8211; Pamut BABY takaró &#8211; Szürke

<p>Effiki &#8211; Pamut BABY takaró:Egyedülálló Effiki takaró a legjobb minőségű természetes pamutból.Ideális első takaróként a kórházba, sétához, összebújáshoz vagy alváshoz.Könnyű, kellemes és egyben meleg100% pamutMéretek: 75 x 90 cma fonal OEKO-TEX tanúsítvánnyal rendelkezikAmennyiben szeretné, hogy termékeink hosszú ideig megőrizzék friss színüket, és az anyag sok mosás után is kellemes és puha maradjon, kövesse az alábbi ajánlásokat: Mosógépben 30°-on moshatólegfeljebb 150 °-on vasalhatóvegyileg nem tisztíthatónem fehéríthető.</p>

<p>Effiki &#8211; Pamut BABY takaró:Egyedülálló Effiki takaró a legjobb minőségű természetes pamutból.Ideális első takaróként a kórházba, sétához, összebújáshoz vagy alváshoz.Könnyű, kellemes és egyben meleg100% pamutMéretek: 75 x 90 cma fonal OEKO-TEX tanúsítvánnyal rendelkezikAmennyiben szeretné, hogy termékeink hosszú ideig megőrizzék friss színüket, és az anyag sok mosás után is kellemes és puha maradjon, kövesse az alábbi [&hellip;]</p>
