{"id":475075,"date":"2026-08-24T10:39:15","date_gmt":"2026-08-24T08:39:15","guid":{"rendered":"https:\/\/horgaszhely.hu\/hun\/termek\/effiki-bambusz-swaddle-takaro-70x100-golfista\/"},"modified":"2026-08-24T10:39:16","modified_gmt":"2026-08-24T08:39:16","slug":"effiki-bambusz-swaddle-takaro-70x100-golfista","status":"publish","type":"product","link":"https:\/\/horgaszhely.hu\/hun\/termek\/effiki-bambusz-swaddle-takaro-70x100-golfista\/","title":{"rendered":"Effiki bambusz swaddle takar\u00f3 70&#215;100 golfista"},"content":{"rendered":"<p>Csod\u00e1latosan puha Effiki swaddle bambusz takar\u00f3 100% tan\u00fas\u00edtott hipoallerg\u00e9n anyagb\u00f3l, Effik nyuszis mot\u00edvummal.Mivel hipoallerg\u00e9n, m\u00e1r a baba els\u0151 napjait\u00f3l alkalmas a haszn\u00e1latra. A ny\u00e1ri h\u00f3napokban kiv\u00e1l\u00f3an szolg\u00e1l k\u00f6nny\u0171 takar\u00f3k\u00e9nt, megakad\u00e1lyozza a baba t\u00falmeleged\u00e9s\u00e9t, \u00e9s megv\u00e9di az UV-sug\u00e1rz\u00e1st\u00f3l. T\u00e9len viszont finoman meleg\u00edt, vagy belt\u00e9rben seg\u00edt elker\u00fclni a t\u00falmeleged\u00e9st.A takar\u00f3 sokf\u00e9lek\u00e9ppen haszn\u00e1lhat\u00f3, p\u00e9ld\u00e1ul babakocsi \u00e1rny\u00e9kol\u00f3k\u00e9nt is j\u00f3l szolg\u00e1l.\u00a0Nem klasszikus meleg pl\u00e9d, hanem finom, l\u00e9g\u00e1tereszt\u0151 bambusz takar\u00f3.\u00a0\u00d6sszet\u00e9tel: 100% bambuszM\u00e9ret: 70 x 100\u00a0cm\u00a0<\/p>\n","protected":false},"excerpt":{"rendered":"<p>Csod\u00e1latosan puha Effiki swaddle bambusz takar\u00f3 100% tan\u00fas\u00edtott hipoallerg\u00e9n anyagb\u00f3l, Effik nyuszis mot\u00edvummal.Mivel hipoallerg\u00e9n, m\u00e1r a baba els\u0151 napjait\u00f3l alkalmas a haszn\u00e1latra. A ny\u00e1ri h\u00f3napokban kiv\u00e1l\u00f3an szolg\u00e1l k\u00f6nny\u0171 takar\u00f3k\u00e9nt, megakad\u00e1lyozza a baba t\u00falmeleged\u00e9s\u00e9t, \u00e9s megv\u00e9di az UV-sug\u00e1rz\u00e1st\u00f3l. T\u00e9len viszont finoman meleg\u00edt, vagy belt\u00e9rben seg\u00edt elker\u00fclni a t\u00falmeleged\u00e9st.A takar\u00f3 sokf\u00e9lek\u00e9ppen haszn\u00e1lhat\u00f3, p\u00e9ld\u00e1ul babakocsi \u00e1rny\u00e9kol\u00f3k\u00e9nt is j\u00f3l [&hellip;]<\/p>\n","protected":false},"featured_media":475076,"template":"","meta":{"_acf_changed":false},"product_brand":[],"product_cat":[62,3369],"product_tag":[],"class_list":["post-475075","product","type-product","status-publish","has-post-thumbnail","product_cat-ajandekotletek","product_cat-babaapolas-ajandekotletek","first","instock","product-type-external"],"acf":[],"_links":{"self":[{"href":"https:\/\/horgaszhely.hu\/hun\/wp-json\/wp\/v2\/product\/475075","targetHints":{"allow":["GET"]}}],"collection":[{"href":"https:\/\/horgaszhely.hu\/hun\/wp-json\/wp\/v2\/product"}],"about":[{"href":"https:\/\/horgaszhely.hu\/hun\/wp-json\/wp\/v2\/types\/product"}],"wp:featuredmedia":[{"embeddable":true,"href":"https:\/\/horgaszhely.hu\/hun\/wp-json\/wp\/v2\/media\/475076"}],"wp:attachment":[{"href":"https:\/\/horgaszhely.hu\/hun\/wp-json\/wp\/v2\/media?parent=475075"}],"wp:term":[{"taxonomy":"product_brand","embeddable":true,"href":"https:\/\/horgaszhely.hu\/hun\/wp-json\/wp\/v2\/product_brand?post=475075"},{"taxonomy":"product_cat","embeddable":true,"href":"https:\/\/horgaszhely.hu\/hun\/wp-json\/wp\/v2\/product_cat?post=475075"},{"taxonomy":"product_tag","embeddable":true,"href":"https:\/\/horgaszhely.hu\/hun\/wp-json\/wp\/v2\/product_tag?post=475075"}],"curies":[{"name":"wp","href":"https:\/\/api.w.org\/{rel}","templated":true}]}}

Effiki bambusz swaddle takaró 70&#215;100 golfista

<p>Csodálatosan puha Effiki swaddle bambusz takaró 100% tanúsított hipoallergén anyagból, Effik nyuszis motívummal.Mivel hipoallergén, már a baba első napjaitól alkalmas a használatra. A nyári hónapokban kiválóan szolgál könnyű takaróként, megakadályozza a baba túlmelegedését, és megvédi az UV-sugárzástól. Télen viszont finoman melegít, vagy beltérben segít elkerülni a túlmelegedést.A takaró sokféleképpen használható, például babakocsi árnyékolóként is jól szolgál. Nem klasszikus meleg pléd, hanem finom, légáteresztő bambusz takaró. Összetétel: 100% bambuszMéret: 70 x 100 cm </p>

<p>Csodálatosan puha Effiki swaddle bambusz takaró 100% tanúsított hipoallergén anyagból, Effik nyuszis motívummal.Mivel hipoallergén, már a baba első napjaitól alkalmas a használatra. A nyári hónapokban kiválóan szolgál könnyű takaróként, megakadályozza a baba túlmelegedését, és megvédi az UV-sugárzástól. Télen viszont finoman melegít, vagy beltérben segít elkerülni a túlmelegedést.A takaró sokféleképpen használható, például babakocsi árnyékolóként is jól [&hellip;]</p>
