{"id":475077,"date":"2026-08-24T10:39:17","date_gmt":"2026-08-24T08:39:17","guid":{"rendered":"https:\/\/horgaszhely.hu\/hun\/termek\/effiki-gyerek-hatizsak-strandon\/"},"modified":"2026-08-24T10:39:18","modified_gmt":"2026-08-24T08:39:18","slug":"effiki-gyerek-hatizsak-strandon","status":"publish","type":"product","link":"https:\/\/horgaszhely.hu\/hun\/termek\/effiki-gyerek-hatizsak-strandon\/","title":{"rendered":"Effiki gyerek h\u00e1tizs\u00e1k strandon"},"content":{"rendered":"<p>Az Effiki gy\u00f6ny\u00f6r\u0171 gyerek h\u00e1tizs\u00e1k sok gyermeknek \u00f6r\u00f6met szerez. A sz\u00e9p sz\u00edn \u00e9jszaka f\u00e9nyvisszaver\u0151, ami biztons\u00e1got ny\u00fajt utaz\u00e1s \u00e9s kir\u00e1ndul\u00e1sok sor\u00e1n.\u00a0A gyerek h\u00e1tizs\u00e1k oldalzsebekkel rendelkezik, az egyik zseb h\u00e1l\u00f3s anyagb\u00f3l k\u00e9sz\u00fclt, \u00e9s palack sz\u00e1m\u00e1ra alkalmas. A h\u00e1tizs\u00e1k belsej\u00e9ben c\u00edmke tal\u00e1lhat\u00f3 a gyermek nev\u00e9nek.M\u00e9retek: 31 cm x 24 cm x 11 cm\u0170rtartalom: 8 lAnyag: 100% poli\u00e9szter, v\u00edz\u00e1ll\u00f3 anyag\u00c9letkor: +3\u00c1pol\u00e1s:k\u00e9zzel tiszt\u00edtsane feh\u00e9r\u00edtsene sz\u00e1r\u00edtsa<\/p>\n","protected":false},"excerpt":{"rendered":"<p>Az Effiki gy\u00f6ny\u00f6r\u0171 gyerek h\u00e1tizs\u00e1k sok gyermeknek \u00f6r\u00f6met szerez. A sz\u00e9p sz\u00edn \u00e9jszaka f\u00e9nyvisszaver\u0151, ami biztons\u00e1got ny\u00fajt utaz\u00e1s \u00e9s kir\u00e1ndul\u00e1sok sor\u00e1n.\u00a0A gyerek h\u00e1tizs\u00e1k oldalzsebekkel rendelkezik, az egyik zseb h\u00e1l\u00f3s anyagb\u00f3l k\u00e9sz\u00fclt, \u00e9s palack sz\u00e1m\u00e1ra alkalmas. A h\u00e1tizs\u00e1k belsej\u00e9ben c\u00edmke tal\u00e1lhat\u00f3 a gyermek nev\u00e9nek.M\u00e9retek: 31 cm x 24 cm x 11 cm\u0170rtartalom: 8 lAnyag: 100% poli\u00e9szter, [&hellip;]<\/p>\n","protected":false},"featured_media":475078,"template":"","meta":{"_acf_changed":false},"product_brand":[],"product_cat":[62,3369],"product_tag":[],"class_list":["post-475077","product","type-product","status-publish","has-post-thumbnail","product_cat-ajandekotletek","product_cat-babaapolas-ajandekotletek","first","instock","product-type-external"],"acf":[],"_links":{"self":[{"href":"https:\/\/horgaszhely.hu\/hun\/wp-json\/wp\/v2\/product\/475077","targetHints":{"allow":["GET"]}}],"collection":[{"href":"https:\/\/horgaszhely.hu\/hun\/wp-json\/wp\/v2\/product"}],"about":[{"href":"https:\/\/horgaszhely.hu\/hun\/wp-json\/wp\/v2\/types\/product"}],"wp:featuredmedia":[{"embeddable":true,"href":"https:\/\/horgaszhely.hu\/hun\/wp-json\/wp\/v2\/media\/475078"}],"wp:attachment":[{"href":"https:\/\/horgaszhely.hu\/hun\/wp-json\/wp\/v2\/media?parent=475077"}],"wp:term":[{"taxonomy":"product_brand","embeddable":true,"href":"https:\/\/horgaszhely.hu\/hun\/wp-json\/wp\/v2\/product_brand?post=475077"},{"taxonomy":"product_cat","embeddable":true,"href":"https:\/\/horgaszhely.hu\/hun\/wp-json\/wp\/v2\/product_cat?post=475077"},{"taxonomy":"product_tag","embeddable":true,"href":"https:\/\/horgaszhely.hu\/hun\/wp-json\/wp\/v2\/product_tag?post=475077"}],"curies":[{"name":"wp","href":"https:\/\/api.w.org\/{rel}","templated":true}]}}

Effiki gyerek hátizsák strandon

<p>Az Effiki gyönyörű gyerek hátizsák sok gyermeknek örömet szerez. A szép szín éjszaka fényvisszaverő, ami biztonságot nyújt utazás és kirándulások során. A gyerek hátizsák oldalzsebekkel rendelkezik, az egyik zseb hálós anyagból készült, és palack számára alkalmas. A hátizsák belsejében címke található a gyermek nevének.Méretek: 31 cm x 24 cm x 11 cmŰrtartalom: 8 lAnyag: 100% poliészter, vízálló anyagÉletkor: +3Ápolás:kézzel tisztítsane fehérítsene szárítsa</p>

<p>Az Effiki gyönyörű gyerek hátizsák sok gyermeknek örömet szerez. A szép szín éjszaka fényvisszaverő, ami biztonságot nyújt utazás és kirándulások során. A gyerek hátizsák oldalzsebekkel rendelkezik, az egyik zseb hálós anyagból készült, és palack számára alkalmas. A hátizsák belsejében címke található a gyermek nevének.Méretek: 31 cm x 24 cm x 11 cmŰrtartalom: 8 lAnyag: 100% poliészter, [&hellip;]</p>
