{"id":475085,"date":"2026-08-24T10:39:27","date_gmt":"2026-08-24T08:39:27","guid":{"rendered":"https:\/\/horgaszhely.hu\/hun\/termek\/effiki-zold-ragoka\/"},"modified":"2026-08-24T10:39:28","modified_gmt":"2026-08-24T08:39:28","slug":"effiki-zold-ragoka","status":"publish","type":"product","link":"https:\/\/horgaszhely.hu\/hun\/termek\/effiki-zold-ragoka\/","title":{"rendered":"Effiki z\u00f6ld r\u00e1g\u00f3ka"},"content":{"rendered":"<p>A gyermekeknek k\u00e9sz\u00fclt szilikon r\u00e1g\u00f3k\u00e1k nagy seg\u00edts\u00e9get ny\u00fajtanak abban az\u00a0id\u0151szakban, amikor kib\u00fajnak a fogacsk\u00e1k. Megnyugtatj\u00e1k az irrit\u00e1lt \u00e9s\u00a0duzzadt \u00ednyt. \u00c1tgondolt form\u00e1juknak k\u00f6sz\u00f6nhet\u0151en a gyermekek k\u00f6nnyen megfoghatj\u00e1k, \u00e9s\u00a0\u00f6n\u00e1ll\u00f3an a sz\u00e1jukba vehetik \u0151ket.A k\u00e9zmozdulatok seg\u00edts\u00e9g\u00e9vel \u00edgy massz\u00edrozz\u00e1k az \u00edny\u00fcket, \u00e9s\u00a0t\u00e1mogatj\u00e1k a fogacsk\u00e1k el\u0151b\u00faj\u00e1s\u00e1t. A r\u00e1g\u00f3k\u00e1k apr\u00f3 kiemelked\u00e9sei massz\u00edrozz\u00e1k a fogak k\u00f6r\u00fcli viszket\u0151 ter\u00fcletet.100%-ban\u00a0biztons\u00e1gos szilikonb\u00f3l k\u00e9sz\u00fclnek. Ez az anyag nagyon kellemes a r\u00e1g\u00f3k\u00e1kon. K\u00f6nnyen tiszt\u00e1n tarthat\u00f3, k\u00f6nny\u0171, \u00e9s\u00a0a legkisebb gyermekek sz\u00e1m\u00e1ra is megfelel\u0151. Ezek a r\u00e1g\u00f3k\u00e1k szigor\u00fa szabv\u00e1nyoknak felelnek meg, \u00e9s\u00a0rendszeres ellen\u0151rz\u00e9seken esnek \u00e1t, hogy a lehet\u0151 legbiztons\u00e1gosabbak legyenek a gyermekek sz\u00e1m\u00e1ra. Nem tartalmaznak k\u00e1ros BPA- vagy PVC-anyagokat.Egy megfelel\u0151 r\u00e1g\u00f3k\u00e1val sokat seg\u00edthet gyermek\u00e9nek ebben a\u00a0neh\u00e9z fogz\u00e1si id\u0151szakban.\u00a0Az Effiki r\u00e1g\u00f3k\u00e1k k\u00f6nnyen tiszt\u00e1n tarthat\u00f3k, mosogat\u00f3g\u00e9pben moshat\u00f3k, vagy foly\u00f3 v\u00edz alatt le\u00f6bl\u00edthet\u0151k \u00e9s\u00a0alaposan megtiszt\u00edthat\u00f3k. A tiszt\u00edt\u00e1shoz ne haszn\u00e1ljon f\u00e9mszivacsot vagy d\u00f6rzshat\u00e1s\u00fa szivacsot.M\u00e9retek: 12,5 cm x 9,5 cmAnyag: 100% szilikon,\u00a0BPA- \u00e9s PVC-mentes<\/p>\n","protected":false},"excerpt":{"rendered":"<p>A gyermekeknek k\u00e9sz\u00fclt szilikon r\u00e1g\u00f3k\u00e1k nagy seg\u00edts\u00e9get ny\u00fajtanak abban az\u00a0id\u0151szakban, amikor kib\u00fajnak a fogacsk\u00e1k. Megnyugtatj\u00e1k az irrit\u00e1lt \u00e9s\u00a0duzzadt \u00ednyt. \u00c1tgondolt form\u00e1juknak k\u00f6sz\u00f6nhet\u0151en a gyermekek k\u00f6nnyen megfoghatj\u00e1k, \u00e9s\u00a0\u00f6n\u00e1ll\u00f3an a sz\u00e1jukba vehetik \u0151ket.A k\u00e9zmozdulatok seg\u00edts\u00e9g\u00e9vel \u00edgy massz\u00edrozz\u00e1k az \u00edny\u00fcket, \u00e9s\u00a0t\u00e1mogatj\u00e1k a fogacsk\u00e1k el\u0151b\u00faj\u00e1s\u00e1t. A r\u00e1g\u00f3k\u00e1k apr\u00f3 kiemelked\u00e9sei massz\u00edrozz\u00e1k a fogak k\u00f6r\u00fcli viszket\u0151 ter\u00fcletet.100%-ban\u00a0biztons\u00e1gos szilikonb\u00f3l k\u00e9sz\u00fclnek. Ez az [&hellip;]<\/p>\n","protected":false},"featured_media":475086,"template":"","meta":{"_acf_changed":false},"product_brand":[],"product_cat":[62,3369],"product_tag":[],"class_list":["post-475085","product","type-product","status-publish","has-post-thumbnail","product_cat-ajandekotletek","product_cat-babaapolas-ajandekotletek","first","instock","product-type-external"],"acf":[],"_links":{"self":[{"href":"https:\/\/horgaszhely.hu\/hun\/wp-json\/wp\/v2\/product\/475085","targetHints":{"allow":["GET"]}}],"collection":[{"href":"https:\/\/horgaszhely.hu\/hun\/wp-json\/wp\/v2\/product"}],"about":[{"href":"https:\/\/horgaszhely.hu\/hun\/wp-json\/wp\/v2\/types\/product"}],"wp:featuredmedia":[{"embeddable":true,"href":"https:\/\/horgaszhely.hu\/hun\/wp-json\/wp\/v2\/media\/475086"}],"wp:attachment":[{"href":"https:\/\/horgaszhely.hu\/hun\/wp-json\/wp\/v2\/media?parent=475085"}],"wp:term":[{"taxonomy":"product_brand","embeddable":true,"href":"https:\/\/horgaszhely.hu\/hun\/wp-json\/wp\/v2\/product_brand?post=475085"},{"taxonomy":"product_cat","embeddable":true,"href":"https:\/\/horgaszhely.hu\/hun\/wp-json\/wp\/v2\/product_cat?post=475085"},{"taxonomy":"product_tag","embeddable":true,"href":"https:\/\/horgaszhely.hu\/hun\/wp-json\/wp\/v2\/product_tag?post=475085"}],"curies":[{"name":"wp","href":"https:\/\/api.w.org\/{rel}","templated":true}]}}

Effiki zöld rágóka

<p>A gyermekeknek készült szilikon rágókák nagy segítséget nyújtanak abban az időszakban, amikor kibújnak a fogacskák. Megnyugtatják az irritált és duzzadt ínyt. Átgondolt formájuknak köszönhetően a gyermekek könnyen megfoghatják, és önállóan a szájukba vehetik őket.A kézmozdulatok segítségével így masszírozzák az ínyüket, és támogatják a fogacskák előbújását. A rágókák apró kiemelkedései masszírozzák a fogak körüli viszkető területet.100%-ban biztonságos szilikonból készülnek. Ez az anyag nagyon kellemes a rágókákon. Könnyen tisztán tartható, könnyű, és a legkisebb gyermekek számára is megfelelő. Ezek a rágókák szigorú szabványoknak felelnek meg, és rendszeres ellenőrzéseken esnek át, hogy a lehető legbiztonságosabbak legyenek a gyermekek számára. Nem tartalmaznak káros BPA- vagy PVC-anyagokat.Egy megfelelő rágókával sokat segíthet gyermekének ebben a nehéz fogzási időszakban. Az Effiki rágókák könnyen tisztán tarthatók, mosogatógépben moshatók, vagy folyó víz alatt leöblíthetők és alaposan megtisztíthatók. A tisztításhoz ne használjon fémszivacsot vagy dörzshatású szivacsot.Méretek: 12,5 cm x 9,5 cmAnyag: 100% szilikon, BPA- és PVC-mentes</p>

<p>A gyermekeknek készült szilikon rágókák nagy segítséget nyújtanak abban az időszakban, amikor kibújnak a fogacskák. Megnyugtatják az irritált és duzzadt ínyt. Átgondolt formájuknak köszönhetően a gyermekek könnyen megfoghatják, és önállóan a szájukba vehetik őket.A kézmozdulatok segítségével így masszírozzák az ínyüket, és támogatják a fogacskák előbújását. A rágókák apró kiemelkedései masszírozzák a fogak körüli viszkető területet.100%-ban biztonságos szilikonból készülnek. Ez az [&hellip;]</p>
