{"id":475087,"date":"2026-08-24T10:39:29","date_gmt":"2026-08-24T08:39:29","guid":{"rendered":"https:\/\/horgaszhely.hu\/hun\/termek\/effiki-polya-kek-nyuszik\/"},"modified":"2026-08-24T10:39:30","modified_gmt":"2026-08-24T08:39:30","slug":"effiki-polya-kek-nyuszik","status":"publish","type":"product","link":"https:\/\/horgaszhely.hu\/hun\/termek\/effiki-polya-kek-nyuszik\/","title":{"rendered":"Effiki p\u00f3lya \u2013 k\u00e9k nyuszik"},"content":{"rendered":"<p>Az Effiki babap\u00f3lya m\u00e1r r\u00e9g\u00f3ta felv\u00e1ltotta a hagyom\u00e1nyos babatakar\u00f3kat, amelyekbe az \u00fajsz\u00fcl\u00f6tteket \u00e9s\u00a0a csecsem\u0151ket \u00e9let\u00fck els\u0151 heteiben becsavart\u00e1k. Rendk\u00edv\u00fcl praktikus seg\u00edts\u00e9g, amelyet babakocsiban, kis\u00e1gyban, utaz\u00e1s k\u00f6zben \u00e9s\u00a0otthon is haszn\u00e1lhat.A kisbab\u00e1nak k\u00e9nyelmet biztos\u00edt alv\u00e1s \u00e9s\u00a0hordoz\u00e1s k\u00f6zben. A feln\u0151tteknek megfelel\u0151 al\u00e1t\u00e1maszt\u00e1st ny\u00fajt a baba felemel\u00e9sekor, \u00e9s\u00a0egyszer\u0171bb\u00e9, valamint biztons\u00e1gosabb\u00e1 teszi a mozgat\u00e1s\u00e1t. A kisbaba melegben \u00e9s\u00a0k\u00e9nyelemben marad, amelyr\u0151l a kiv\u00e1l\u00f3 min\u0151s\u00e9g\u0171 anyag is gondoskodik.A t\u00f6ltet\u00a0\u00a0100% hipoallerg\u00e9n hab, a k\u00fcls\u0151 r\u00e9sz pedig finom pamutszat\u00e9nb\u00f3l k\u00e9sz\u00fclt.Az Effiki p\u00f3ly\u00e1t egyszer\u0171en hajtsa \u00f6ssze, majd oldalt k\u00f6sse meg a szalaggal. A\u00a0kis\u00e1gyban a bab\u00e1t a kiter\u00edtett p\u00f3ly\u00e1n is hagyhatja, nagyobb gyermek eset\u00e9n pedig fekv\u0151- vagy j\u00e1tsz\u00f3al\u00e1t\u00e9tk\u00e9nt, illetve takar\u00f3k\u00e9nt is haszn\u00e1lhat\u00f3.M\u00e9retek: 70 x 70 cmAnyag: szat\u00e9npamutT\u00f6ltet: 100% hipoallerg\u00e9n habOeko &#8211; Tex Standard 100 tan\u00fas\u00edtv\u00e1nyA term\u00e9k \u00e1pol\u00e1sa, hogy min\u00e9l tov\u00e1bb meg\u0151rizze\u00a0sz\u00edn\u00e9t\u00a0\u00e9s min\u0151s\u00e9g\u00e9t:mos\u00f3g\u00e9pben 40\u00b0-on moshat\u00f3az eg\u00e9sz term\u00e9k mos\u00f3g\u00e9pben, centrifug\u00e1l\u00e1s n\u00e9lk\u00fcl moshat\u00f3kiter\u00edtve, v\u00edzszintesen sz\u00e1r\u00edtsalegfeljebb 150\u00b0-on vasalhat\u00f3vegyileg nem tiszt\u00edthat\u00f3nem feh\u00e9r\u00edthet\u0151.<\/p>\n","protected":false},"excerpt":{"rendered":"<p>Az Effiki babap\u00f3lya m\u00e1r r\u00e9g\u00f3ta felv\u00e1ltotta a hagyom\u00e1nyos babatakar\u00f3kat, amelyekbe az \u00fajsz\u00fcl\u00f6tteket \u00e9s\u00a0a csecsem\u0151ket \u00e9let\u00fck els\u0151 heteiben becsavart\u00e1k. Rendk\u00edv\u00fcl praktikus seg\u00edts\u00e9g, amelyet babakocsiban, kis\u00e1gyban, utaz\u00e1s k\u00f6zben \u00e9s\u00a0otthon is haszn\u00e1lhat.A kisbab\u00e1nak k\u00e9nyelmet biztos\u00edt alv\u00e1s \u00e9s\u00a0hordoz\u00e1s k\u00f6zben. A feln\u0151tteknek megfelel\u0151 al\u00e1t\u00e1maszt\u00e1st ny\u00fajt a baba felemel\u00e9sekor, \u00e9s\u00a0egyszer\u0171bb\u00e9, valamint biztons\u00e1gosabb\u00e1 teszi a mozgat\u00e1s\u00e1t. A kisbaba melegben \u00e9s\u00a0k\u00e9nyelemben marad, amelyr\u0151l [&hellip;]<\/p>\n","protected":false},"featured_media":475088,"template":"","meta":{"_acf_changed":false},"product_brand":[],"product_cat":[62,3369],"product_tag":[],"class_list":["post-475087","product","type-product","status-publish","has-post-thumbnail","product_cat-ajandekotletek","product_cat-babaapolas-ajandekotletek","first","instock","product-type-external"],"acf":[],"_links":{"self":[{"href":"https:\/\/horgaszhely.hu\/hun\/wp-json\/wp\/v2\/product\/475087","targetHints":{"allow":["GET"]}}],"collection":[{"href":"https:\/\/horgaszhely.hu\/hun\/wp-json\/wp\/v2\/product"}],"about":[{"href":"https:\/\/horgaszhely.hu\/hun\/wp-json\/wp\/v2\/types\/product"}],"wp:featuredmedia":[{"embeddable":true,"href":"https:\/\/horgaszhely.hu\/hun\/wp-json\/wp\/v2\/media\/475088"}],"wp:attachment":[{"href":"https:\/\/horgaszhely.hu\/hun\/wp-json\/wp\/v2\/media?parent=475087"}],"wp:term":[{"taxonomy":"product_brand","embeddable":true,"href":"https:\/\/horgaszhely.hu\/hun\/wp-json\/wp\/v2\/product_brand?post=475087"},{"taxonomy":"product_cat","embeddable":true,"href":"https:\/\/horgaszhely.hu\/hun\/wp-json\/wp\/v2\/product_cat?post=475087"},{"taxonomy":"product_tag","embeddable":true,"href":"https:\/\/horgaszhely.hu\/hun\/wp-json\/wp\/v2\/product_tag?post=475087"}],"curies":[{"name":"wp","href":"https:\/\/api.w.org\/{rel}","templated":true}]}}

Effiki pólya – kék nyuszik

<p>Az Effiki babapólya már régóta felváltotta a hagyományos babatakarókat, amelyekbe az újszülötteket és a csecsemőket életük első heteiben becsavarták. Rendkívül praktikus segítség, amelyet babakocsiban, kiságyban, utazás közben és otthon is használhat.A kisbabának kényelmet biztosít alvás és hordozás közben. A felnőtteknek megfelelő alátámasztást nyújt a baba felemelésekor, és egyszerűbbé, valamint biztonságosabbá teszi a mozgatását. A kisbaba melegben és kényelemben marad, amelyről a kiváló minőségű anyag is gondoskodik.A töltet  100% hipoallergén hab, a külső rész pedig finom pamutszaténból készült.Az Effiki pólyát egyszerűen hajtsa össze, majd oldalt kösse meg a szalaggal. A kiságyban a babát a kiterített pólyán is hagyhatja, nagyobb gyermek esetén pedig fekvő- vagy játszóalátétként, illetve takaróként is használható.Méretek: 70 x 70 cmAnyag: szaténpamutTöltet: 100% hipoallergén habOeko &#8211; Tex Standard 100 tanúsítványA termék ápolása, hogy minél tovább megőrizze színét és minőségét:mosógépben 40°-on moshatóaz egész termék mosógépben, centrifugálás nélkül moshatókiterítve, vízszintesen szárítsalegfeljebb 150°-on vasalhatóvegyileg nem tisztíthatónem fehéríthető.</p>

<p>Az Effiki babapólya már régóta felváltotta a hagyományos babatakarókat, amelyekbe az újszülötteket és a csecsemőket életük első heteiben becsavarták. Rendkívül praktikus segítség, amelyet babakocsiban, kiságyban, utazás közben és otthon is használhat.A kisbabának kényelmet biztosít alvás és hordozás közben. A felnőtteknek megfelelő alátámasztást nyújt a baba felemelésekor, és egyszerűbbé, valamint biztonságosabbá teszi a mozgatását. A kisbaba melegben és kényelemben marad, amelyről [&hellip;]</p>
