{"id":475121,"date":"2026-08-24T10:40:07","date_gmt":"2026-08-24T08:40:07","guid":{"rendered":"https:\/\/horgaszhely.hu\/hun\/termek\/filibabba-korforgo-nyuszi-repaval\/"},"modified":"2026-08-24T10:40:08","modified_gmt":"2026-08-24T08:40:08","slug":"filibabba-korforgo-nyuszi-repaval","status":"publish","type":"product","link":"https:\/\/horgaszhely.hu\/hun\/termek\/filibabba-korforgo-nyuszi-repaval\/","title":{"rendered":"Filibabba k\u00f6rforg\u00f3 nyuszi r\u00e9p\u00e1val"},"content":{"rendered":"<p>Teremtsen var\u00e1zslatos vil\u00e1got kisbab\u00e1ja sz\u00e1m\u00e1ra a Filibabba gy\u00f6ny\u00f6r\u0171 dekor\u00e1ci\u00f3j\u00e1val, ezzel a b\u00e1jos k\u00f6rforg\u00f3val.\u00a0F\u0151 anyaga lenv\u00e1szon, amely nemcsak kellemes tapint\u00e1s\u00fa, hanem k\u00f6rnyezetbar\u00e1t is. A k\u00f6rforg\u00f3 k\u00f6zponti eleme egy bambuszkarika, amelyr\u0151l k\u00e9t vid\u00e1m nyuszi \u00e9s egy kis s\u00e1rgar\u00e9pa l\u00f3g. Minden r\u00e9szlet k\u00e9zzel k\u00e9sz\u00fclt.Ezt a k\u00f6rforg\u00f3t a kis\u00e1gy, a pelenk\u00e1z\u00f3asztal f\u00f6l\u00e9 vagy a gyerekszob\u00e1ba helyezheti, \u00edgy kellemes \u00e9s nyugodt hangulatot teremthet. Finom sz\u00ednei \u00e9s mozg\u00f3 figur\u00e1i leny\u0171g\u00f6zik a baba apr\u00f3 szemeit, ez\u00e1ltal t\u00e1mogatj\u00e1k a koncentr\u00e1ci\u00f3s k\u00e9pess\u00e9get \u00e9s a t\u00e1rgyak k\u00f6vet\u00e9s\u00e9t.Egyedi kialak\u00edt\u00e1sa \u00e9s min\u0151s\u00e9ge ide\u00e1lis aj\u00e1nd\u00e9kk\u00e1 teszi kisbab\u00e1k sz\u00e1m\u00e1ra, p\u00e9ld\u00e1ul keresztel\u0151re. Hossz\u00fa \u00e9veken \u00e1t gyermeke h\u0171s\u00e9ges t\u00e1rsa lesz, mik\u00f6zben minden gyerekszoba csod\u00e1latos kieg\u00e9sz\u00edt\u0151j\u00e9v\u00e9 v\u00e1lik.Fontos szem el\u0151tt tartani, hogy ez a k\u00f6rforg\u00f3 kiz\u00e1r\u00f3lag dekor\u00e1ci\u00f3s c\u00e9lra k\u00e9sz\u00fclt, ez\u00e9rt gyermeke sz\u00e1m\u00e1ra el\u00e9rhetetlen helyen tartsa. A Filibabba nyuszis kis\u00e1gyforg\u00f3val var\u00e1zslatos vil\u00e1got teremthet a gyerekszob\u00e1ban, amely \u00f6r\u00f6mmel t\u00f6lti el gyermek\u00e9t.<\/p>\n","protected":false},"excerpt":{"rendered":"<p>Teremtsen var\u00e1zslatos vil\u00e1got kisbab\u00e1ja sz\u00e1m\u00e1ra a Filibabba gy\u00f6ny\u00f6r\u0171 dekor\u00e1ci\u00f3j\u00e1val, ezzel a b\u00e1jos k\u00f6rforg\u00f3val.\u00a0F\u0151 anyaga lenv\u00e1szon, amely nemcsak kellemes tapint\u00e1s\u00fa, hanem k\u00f6rnyezetbar\u00e1t is. A k\u00f6rforg\u00f3 k\u00f6zponti eleme egy bambuszkarika, amelyr\u0151l k\u00e9t vid\u00e1m nyuszi \u00e9s egy kis s\u00e1rgar\u00e9pa l\u00f3g. Minden r\u00e9szlet k\u00e9zzel k\u00e9sz\u00fclt.Ezt a k\u00f6rforg\u00f3t a kis\u00e1gy, a pelenk\u00e1z\u00f3asztal f\u00f6l\u00e9 vagy a gyerekszob\u00e1ba helyezheti, \u00edgy kellemes \u00e9s [&hellip;]<\/p>\n","protected":false},"featured_media":475122,"template":"","meta":{"_acf_changed":false},"product_brand":[],"product_cat":[62,3369],"product_tag":[],"class_list":["post-475121","product","type-product","status-publish","has-post-thumbnail","product_cat-ajandekotletek","product_cat-babaapolas-ajandekotletek","first","instock","product-type-external"],"acf":[],"_links":{"self":[{"href":"https:\/\/horgaszhely.hu\/hun\/wp-json\/wp\/v2\/product\/475121","targetHints":{"allow":["GET"]}}],"collection":[{"href":"https:\/\/horgaszhely.hu\/hun\/wp-json\/wp\/v2\/product"}],"about":[{"href":"https:\/\/horgaszhely.hu\/hun\/wp-json\/wp\/v2\/types\/product"}],"wp:featuredmedia":[{"embeddable":true,"href":"https:\/\/horgaszhely.hu\/hun\/wp-json\/wp\/v2\/media\/475122"}],"wp:attachment":[{"href":"https:\/\/horgaszhely.hu\/hun\/wp-json\/wp\/v2\/media?parent=475121"}],"wp:term":[{"taxonomy":"product_brand","embeddable":true,"href":"https:\/\/horgaszhely.hu\/hun\/wp-json\/wp\/v2\/product_brand?post=475121"},{"taxonomy":"product_cat","embeddable":true,"href":"https:\/\/horgaszhely.hu\/hun\/wp-json\/wp\/v2\/product_cat?post=475121"},{"taxonomy":"product_tag","embeddable":true,"href":"https:\/\/horgaszhely.hu\/hun\/wp-json\/wp\/v2\/product_tag?post=475121"}],"curies":[{"name":"wp","href":"https:\/\/api.w.org\/{rel}","templated":true}]}}

Filibabba körforgó nyuszi répával

<p>Teremtsen varázslatos világot kisbabája számára a Filibabba gyönyörű dekorációjával, ezzel a bájos körforgóval. Fő anyaga lenvászon, amely nemcsak kellemes tapintású, hanem környezetbarát is. A körforgó központi eleme egy bambuszkarika, amelyről két vidám nyuszi és egy kis sárgarépa lóg. Minden részlet kézzel készült.Ezt a körforgót a kiságy, a pelenkázóasztal fölé vagy a gyerekszobába helyezheti, így kellemes és nyugodt hangulatot teremthet. Finom színei és mozgó figurái lenyűgözik a baba apró szemeit, ezáltal támogatják a koncentrációs képességet és a tárgyak követését.Egyedi kialakítása és minősége ideális ajándékká teszi kisbabák számára, például keresztelőre. Hosszú éveken át gyermeke hűséges társa lesz, miközben minden gyerekszoba csodálatos kiegészítőjévé válik.Fontos szem előtt tartani, hogy ez a körforgó kizárólag dekorációs célra készült, ezért gyermeke számára elérhetetlen helyen tartsa. A Filibabba nyuszis kiságyforgóval varázslatos világot teremthet a gyerekszobában, amely örömmel tölti el gyermekét.</p>

<p>Teremtsen varázslatos világot kisbabája számára a Filibabba gyönyörű dekorációjával, ezzel a bájos körforgóval. Fő anyaga lenvászon, amely nemcsak kellemes tapintású, hanem környezetbarát is. A körforgó központi eleme egy bambuszkarika, amelyről két vidám nyuszi és egy kis sárgarépa lóg. Minden részlet kézzel készült.Ezt a körforgót a kiságy, a pelenkázóasztal fölé vagy a gyerekszobába helyezheti, így kellemes és [&hellip;]</p>
