{"id":475193,"date":"2026-08-24T10:41:56","date_gmt":"2026-08-24T08:41:56","guid":{"rendered":"https:\/\/horgaszhely.hu\/hun\/termek\/jabadabado-dekorativ-zaszlok-feher-fekete\/"},"modified":"2026-08-24T10:41:57","modified_gmt":"2026-08-24T08:41:57","slug":"jabadabado-dekorativ-zaszlok-feher-fekete","status":"publish","type":"product","link":"https:\/\/horgaszhely.hu\/hun\/termek\/jabadabado-dekorativ-zaszlok-feher-fekete\/","title":{"rendered":"Jabadabado dekorat\u00edv z\u00e1szl\u00f3k &#8211; Feh\u00e9r-fekete"},"content":{"rendered":"<p>5 m\u00e9ter hossz\u00fa textil z\u00e1szl\u00f3 fekete-feh\u00e9r harlekin mint\u00e1val. A textil dekor\u00e1ci\u00f3 sz\u00e9p lakberendez\u00e9si kieg\u00e9sz\u00edt\u0151k\u00e9nt szolg\u00e1l a gyerekszob\u00e1ban, falra, \u00e1gy f\u00f6l\u00e9 vagy baldachin ment\u00e9n felakasztva.\u00dajrahasznos\u00edtott textilb\u0151l k\u00e9sz\u00fclt textil z\u00e1szl\u00f3f\u00fcz\u00e9r 24 z\u00e1szl\u00f3csk\u00e1val. A z\u00e1szl\u00f3k m\u00e9rete 13 x 15 cm. Ez a term\u00e9k \u00fajrahasznos\u00edtott anyagb\u00f3l k\u00e9sz\u00fclt, ez\u00e9rt a text\u00edli\u00e1k sz\u00edne enyh\u00e9n elt\u00e9rhet.Sz\u00edn: Fekete-feh\u00e9rAnyag: poli\u00e9szter, pamut, viszk\u00f3zTerm\u00e9k m\u00e9rete: Hossz 5 m<\/p>\n","protected":false},"excerpt":{"rendered":"<p>5 m\u00e9ter hossz\u00fa textil z\u00e1szl\u00f3 fekete-feh\u00e9r harlekin mint\u00e1val. A textil dekor\u00e1ci\u00f3 sz\u00e9p lakberendez\u00e9si kieg\u00e9sz\u00edt\u0151k\u00e9nt szolg\u00e1l a gyerekszob\u00e1ban, falra, \u00e1gy f\u00f6l\u00e9 vagy baldachin ment\u00e9n felakasztva.\u00dajrahasznos\u00edtott textilb\u0151l k\u00e9sz\u00fclt textil z\u00e1szl\u00f3f\u00fcz\u00e9r 24 z\u00e1szl\u00f3csk\u00e1val. A z\u00e1szl\u00f3k m\u00e9rete 13 x 15 cm. Ez a term\u00e9k \u00fajrahasznos\u00edtott anyagb\u00f3l k\u00e9sz\u00fclt, ez\u00e9rt a text\u00edli\u00e1k sz\u00edne enyh\u00e9n elt\u00e9rhet.Sz\u00edn: Fekete-feh\u00e9rAnyag: poli\u00e9szter, pamut, viszk\u00f3zTerm\u00e9k m\u00e9rete: Hossz [&hellip;]<\/p>\n","protected":false},"featured_media":475194,"template":"","meta":{"_acf_changed":false},"product_brand":[],"product_cat":[62,3369],"product_tag":[],"class_list":["post-475193","product","type-product","status-publish","has-post-thumbnail","product_cat-ajandekotletek","product_cat-babaapolas-ajandekotletek","first","instock","product-type-external"],"acf":[],"_links":{"self":[{"href":"https:\/\/horgaszhely.hu\/hun\/wp-json\/wp\/v2\/product\/475193","targetHints":{"allow":["GET"]}}],"collection":[{"href":"https:\/\/horgaszhely.hu\/hun\/wp-json\/wp\/v2\/product"}],"about":[{"href":"https:\/\/horgaszhely.hu\/hun\/wp-json\/wp\/v2\/types\/product"}],"wp:featuredmedia":[{"embeddable":true,"href":"https:\/\/horgaszhely.hu\/hun\/wp-json\/wp\/v2\/media\/475194"}],"wp:attachment":[{"href":"https:\/\/horgaszhely.hu\/hun\/wp-json\/wp\/v2\/media?parent=475193"}],"wp:term":[{"taxonomy":"product_brand","embeddable":true,"href":"https:\/\/horgaszhely.hu\/hun\/wp-json\/wp\/v2\/product_brand?post=475193"},{"taxonomy":"product_cat","embeddable":true,"href":"https:\/\/horgaszhely.hu\/hun\/wp-json\/wp\/v2\/product_cat?post=475193"},{"taxonomy":"product_tag","embeddable":true,"href":"https:\/\/horgaszhely.hu\/hun\/wp-json\/wp\/v2\/product_tag?post=475193"}],"curies":[{"name":"wp","href":"https:\/\/api.w.org\/{rel}","templated":true}]}}

Jabadabado dekoratív zászlók &#8211; Fehér-fekete

<p>5 méter hosszú textil zászló fekete-fehér harlekin mintával. A textil dekoráció szép lakberendezési kiegészítőként szolgál a gyerekszobában, falra, ágy fölé vagy baldachin mentén felakasztva.Újrahasznosított textilből készült textil zászlófüzér 24 zászlócskával. A zászlók mérete 13 x 15 cm. Ez a termék újrahasznosított anyagból készült, ezért a textíliák színe enyhén eltérhet.Szín: Fekete-fehérAnyag: poliészter, pamut, viszkózTermék mérete: Hossz 5 m</p>

<p>5 méter hosszú textil zászló fekete-fehér harlekin mintával. A textil dekoráció szép lakberendezési kiegészítőként szolgál a gyerekszobában, falra, ágy fölé vagy baldachin mentén felakasztva.Újrahasznosított textilből készült textil zászlófüzér 24 zászlócskával. A zászlók mérete 13 x 15 cm. Ez a termék újrahasznosított anyagból készült, ezért a textíliák színe enyhén eltérhet.Szín: Fekete-fehérAnyag: poliészter, pamut, viszkózTermék mérete: Hossz [&hellip;]</p>
