{"id":475195,"date":"2026-08-24T10:41:58","date_gmt":"2026-08-24T08:41:58","guid":{"rendered":"https:\/\/horgaszhely.hu\/hun\/termek\/jabadabado-fa-korforgo-autok\/"},"modified":"2026-08-24T10:41:59","modified_gmt":"2026-08-24T08:41:59","slug":"jabadabado-fa-korforgo-autok","status":"publish","type":"product","link":"https:\/\/horgaszhely.hu\/hun\/termek\/jabadabado-fa-korforgo-autok\/","title":{"rendered":"Jabadabado fa k\u00f6rforg\u00f3 aut\u00f3k"},"content":{"rendered":"<p>Ez az elb\u0171v\u00f6l\u0151 k\u00f6rforg\u00f3 ide\u00e1lis kieg\u00e9sz\u00edt\u0151 dekor\u00e1ci\u00f3 a baba\u00e1gy vagy a pelenk\u00e1z\u00f3asztal f\u00f6l\u00e9. Rendk\u00edv\u00fcl kreat\u00edv \u00e9s praktikus, ez a term\u00e9k t\u00f6bb, mint egy egyszer\u0171 dekor\u00e1ci\u00f3.A gyermekeknek k\u00e9sz\u00fclt k\u00f6rforg\u00f3 pr\u00e9mium f\u00e1b\u00f3l k\u00e9sz\u00fclt, a Jabadabado fa k\u00f6rforg\u00f3 aut\u00f3k tart\u00f3s \u00e9s hossz\u00fa \u00e9lettartam\u00fa. Egyedi kialak\u00edt\u00e1sa &#8211; aranyos kisaut\u00f3k gy\u00f6ny\u00f6r\u0171 sz\u00edn\u00e1rnyalatokban &#8211; egyszerre vonz\u00f3 \u00e9s \u00f6szt\u00f6nz\u0151 gyermeke sz\u00e1m\u00e1ra. Ez a k\u00f6rforg\u00f3 \u00fagy lett megtervezve, hogy seg\u00edtse gyermeke \u00e9rz\u00e9keinek \u00e9s mozg\u00e1s\u00e1nak stimul\u00e1l\u00e1s\u00e1t az els\u0151 h\u00f3napokban.\u00a0A term\u00e9k el\u0151nyei:1. Multifunkci\u00f3s kialak\u00edt\u00e1s: A Jabadabado fa k\u00f6rforg\u00f3 aut\u00f3k nemcsak megsz\u00e9p\u00edti a baba\u00e1gy vagy a pelenk\u00e1z\u00f3asztal feletti teret, hanem gyermeke \u00e9rz\u00e9keit \u00e9s mozg\u00e1s\u00e1t is stimul\u00e1lja.2. Sz\u00ednes stimul\u00e1ci\u00f3: A kisaut\u00f3kon tal\u00e1lhat\u00f3 v\u00e1ltozatos sz\u00ednek seg\u00edtik gyermeke vizu\u00e1lis fejl\u0151d\u00e9s\u00e9t.3. Pr\u00e9mium min\u0151s\u00e9g: A term\u00e9k massz\u00edv f\u00e1b\u00f3l k\u00e9sz\u00fclt a hossz\u00fa t\u00e1v\u00fa haszn\u00e1lat \u00e9rdek\u00e9ben.4. Ide\u00e1lis m\u00e9ret: 36 x 36 x 36 cm-es m\u00e9reteivel ez a k\u00f6rforg\u00f3 el\u00e9g nagy ahhoz, hogy felkeltse gyermeke figyelm\u00e9t, ugyanakkor el\u00e9g kicsi ahhoz, hogy biztons\u00e1gosan elf\u00e9rjen a pelenk\u00e1z\u00f3asztal f\u00f6l\u00f6tt.5. T\u00f6k\u00e9letes aj\u00e1nd\u00e9k: Ez a k\u00f6rforg\u00f3 ide\u00e1lis aj\u00e1nd\u00e9k minden \u00fajsz\u00fcl\u00f6ttnek vagy kisgyermeknek.M\u00e9retek: 36 x 36 x 36 cmAnyag: fa<\/p>\n","protected":false},"excerpt":{"rendered":"<p>Ez az elb\u0171v\u00f6l\u0151 k\u00f6rforg\u00f3 ide\u00e1lis kieg\u00e9sz\u00edt\u0151 dekor\u00e1ci\u00f3 a baba\u00e1gy vagy a pelenk\u00e1z\u00f3asztal f\u00f6l\u00e9. Rendk\u00edv\u00fcl kreat\u00edv \u00e9s praktikus, ez a term\u00e9k t\u00f6bb, mint egy egyszer\u0171 dekor\u00e1ci\u00f3.A gyermekeknek k\u00e9sz\u00fclt k\u00f6rforg\u00f3 pr\u00e9mium f\u00e1b\u00f3l k\u00e9sz\u00fclt, a Jabadabado fa k\u00f6rforg\u00f3 aut\u00f3k tart\u00f3s \u00e9s hossz\u00fa \u00e9lettartam\u00fa. Egyedi kialak\u00edt\u00e1sa &#8211; aranyos kisaut\u00f3k gy\u00f6ny\u00f6r\u0171 sz\u00edn\u00e1rnyalatokban &#8211; egyszerre vonz\u00f3 \u00e9s \u00f6szt\u00f6nz\u0151 gyermeke sz\u00e1m\u00e1ra. Ez [&hellip;]<\/p>\n","protected":false},"featured_media":475196,"template":"","meta":{"_acf_changed":false},"product_brand":[],"product_cat":[62,3369],"product_tag":[],"class_list":["post-475195","product","type-product","status-publish","has-post-thumbnail","product_cat-ajandekotletek","product_cat-babaapolas-ajandekotletek","first","instock","product-type-external"],"acf":[],"_links":{"self":[{"href":"https:\/\/horgaszhely.hu\/hun\/wp-json\/wp\/v2\/product\/475195","targetHints":{"allow":["GET"]}}],"collection":[{"href":"https:\/\/horgaszhely.hu\/hun\/wp-json\/wp\/v2\/product"}],"about":[{"href":"https:\/\/horgaszhely.hu\/hun\/wp-json\/wp\/v2\/types\/product"}],"wp:featuredmedia":[{"embeddable":true,"href":"https:\/\/horgaszhely.hu\/hun\/wp-json\/wp\/v2\/media\/475196"}],"wp:attachment":[{"href":"https:\/\/horgaszhely.hu\/hun\/wp-json\/wp\/v2\/media?parent=475195"}],"wp:term":[{"taxonomy":"product_brand","embeddable":true,"href":"https:\/\/horgaszhely.hu\/hun\/wp-json\/wp\/v2\/product_brand?post=475195"},{"taxonomy":"product_cat","embeddable":true,"href":"https:\/\/horgaszhely.hu\/hun\/wp-json\/wp\/v2\/product_cat?post=475195"},{"taxonomy":"product_tag","embeddable":true,"href":"https:\/\/horgaszhely.hu\/hun\/wp-json\/wp\/v2\/product_tag?post=475195"}],"curies":[{"name":"wp","href":"https:\/\/api.w.org\/{rel}","templated":true}]}}

Jabadabado fa körforgó autók

<p>Ez az elbűvölő körforgó ideális kiegészítő dekoráció a babaágy vagy a pelenkázóasztal fölé. Rendkívül kreatív és praktikus, ez a termék több, mint egy egyszerű dekoráció.A gyermekeknek készült körforgó prémium fából készült, a Jabadabado fa körforgó autók tartós és hosszú élettartamú. Egyedi kialakítása &#8211; aranyos kisautók gyönyörű színárnyalatokban &#8211; egyszerre vonzó és ösztönző gyermeke számára. Ez a körforgó úgy lett megtervezve, hogy segítse gyermeke érzékeinek és mozgásának stimulálását az első hónapokban. A termék előnyei:1. Multifunkciós kialakítás: A Jabadabado fa körforgó autók nemcsak megszépíti a babaágy vagy a pelenkázóasztal feletti teret, hanem gyermeke érzékeit és mozgását is stimulálja.2. Színes stimuláció: A kisautókon található változatos színek segítik gyermeke vizuális fejlődését.3. Prémium minőség: A termék masszív fából készült a hosszú távú használat érdekében.4. Ideális méret: 36 x 36 x 36 cm-es méreteivel ez a körforgó elég nagy ahhoz, hogy felkeltse gyermeke figyelmét, ugyanakkor elég kicsi ahhoz, hogy biztonságosan elférjen a pelenkázóasztal fölött.5. Tökéletes ajándék: Ez a körforgó ideális ajándék minden újszülöttnek vagy kisgyermeknek.Méretek: 36 x 36 x 36 cmAnyag: fa</p>

<p>Ez az elbűvölő körforgó ideális kiegészítő dekoráció a babaágy vagy a pelenkázóasztal fölé. Rendkívül kreatív és praktikus, ez a termék több, mint egy egyszerű dekoráció.A gyermekeknek készült körforgó prémium fából készült, a Jabadabado fa körforgó autók tartós és hosszú élettartamú. Egyedi kialakítása &#8211; aranyos kisautók gyönyörű színárnyalatokban &#8211; egyszerre vonzó és ösztönző gyermeke számára. Ez [&hellip;]</p>
