{"id":475207,"date":"2026-08-24T10:42:09","date_gmt":"2026-08-24T08:42:09","guid":{"rendered":"https:\/\/horgaszhely.hu\/hun\/termek\/jabadabado-huzhato-jatek-szurke-elefant\/"},"modified":"2026-08-24T10:42:10","modified_gmt":"2026-08-24T08:42:10","slug":"jabadabado-huzhato-jatek-szurke-elefant","status":"publish","type":"product","link":"https:\/\/horgaszhely.hu\/hun\/termek\/jabadabado-huzhato-jatek-szurke-elefant\/","title":{"rendered":"Jabadabado h\u00fazhat\u00f3 j\u00e1t\u00e9k sz\u00fcrke elef\u00e1nt"},"content":{"rendered":"<p>Modern \u00e9s\u00a0id\u0151t\u00e1ll\u00f3 h\u00fazhat\u00f3 gyermekj\u00e1t\u00e9k a Jabadabado m\u00e1rk\u00e1t\u00f3l. Az\u00a0elef\u00e1nt form\u00e1j\u00fa faj\u00e1t\u00e9k gy\u00f6ny\u00f6r\u0171 aj\u00e1nd\u00e9k, amely t\u00e1mogatja az eg\u00e9szs\u00e9ges pszichomotoros fejl\u0151d\u00e9st.Az elef\u00e1nt egy n\u00e9gy ker\u00e9kkel ell\u00e1tott fa talapzaton helyezkedik el. Ez biztos\u00edtja a j\u00e1t\u00e9k stabilit\u00e1s\u00e1t.A h\u00fazhat\u00f3 faj\u00e1t\u00e9k\u00a0min\u0151s\u00e9gi anyagokb\u00f3l k\u00e9sz\u00fclt. Fel\u00fcletkezel\u00e9ssel rendelkezik, \u00e9s\u00a0egy\u00e9ves kort\u00f3l alkalmas gyermekek sz\u00e1m\u00e1ra. K\u00f6nny\u0171 \u00e9s\u00a0stabil, a h\u00faz\u00f3zsin\u00f3r k\u00e9nyelmes \u00e9s\u00a0kell\u0151en hossz\u00fa a gyermekeknek.A h\u00fazhat\u00f3 j\u00e1t\u00e9kok seg\u00edts\u00e9g\u00e9vel a gyermekek megtanulj\u00e1k az \u00f6sszef\u00fcgg\u00e9st a\u00a0j\u00e1r\u00e1s, a h\u00faz\u00e1s \u00e9s\u00a0a j\u00e1t\u00e9k mozg\u00e1sa k\u00f6z\u00f6tt. Min\u00e9l gyorsabban h\u00fazz\u00e1k, ann\u00e1l gyorsabban mozog a j\u00e1t\u00e9k. Fejlesztik a szem-k\u00e9z koordin\u00e1ci\u00f3jukat. A j\u00e1t\u00e9k j\u00e1r\u00e1sra \u00e9s\u00a0mozg\u00e1sra \u00f6szt\u00f6nzi \u0151ket.Anyag: faM\u00e9ret: 18 x 7,5 x 17 cmEgy\u00e9ves kort\u00f3l alkalmas gyermekek sz\u00e1m\u00e1ra.<\/p>\n","protected":false},"excerpt":{"rendered":"<p>Modern \u00e9s\u00a0id\u0151t\u00e1ll\u00f3 h\u00fazhat\u00f3 gyermekj\u00e1t\u00e9k a Jabadabado m\u00e1rk\u00e1t\u00f3l. Az\u00a0elef\u00e1nt form\u00e1j\u00fa faj\u00e1t\u00e9k gy\u00f6ny\u00f6r\u0171 aj\u00e1nd\u00e9k, amely t\u00e1mogatja az eg\u00e9szs\u00e9ges pszichomotoros fejl\u0151d\u00e9st.Az elef\u00e1nt egy n\u00e9gy ker\u00e9kkel ell\u00e1tott fa talapzaton helyezkedik el. Ez biztos\u00edtja a j\u00e1t\u00e9k stabilit\u00e1s\u00e1t.A h\u00fazhat\u00f3 faj\u00e1t\u00e9k\u00a0min\u0151s\u00e9gi anyagokb\u00f3l k\u00e9sz\u00fclt. Fel\u00fcletkezel\u00e9ssel rendelkezik, \u00e9s\u00a0egy\u00e9ves kort\u00f3l alkalmas gyermekek sz\u00e1m\u00e1ra. K\u00f6nny\u0171 \u00e9s\u00a0stabil, a h\u00faz\u00f3zsin\u00f3r k\u00e9nyelmes \u00e9s\u00a0kell\u0151en hossz\u00fa a gyermekeknek.A h\u00fazhat\u00f3 j\u00e1t\u00e9kok seg\u00edts\u00e9g\u00e9vel [&hellip;]<\/p>\n","protected":false},"featured_media":475208,"template":"","meta":{"_acf_changed":false},"product_brand":[],"product_cat":[62,3369],"product_tag":[],"class_list":["post-475207","product","type-product","status-publish","has-post-thumbnail","product_cat-ajandekotletek","product_cat-babaapolas-ajandekotletek","first","instock","product-type-external"],"acf":[],"_links":{"self":[{"href":"https:\/\/horgaszhely.hu\/hun\/wp-json\/wp\/v2\/product\/475207","targetHints":{"allow":["GET"]}}],"collection":[{"href":"https:\/\/horgaszhely.hu\/hun\/wp-json\/wp\/v2\/product"}],"about":[{"href":"https:\/\/horgaszhely.hu\/hun\/wp-json\/wp\/v2\/types\/product"}],"wp:featuredmedia":[{"embeddable":true,"href":"https:\/\/horgaszhely.hu\/hun\/wp-json\/wp\/v2\/media\/475208"}],"wp:attachment":[{"href":"https:\/\/horgaszhely.hu\/hun\/wp-json\/wp\/v2\/media?parent=475207"}],"wp:term":[{"taxonomy":"product_brand","embeddable":true,"href":"https:\/\/horgaszhely.hu\/hun\/wp-json\/wp\/v2\/product_brand?post=475207"},{"taxonomy":"product_cat","embeddable":true,"href":"https:\/\/horgaszhely.hu\/hun\/wp-json\/wp\/v2\/product_cat?post=475207"},{"taxonomy":"product_tag","embeddable":true,"href":"https:\/\/horgaszhely.hu\/hun\/wp-json\/wp\/v2\/product_tag?post=475207"}],"curies":[{"name":"wp","href":"https:\/\/api.w.org\/{rel}","templated":true}]}}

Jabadabado húzható játék szürke elefánt

<p>Modern és időtálló húzható gyermekjáték a Jabadabado márkától. Az elefánt formájú fajáték gyönyörű ajándék, amely támogatja az egészséges pszichomotoros fejlődést.Az elefánt egy négy kerékkel ellátott fa talapzaton helyezkedik el. Ez biztosítja a játék stabilitását.A húzható fajáték minőségi anyagokból készült. Felületkezeléssel rendelkezik, és egyéves kortól alkalmas gyermekek számára. Könnyű és stabil, a húzózsinór kényelmes és kellően hosszú a gyermekeknek.A húzható játékok segítségével a gyermekek megtanulják az összefüggést a járás, a húzás és a játék mozgása között. Minél gyorsabban húzzák, annál gyorsabban mozog a játék. Fejlesztik a szem-kéz koordinációjukat. A játék járásra és mozgásra ösztönzi őket.Anyag: faMéret: 18 x 7,5 x 17 cmEgyéves kortól alkalmas gyermekek számára.</p>

<p>Modern és időtálló húzható gyermekjáték a Jabadabado márkától. Az elefánt formájú fajáték gyönyörű ajándék, amely támogatja az egészséges pszichomotoros fejlődést.Az elefánt egy négy kerékkel ellátott fa talapzaton helyezkedik el. Ez biztosítja a játék stabilitását.A húzható fajáték minőségi anyagokból készült. Felületkezeléssel rendelkezik, és egyéves kortól alkalmas gyermekek számára. Könnyű és stabil, a húzózsinór kényelmes és kellően hosszú a gyermekeknek.A húzható játékok segítségével [&hellip;]</p>
