{"id":475209,"date":"2026-08-24T10:42:11","date_gmt":"2026-08-24T08:42:11","guid":{"rendered":"https:\/\/horgaszhely.hu\/hun\/termek\/jabadabado-maracas-ezust\/"},"modified":"2026-08-24T10:42:12","modified_gmt":"2026-08-24T08:42:12","slug":"jabadabado-maracas-ezust","status":"publish","type":"product","link":"https:\/\/horgaszhely.hu\/hun\/termek\/jabadabado-maracas-ezust\/","title":{"rendered":"Jabadabado maracas &#8211; ez\u00fcst"},"content":{"rendered":"<p>Aj\u00e1nd\u00e9kozzon a gyermekeknek egy gy\u00f6ny\u00f6r\u0171 zenei j\u00e1t\u00e9kot, amellyel j\u00e1tszhatnak, \u00e9s\u00a0els\u0151 kapcsolatba ker\u00fclhetnek a\u00a0ritmussal \u00e9s\u00a0a\u00a0zen\u00e9vel. A maracas egy hangszer, amelyet im\u00e1dni fognak.K\u00f6nny\u0171 \u00e9s\u00a0egyszer\u0171en kezelhet\u0151. K\u00e9nyelmes \u00e9s\u00a0t\u00f6k\u00e9letesen megmunk\u00e1lt, a kis gyermekk\u00e9zhez igaz\u00edtva.A zenei j\u00e1t\u00e9k lek\u00f6ti a gyermekeket, \u00e9s\u00a0m\u00e1r korai \u00e9letkorban pozit\u00edvan befoly\u00e1solhatja a\u00a0zen\u00e9hez val\u00f3 viszonyukat. R\u00e1ad\u00e1sul ez a maracas, m\u00e1s n\u00e9ven rumbat\u00f6k, nagyon sz\u00e9p, egyszer\u0171 j\u00e1t\u00e9k.Semleges ez\u00fcst sz\u00edn\u0171, feh\u00e9r p\u00f6tty\u00f6kkel. \u00cdgy fi\u00faknak \u00e9s\u00a0l\u00e1nyoknak egyar\u00e1nt alkalmas. M\u00e1r 18 h\u00f3napos kort\u00f3l j\u00e1tszhatnak vele a gyermekek. Min\u0151s\u00e9gi f\u00e1b\u00f3l k\u00e9sz\u00fclt, bel\u00fcl apr\u00f3 f\u00e9mgoly\u00f3k vannak, amelyek sz\u00e9p, tompa hangot adnak.A gyermekek ezzel a zenei j\u00e1t\u00e9kkal gyakorolhatj\u00e1k a ritmust. K\u00eds\u00e9rhetnek vele k\u00fcl\u00f6nf\u00e9le gyermekdalokat, \u00e9nekelhetnek, vagy j\u00e1r\u00e1s k\u00f6zben is gyakorolhatj\u00e1k a ritmust. M\u00e1s hangszerekkel egy\u00fctt otthon ak\u00e1r kis zenekart vagy csal\u00e1di band\u00e1t is l\u00e9trehozhatnak.Gy\u00f6ny\u00f6r\u0171 aj\u00e1nd\u00e9k, tompa hangja a sz\u00fcl\u0151ket sem fogja zavarni. St\u00edlusos j\u00e1t\u00e9k, amely seg\u00edti a kisgyermekek fejl\u0151d\u00e9s\u00e9t \u00e9s\u00a0motoros k\u00e9szs\u00e9geit.Sz\u00edn: ez\u00fcst\u00c9letkor: 18 h\u00f3nap+Anyag: faTerm\u00e9k m\u00e9rete: Hossz 16 cm<\/p>\n","protected":false},"excerpt":{"rendered":"<p>Aj\u00e1nd\u00e9kozzon a gyermekeknek egy gy\u00f6ny\u00f6r\u0171 zenei j\u00e1t\u00e9kot, amellyel j\u00e1tszhatnak, \u00e9s\u00a0els\u0151 kapcsolatba ker\u00fclhetnek a\u00a0ritmussal \u00e9s\u00a0a\u00a0zen\u00e9vel. A maracas egy hangszer, amelyet im\u00e1dni fognak.K\u00f6nny\u0171 \u00e9s\u00a0egyszer\u0171en kezelhet\u0151. K\u00e9nyelmes \u00e9s\u00a0t\u00f6k\u00e9letesen megmunk\u00e1lt, a kis gyermekk\u00e9zhez igaz\u00edtva.A zenei j\u00e1t\u00e9k lek\u00f6ti a gyermekeket, \u00e9s\u00a0m\u00e1r korai \u00e9letkorban pozit\u00edvan befoly\u00e1solhatja a\u00a0zen\u00e9hez val\u00f3 viszonyukat. R\u00e1ad\u00e1sul ez a maracas, m\u00e1s n\u00e9ven rumbat\u00f6k, nagyon sz\u00e9p, egyszer\u0171 j\u00e1t\u00e9k.Semleges ez\u00fcst [&hellip;]<\/p>\n","protected":false},"featured_media":475210,"template":"","meta":{"_acf_changed":false},"product_brand":[],"product_cat":[62,3369],"product_tag":[],"class_list":["post-475209","product","type-product","status-publish","has-post-thumbnail","product_cat-ajandekotletek","product_cat-babaapolas-ajandekotletek","first","instock","product-type-external"],"acf":[],"_links":{"self":[{"href":"https:\/\/horgaszhely.hu\/hun\/wp-json\/wp\/v2\/product\/475209","targetHints":{"allow":["GET"]}}],"collection":[{"href":"https:\/\/horgaszhely.hu\/hun\/wp-json\/wp\/v2\/product"}],"about":[{"href":"https:\/\/horgaszhely.hu\/hun\/wp-json\/wp\/v2\/types\/product"}],"wp:featuredmedia":[{"embeddable":true,"href":"https:\/\/horgaszhely.hu\/hun\/wp-json\/wp\/v2\/media\/475210"}],"wp:attachment":[{"href":"https:\/\/horgaszhely.hu\/hun\/wp-json\/wp\/v2\/media?parent=475209"}],"wp:term":[{"taxonomy":"product_brand","embeddable":true,"href":"https:\/\/horgaszhely.hu\/hun\/wp-json\/wp\/v2\/product_brand?post=475209"},{"taxonomy":"product_cat","embeddable":true,"href":"https:\/\/horgaszhely.hu\/hun\/wp-json\/wp\/v2\/product_cat?post=475209"},{"taxonomy":"product_tag","embeddable":true,"href":"https:\/\/horgaszhely.hu\/hun\/wp-json\/wp\/v2\/product_tag?post=475209"}],"curies":[{"name":"wp","href":"https:\/\/api.w.org\/{rel}","templated":true}]}}

Jabadabado maracas &#8211; ezüst

<p>Ajándékozzon a gyermekeknek egy gyönyörű zenei játékot, amellyel játszhatnak, és első kapcsolatba kerülhetnek a ritmussal és a zenével. A maracas egy hangszer, amelyet imádni fognak.Könnyű és egyszerűen kezelhető. Kényelmes és tökéletesen megmunkált, a kis gyermekkézhez igazítva.A zenei játék leköti a gyermekeket, és már korai életkorban pozitívan befolyásolhatja a zenéhez való viszonyukat. Ráadásul ez a maracas, más néven rumbatök, nagyon szép, egyszerű játék.Semleges ezüst színű, fehér pöttyökkel. Így fiúknak és lányoknak egyaránt alkalmas. Már 18 hónapos kortól játszhatnak vele a gyermekek. Minőségi fából készült, belül apró fémgolyók vannak, amelyek szép, tompa hangot adnak.A gyermekek ezzel a zenei játékkal gyakorolhatják a ritmust. Kísérhetnek vele különféle gyermekdalokat, énekelhetnek, vagy járás közben is gyakorolhatják a ritmust. Más hangszerekkel együtt otthon akár kis zenekart vagy családi bandát is létrehozhatnak.Gyönyörű ajándék, tompa hangja a szülőket sem fogja zavarni. Stílusos játék, amely segíti a kisgyermekek fejlődését és motoros készségeit.Szín: ezüstÉletkor: 18 hónap+Anyag: faTermék mérete: Hossz 16 cm</p>

<p>Ajándékozzon a gyermekeknek egy gyönyörű zenei játékot, amellyel játszhatnak, és első kapcsolatba kerülhetnek a ritmussal és a zenével. A maracas egy hangszer, amelyet imádni fognak.Könnyű és egyszerűen kezelhető. Kényelmes és tökéletesen megmunkált, a kis gyermekkézhez igazítva.A zenei játék leköti a gyermekeket, és már korai életkorban pozitívan befolyásolhatja a zenéhez való viszonyukat. Ráadásul ez a maracas, más néven rumbatök, nagyon szép, egyszerű játék.Semleges ezüst [&hellip;]</p>
