{"id":475211,"date":"2026-08-24T10:42:13","date_gmt":"2026-08-24T08:42:13","guid":{"rendered":"https:\/\/horgaszhely.hu\/hun\/termek\/jabadabado-szines-szuletesnapi-vonat\/"},"modified":"2026-08-24T10:42:13","modified_gmt":"2026-08-24T08:42:13","slug":"jabadabado-szines-szuletesnapi-vonat","status":"publish","type":"product","link":"https:\/\/horgaszhely.hu\/hun\/termek\/jabadabado-szines-szuletesnapi-vonat\/","title":{"rendered":"Jabadabado sz\u00ednes sz\u00fclet\u00e9snapi vonat"},"content":{"rendered":"<p>A sz\u00fclet\u00e9snapi parti dekor\u00e1ci\u00f3ja ezzel a sz\u00fclet\u00e9snapi vonattal igaz\u00e1n t\u00f6k\u00e9letes lehet. A pasztellsz\u00edn\u0171 fa vonat olyan vagonokkal rendelkezik, amelyekbe sz\u00fclet\u00e9snapi gyerty\u00e1kat helyezhet. Elf\u00fajni \u0151ket \u00edgy m\u00e9g nagyobb \u00e9lm\u00e9ny lesz.A fa vonat fi\u00faknak \u00e9s\u00a0l\u00e1nyoknak egyar\u00e1nt megfelel\u0151. A gyerekek j\u00e1tszani is tudnak majd vele. A vagonokat egyszer\u0171en helyezz\u00e9k az \u00fcnnepelt el\u00e9 az asztalra vagy a finoms\u00e1gokkal teli asztalra. Tegy\u00e9k bele a gyerty\u00e1kat, az utols\u00f3 vagonba pedig helyezzenek egy sz\u00e1mos gyerty\u00e1t. Teremtsenek \u00edgy \u00faj hagyom\u00e1nyt a csal\u00e1djukban.A sz\u00fclet\u00e9snapi dekor\u00e1ci\u00f3 azonnal egy kicsit szebb \u00e9s\u00a0eredetibb lesz.Sz\u00edn: MultiAnyag: FaTerm\u00e9k m\u00e9rete: 63 x 7 x 6 cm\u00c9letkor: +3\u00a0\u00a0\u00a0\u00a0<\/p>\n","protected":false},"excerpt":{"rendered":"<p>A sz\u00fclet\u00e9snapi parti dekor\u00e1ci\u00f3ja ezzel a sz\u00fclet\u00e9snapi vonattal igaz\u00e1n t\u00f6k\u00e9letes lehet. A pasztellsz\u00edn\u0171 fa vonat olyan vagonokkal rendelkezik, amelyekbe sz\u00fclet\u00e9snapi gyerty\u00e1kat helyezhet. Elf\u00fajni \u0151ket \u00edgy m\u00e9g nagyobb \u00e9lm\u00e9ny lesz.A fa vonat fi\u00faknak \u00e9s\u00a0l\u00e1nyoknak egyar\u00e1nt megfelel\u0151. A gyerekek j\u00e1tszani is tudnak majd vele. A vagonokat egyszer\u0171en helyezz\u00e9k az \u00fcnnepelt el\u00e9 az asztalra vagy a finoms\u00e1gokkal teli [&hellip;]<\/p>\n","protected":false},"featured_media":475212,"template":"","meta":{"_acf_changed":false},"product_brand":[],"product_cat":[62,3369],"product_tag":[],"class_list":["post-475211","product","type-product","status-publish","has-post-thumbnail","product_cat-ajandekotletek","product_cat-babaapolas-ajandekotletek","first","instock","product-type-external"],"acf":[],"_links":{"self":[{"href":"https:\/\/horgaszhely.hu\/hun\/wp-json\/wp\/v2\/product\/475211","targetHints":{"allow":["GET"]}}],"collection":[{"href":"https:\/\/horgaszhely.hu\/hun\/wp-json\/wp\/v2\/product"}],"about":[{"href":"https:\/\/horgaszhely.hu\/hun\/wp-json\/wp\/v2\/types\/product"}],"wp:featuredmedia":[{"embeddable":true,"href":"https:\/\/horgaszhely.hu\/hun\/wp-json\/wp\/v2\/media\/475212"}],"wp:attachment":[{"href":"https:\/\/horgaszhely.hu\/hun\/wp-json\/wp\/v2\/media?parent=475211"}],"wp:term":[{"taxonomy":"product_brand","embeddable":true,"href":"https:\/\/horgaszhely.hu\/hun\/wp-json\/wp\/v2\/product_brand?post=475211"},{"taxonomy":"product_cat","embeddable":true,"href":"https:\/\/horgaszhely.hu\/hun\/wp-json\/wp\/v2\/product_cat?post=475211"},{"taxonomy":"product_tag","embeddable":true,"href":"https:\/\/horgaszhely.hu\/hun\/wp-json\/wp\/v2\/product_tag?post=475211"}],"curies":[{"name":"wp","href":"https:\/\/api.w.org\/{rel}","templated":true}]}}

Jabadabado színes születésnapi vonat

<p>A születésnapi parti dekorációja ezzel a születésnapi vonattal igazán tökéletes lehet. A pasztellszínű fa vonat olyan vagonokkal rendelkezik, amelyekbe születésnapi gyertyákat helyezhet. Elfújni őket így még nagyobb élmény lesz.A fa vonat fiúknak és lányoknak egyaránt megfelelő. A gyerekek játszani is tudnak majd vele. A vagonokat egyszerűen helyezzék az ünnepelt elé az asztalra vagy a finomságokkal teli asztalra. Tegyék bele a gyertyákat, az utolsó vagonba pedig helyezzenek egy számos gyertyát. Teremtsenek így új hagyományt a családjukban.A születésnapi dekoráció azonnal egy kicsit szebb és eredetibb lesz.Szín: MultiAnyag: FaTermék mérete: 63 x 7 x 6 cmÉletkor: +3    </p>

<p>A születésnapi parti dekorációja ezzel a születésnapi vonattal igazán tökéletes lehet. A pasztellszínű fa vonat olyan vagonokkal rendelkezik, amelyekbe születésnapi gyertyákat helyezhet. Elfújni őket így még nagyobb élmény lesz.A fa vonat fiúknak és lányoknak egyaránt megfelelő. A gyerekek játszani is tudnak majd vele. A vagonokat egyszerűen helyezzék az ünnepelt elé az asztalra vagy a finomságokkal teli [&hellip;]</p>
