{"id":475221,"date":"2026-08-24T10:42:21","date_gmt":"2026-08-24T08:42:21","guid":{"rendered":"https:\/\/horgaszhely.hu\/hun\/termek\/jabadabado-szek-elefant\/"},"modified":"2026-08-24T10:42:22","modified_gmt":"2026-08-24T08:42:22","slug":"jabadabado-szek-elefant","status":"publish","type":"product","link":"https:\/\/horgaszhely.hu\/hun\/termek\/jabadabado-szek-elefant\/","title":{"rendered":"Jabadabado sz\u00e9k Elef\u00e1nt"},"content":{"rendered":"<p>Gy\u00f6ny\u00f6r\u0171 gyermek fa sz\u00e9k, amelyet a legkisebbek im\u00e1dni fognak. K\u00e9nyelmes \u00e9s\u00a0praktikus. H\u00e1tt\u00e1ml\u00e1ja van, ami kisebb gyermekeknek \u00e9s\u00a0olyan gyerekeknek is megfelel\u0151, akik hosszabb ideig tudnak \u00fclni. Tolja a gyermek sz\u00e9ket az asztalk\u00e1hoz, \u00e9s\u00a0a gyermek k\u00e9nyelmesen megt\u00e1maszkodhat. Nem kell att\u00f3l tartania, hogy h\u00e1traesik.A fa sz\u00e9k feh\u00e9r sz\u00edn\u0171, sima fel\u00fclettel. Kerek \u00fcl\u0151r\u00e9sszel \u00e9s\u00a0h\u00e1tt\u00e1ml\u00e1val rendelkezik. K\u00f6nny\u0171, de er\u0151s. Egyszer\u0171en \u00e1thelyezheti m\u00e1shov\u00e1.Ez a gyermek sz\u00e9k sz\u00fcrke p\u00f6tty\u00f6kkel \u00e9s\u00a0az \u00fcl\u0151r\u00e9szen egy kedves elef\u00e1nt rajz\u00e1val d\u00edsz\u00edtett. Ebben a semleges sz\u00ednben fi\u00faknak \u00e9s\u00a0l\u00e1nyoknak egyar\u00e1nt alkalmas. Gy\u00f6ny\u00f6r\u0171en kieg\u00e9sz\u00edti a gyerekszob\u00e1t.Anyag : faM\u00e9retek: magass\u00e1g 56 cm x\u00a026 cm<\/p>\n","protected":false},"excerpt":{"rendered":"<p>Gy\u00f6ny\u00f6r\u0171 gyermek fa sz\u00e9k, amelyet a legkisebbek im\u00e1dni fognak. K\u00e9nyelmes \u00e9s\u00a0praktikus. H\u00e1tt\u00e1ml\u00e1ja van, ami kisebb gyermekeknek \u00e9s\u00a0olyan gyerekeknek is megfelel\u0151, akik hosszabb ideig tudnak \u00fclni. Tolja a gyermek sz\u00e9ket az asztalk\u00e1hoz, \u00e9s\u00a0a gyermek k\u00e9nyelmesen megt\u00e1maszkodhat. Nem kell att\u00f3l tartania, hogy h\u00e1traesik.A fa sz\u00e9k feh\u00e9r sz\u00edn\u0171, sima fel\u00fclettel. Kerek \u00fcl\u0151r\u00e9sszel \u00e9s\u00a0h\u00e1tt\u00e1ml\u00e1val rendelkezik. K\u00f6nny\u0171, de er\u0151s. Egyszer\u0171en [&hellip;]<\/p>\n","protected":false},"featured_media":475222,"template":"","meta":{"_acf_changed":false},"product_brand":[],"product_cat":[62,3369],"product_tag":[],"class_list":["post-475221","product","type-product","status-publish","has-post-thumbnail","product_cat-ajandekotletek","product_cat-babaapolas-ajandekotletek","first","instock","product-type-external"],"acf":[],"_links":{"self":[{"href":"https:\/\/horgaszhely.hu\/hun\/wp-json\/wp\/v2\/product\/475221","targetHints":{"allow":["GET"]}}],"collection":[{"href":"https:\/\/horgaszhely.hu\/hun\/wp-json\/wp\/v2\/product"}],"about":[{"href":"https:\/\/horgaszhely.hu\/hun\/wp-json\/wp\/v2\/types\/product"}],"wp:featuredmedia":[{"embeddable":true,"href":"https:\/\/horgaszhely.hu\/hun\/wp-json\/wp\/v2\/media\/475222"}],"wp:attachment":[{"href":"https:\/\/horgaszhely.hu\/hun\/wp-json\/wp\/v2\/media?parent=475221"}],"wp:term":[{"taxonomy":"product_brand","embeddable":true,"href":"https:\/\/horgaszhely.hu\/hun\/wp-json\/wp\/v2\/product_brand?post=475221"},{"taxonomy":"product_cat","embeddable":true,"href":"https:\/\/horgaszhely.hu\/hun\/wp-json\/wp\/v2\/product_cat?post=475221"},{"taxonomy":"product_tag","embeddable":true,"href":"https:\/\/horgaszhely.hu\/hun\/wp-json\/wp\/v2\/product_tag?post=475221"}],"curies":[{"name":"wp","href":"https:\/\/api.w.org\/{rel}","templated":true}]}}

Jabadabado szék Elefánt

<p>Gyönyörű gyermek fa szék, amelyet a legkisebbek imádni fognak. Kényelmes és praktikus. Háttámlája van, ami kisebb gyermekeknek és olyan gyerekeknek is megfelelő, akik hosszabb ideig tudnak ülni. Tolja a gyermek széket az asztalkához, és a gyermek kényelmesen megtámaszkodhat. Nem kell attól tartania, hogy hátraesik.A fa szék fehér színű, sima felülettel. Kerek ülőrésszel és háttámlával rendelkezik. Könnyű, de erős. Egyszerűen áthelyezheti máshová.Ez a gyermek szék szürke pöttyökkel és az ülőrészen egy kedves elefánt rajzával díszített. Ebben a semleges színben fiúknak és lányoknak egyaránt alkalmas. Gyönyörűen kiegészíti a gyerekszobát.Anyag : faMéretek: magasság 56 cm x 26 cm</p>

<p>Gyönyörű gyermek fa szék, amelyet a legkisebbek imádni fognak. Kényelmes és praktikus. Háttámlája van, ami kisebb gyermekeknek és olyan gyerekeknek is megfelelő, akik hosszabb ideig tudnak ülni. Tolja a gyermek széket az asztalkához, és a gyermek kényelmesen megtámaszkodhat. Nem kell attól tartania, hogy hátraesik.A fa szék fehér színű, sima felülettel. Kerek ülőrésszel és háttámlával rendelkezik. Könnyű, de erős. Egyszerűen [&hellip;]</p>
