{"id":475223,"date":"2026-08-24T10:42:23","date_gmt":"2026-08-24T08:42:23","guid":{"rendered":"https:\/\/horgaszhely.hu\/hun\/termek\/jabadabado-textil-zaszlok-szurke\/"},"modified":"2026-08-24T10:42:24","modified_gmt":"2026-08-24T08:42:24","slug":"jabadabado-textil-zaszlok-szurke","status":"publish","type":"product","link":"https:\/\/horgaszhely.hu\/hun\/termek\/jabadabado-textil-zaszlok-szurke\/","title":{"rendered":"Jabadabado textil z\u00e1szl\u00f3k &#8211; sz\u00fcrke"},"content":{"rendered":"<p>4 m\u00e9teres textildekor\u00e1ci\u00f3 rojtokkal, sz\u00fcrke sz\u00ednben. A textildekor\u00e1ci\u00f3 sz\u00e9p lakberendez\u00e9si kieg\u00e9sz\u00edt\u0151k\u00e9nt szolg\u00e1l a gyerekszob\u00e1ban, falra akasztva, az \u00e1gy f\u00f6l\u00f6tt vagy baldachin ment\u00e9n elhelyezve.\u00dajrahasznos\u00edtott textilb\u0151l k\u00e9sz\u00fclt textil girland 15 z\u00e1szl\u00f3csk\u00e1val. A z\u00e1szl\u00f3k rojttal egy\u00fctt 15 x 24 cm m\u00e9ret\u0171ek. Ez a term\u00e9k teljes eg\u00e9sz\u00e9ben vagy nagyobb r\u00e9szben \u00fajrahasznos\u00edtott anyagb\u00f3l k\u00e9sz\u00fclt, ez\u00e9rt a textilek sz\u00edne enyh\u00e9n elt\u00e9rhet.Sz\u00edn: sz\u00fcrkeAnyag: Poli\u00e9szter 80%, Pamut 20%Term\u00e9k m\u00e9rete: Hossz 4 m<\/p>\n","protected":false},"excerpt":{"rendered":"<p>4 m\u00e9teres textildekor\u00e1ci\u00f3 rojtokkal, sz\u00fcrke sz\u00ednben. A textildekor\u00e1ci\u00f3 sz\u00e9p lakberendez\u00e9si kieg\u00e9sz\u00edt\u0151k\u00e9nt szolg\u00e1l a gyerekszob\u00e1ban, falra akasztva, az \u00e1gy f\u00f6l\u00f6tt vagy baldachin ment\u00e9n elhelyezve.\u00dajrahasznos\u00edtott textilb\u0151l k\u00e9sz\u00fclt textil girland 15 z\u00e1szl\u00f3csk\u00e1val. A z\u00e1szl\u00f3k rojttal egy\u00fctt 15 x 24 cm m\u00e9ret\u0171ek. Ez a term\u00e9k teljes eg\u00e9sz\u00e9ben vagy nagyobb r\u00e9szben \u00fajrahasznos\u00edtott anyagb\u00f3l k\u00e9sz\u00fclt, ez\u00e9rt a textilek sz\u00edne enyh\u00e9n elt\u00e9rhet.Sz\u00edn: [&hellip;]<\/p>\n","protected":false},"featured_media":475224,"template":"","meta":{"_acf_changed":false},"product_brand":[],"product_cat":[62,3369],"product_tag":[],"class_list":["post-475223","product","type-product","status-publish","has-post-thumbnail","product_cat-ajandekotletek","product_cat-babaapolas-ajandekotletek","first","instock","product-type-external"],"acf":[],"_links":{"self":[{"href":"https:\/\/horgaszhely.hu\/hun\/wp-json\/wp\/v2\/product\/475223","targetHints":{"allow":["GET"]}}],"collection":[{"href":"https:\/\/horgaszhely.hu\/hun\/wp-json\/wp\/v2\/product"}],"about":[{"href":"https:\/\/horgaszhely.hu\/hun\/wp-json\/wp\/v2\/types\/product"}],"wp:featuredmedia":[{"embeddable":true,"href":"https:\/\/horgaszhely.hu\/hun\/wp-json\/wp\/v2\/media\/475224"}],"wp:attachment":[{"href":"https:\/\/horgaszhely.hu\/hun\/wp-json\/wp\/v2\/media?parent=475223"}],"wp:term":[{"taxonomy":"product_brand","embeddable":true,"href":"https:\/\/horgaszhely.hu\/hun\/wp-json\/wp\/v2\/product_brand?post=475223"},{"taxonomy":"product_cat","embeddable":true,"href":"https:\/\/horgaszhely.hu\/hun\/wp-json\/wp\/v2\/product_cat?post=475223"},{"taxonomy":"product_tag","embeddable":true,"href":"https:\/\/horgaszhely.hu\/hun\/wp-json\/wp\/v2\/product_tag?post=475223"}],"curies":[{"name":"wp","href":"https:\/\/api.w.org\/{rel}","templated":true}]}}

Jabadabado textil zászlók &#8211; szürke

<p>4 méteres textildekoráció rojtokkal, szürke színben. A textildekoráció szép lakberendezési kiegészítőként szolgál a gyerekszobában, falra akasztva, az ágy fölött vagy baldachin mentén elhelyezve.Újrahasznosított textilből készült textil girland 15 zászlócskával. A zászlók rojttal együtt 15 x 24 cm méretűek. Ez a termék teljes egészében vagy nagyobb részben újrahasznosított anyagból készült, ezért a textilek színe enyhén eltérhet.Szín: szürkeAnyag: Poliészter 80%, Pamut 20%Termék mérete: Hossz 4 m</p>

<p>4 méteres textildekoráció rojtokkal, szürke színben. A textildekoráció szép lakberendezési kiegészítőként szolgál a gyerekszobában, falra akasztva, az ágy fölött vagy baldachin mentén elhelyezve.Újrahasznosított textilből készült textil girland 15 zászlócskával. A zászlók rojttal együtt 15 x 24 cm méretűek. Ez a termék teljes egészében vagy nagyobb részben újrahasznosított anyagból készült, ezért a textilek színe enyhén eltérhet.Szín: [&hellip;]</p>
