{"id":475231,"date":"2026-08-24T10:42:30","date_gmt":"2026-08-24T08:42:30","guid":{"rendered":"https:\/\/horgaszhely.hu\/hun\/termek\/jabadabado-rozsaszin-kis-tarolodoboz\/"},"modified":"2026-08-24T10:42:32","modified_gmt":"2026-08-24T08:42:32","slug":"jabadabado-rozsaszin-kis-tarolodoboz","status":"publish","type":"product","link":"https:\/\/horgaszhely.hu\/hun\/termek\/jabadabado-rozsaszin-kis-tarolodoboz\/","title":{"rendered":"Jabadabado r\u00f3zsasz\u00edn kis t\u00e1rol\u00f3doboz"},"content":{"rendered":"<p>Tegyen rendet a gyerekszob\u00e1ban ezzel a st\u00edlusos \u00e9s praktikus textil t\u00e1rol\u00f3kos\u00e1rral. A t\u00e1rol\u00f3kos\u00e1r ugyanilyen j\u00f3l haszn\u00e1lhat\u00f3 az el\u0151szob\u00e1ban is a gyermekek s\u00e1lainak, sapk\u00e1inak \u00e9s keszty\u0171inek t\u00e1rol\u00e1s\u00e1ra. Sz\u00e9p lakberendez\u00e9si elemk\u00e9nt is szolg\u00e1lhat a gyerekszob\u00e1ban. Ez a term\u00e9k r\u00e9szben \u00fajrahasznos\u00edtott anyagb\u00f3l k\u00e9sz\u00fclt, ez\u00e9rt a text\u00edli\u00e1k sz\u00edne enyh\u00e9n elt\u00e9rhet. A t\u00e1rol\u00f3kos\u00e1r k\u00f6rben rojtokkal d\u00edsz\u00edtett.Sz\u00edn: r\u00f3zsasz\u00ednAnyag: Poli\u00e9szter 65%, \u00fajrahasznos\u00edtott pamut 35%\u00a0M\u00e9ret: 28 x 28 x 24 cm<\/p>\n","protected":false},"excerpt":{"rendered":"<p>Tegyen rendet a gyerekszob\u00e1ban ezzel a st\u00edlusos \u00e9s praktikus textil t\u00e1rol\u00f3kos\u00e1rral. A t\u00e1rol\u00f3kos\u00e1r ugyanilyen j\u00f3l haszn\u00e1lhat\u00f3 az el\u0151szob\u00e1ban is a gyermekek s\u00e1lainak, sapk\u00e1inak \u00e9s keszty\u0171inek t\u00e1rol\u00e1s\u00e1ra. Sz\u00e9p lakberendez\u00e9si elemk\u00e9nt is szolg\u00e1lhat a gyerekszob\u00e1ban. Ez a term\u00e9k r\u00e9szben \u00fajrahasznos\u00edtott anyagb\u00f3l k\u00e9sz\u00fclt, ez\u00e9rt a text\u00edli\u00e1k sz\u00edne enyh\u00e9n elt\u00e9rhet. A t\u00e1rol\u00f3kos\u00e1r k\u00f6rben rojtokkal d\u00edsz\u00edtett.Sz\u00edn: r\u00f3zsasz\u00ednAnyag: Poli\u00e9szter 65%, \u00fajrahasznos\u00edtott [&hellip;]<\/p>\n","protected":false},"featured_media":475232,"template":"","meta":{"_acf_changed":false},"product_brand":[],"product_cat":[62,3369],"product_tag":[],"class_list":["post-475231","product","type-product","status-publish","has-post-thumbnail","product_cat-ajandekotletek","product_cat-babaapolas-ajandekotletek","first","instock","product-type-external"],"acf":[],"_links":{"self":[{"href":"https:\/\/horgaszhely.hu\/hun\/wp-json\/wp\/v2\/product\/475231","targetHints":{"allow":["GET"]}}],"collection":[{"href":"https:\/\/horgaszhely.hu\/hun\/wp-json\/wp\/v2\/product"}],"about":[{"href":"https:\/\/horgaszhely.hu\/hun\/wp-json\/wp\/v2\/types\/product"}],"wp:featuredmedia":[{"embeddable":true,"href":"https:\/\/horgaszhely.hu\/hun\/wp-json\/wp\/v2\/media\/475232"}],"wp:attachment":[{"href":"https:\/\/horgaszhely.hu\/hun\/wp-json\/wp\/v2\/media?parent=475231"}],"wp:term":[{"taxonomy":"product_brand","embeddable":true,"href":"https:\/\/horgaszhely.hu\/hun\/wp-json\/wp\/v2\/product_brand?post=475231"},{"taxonomy":"product_cat","embeddable":true,"href":"https:\/\/horgaszhely.hu\/hun\/wp-json\/wp\/v2\/product_cat?post=475231"},{"taxonomy":"product_tag","embeddable":true,"href":"https:\/\/horgaszhely.hu\/hun\/wp-json\/wp\/v2\/product_tag?post=475231"}],"curies":[{"name":"wp","href":"https:\/\/api.w.org\/{rel}","templated":true}]}}

Jabadabado rózsaszín kis tárolódoboz

<p>Tegyen rendet a gyerekszobában ezzel a stílusos és praktikus textil tárolókosárral. A tárolókosár ugyanilyen jól használható az előszobában is a gyermekek sálainak, sapkáinak és kesztyűinek tárolására. Szép lakberendezési elemként is szolgálhat a gyerekszobában. Ez a termék részben újrahasznosított anyagból készült, ezért a textíliák színe enyhén eltérhet. A tárolókosár körben rojtokkal díszített.Szín: rózsaszínAnyag: Poliészter 65%, újrahasznosított pamut 35% Méret: 28 x 28 x 24 cm</p>

<p>Tegyen rendet a gyerekszobában ezzel a stílusos és praktikus textil tárolókosárral. A tárolókosár ugyanilyen jól használható az előszobában is a gyermekek sálainak, sapkáinak és kesztyűinek tárolására. Szép lakberendezési elemként is szolgálhat a gyerekszobában. Ez a termék részben újrahasznosított anyagból készült, ezért a textíliák színe enyhén eltérhet. A tárolókosár körben rojtokkal díszített.Szín: rózsaszínAnyag: Poliészter 65%, újrahasznosított [&hellip;]</p>
