{"id":475253,"date":"2026-08-24T10:43:00","date_gmt":"2026-08-24T08:43:00","guid":{"rendered":"https:\/\/horgaszhely.hu\/hun\/termek\/kikkaboo-savana-mentolzold-cumisuveg-260-ml-3m\/"},"modified":"2026-08-24T10:43:01","modified_gmt":"2026-08-24T08:43:01","slug":"kikkaboo-savana-mentolzold-cumisuveg-260-ml-3m","status":"publish","type":"product","link":"https:\/\/horgaszhely.hu\/hun\/termek\/kikkaboo-savana-mentolzold-cumisuveg-260-ml-3m\/","title":{"rendered":"KikkaBoo Savana mentolz\u00f6ld cumis\u00fcveg 260 ml 3m+"},"content":{"rendered":"<p>A KikkaBoo cumis\u00fcveg megb\u00edzhat\u00f3 t\u00e1rs a 3 h\u00f3naposn\u00e1l id\u0151sebb kisbab\u00e1k sz\u00e1m\u00e1ra. Ez a cumis\u00fcveg nemcsak praktikus, hanem st\u00edlusos kialak\u00edt\u00e1s\u00e1val \u00e9s leny\u0171g\u00f6z\u0151 mint\u00e1j\u00e1val vizu\u00e1lisan is igaz\u00e1n vonz\u00f3.A hasf\u00e1j\u00e1s elleni szilikon etet\u0151cuminak \u00e9s a biztons\u00e1gos kupaknak k\u00f6sz\u00f6nhet\u0151en a cumis\u00fcveget \u00fagy tervezt\u00e9k, hogy k\u00e9nyelmes \u00e9s gondtalan etet\u00e9si \u00e9lm\u00e9nyt ny\u00fajtson. Polipropil\u00e9nb\u0151l \u00e9s szilikonb\u00f3l k\u00e9sz\u00fclt, \u00edgy biztons\u00e1gosan haszn\u00e1lhat\u00f3 \u00e9s k\u00f6nnyen tiszt\u00e1n tarthat\u00f3.Ergonomikus form\u00e1ja k\u00e9nyelmes fog\u00e1st biztos\u00edt, m\u00edg a sz\u00e9les ny\u00edl\u00e1s megk\u00f6nny\u00edti a cumis\u00fcveg tiszt\u00edt\u00e1s\u00e1t \u00e9s kezel\u00e9s\u00e9t.M\u00e9retek: 16\u00a0x 6,8 x 6,5 cmAnyag\u00f6sszet\u00e9tel: polipropil\u00e9n, szilikon\u0170rtartalom: 260 ml3 h\u00f3napos kort\u00f3l aj\u00e1nlott.\u00a0<\/p>\n","protected":false},"excerpt":{"rendered":"<p>A KikkaBoo cumis\u00fcveg megb\u00edzhat\u00f3 t\u00e1rs a 3 h\u00f3naposn\u00e1l id\u0151sebb kisbab\u00e1k sz\u00e1m\u00e1ra. Ez a cumis\u00fcveg nemcsak praktikus, hanem st\u00edlusos kialak\u00edt\u00e1s\u00e1val \u00e9s leny\u0171g\u00f6z\u0151 mint\u00e1j\u00e1val vizu\u00e1lisan is igaz\u00e1n vonz\u00f3.A hasf\u00e1j\u00e1s elleni szilikon etet\u0151cuminak \u00e9s a biztons\u00e1gos kupaknak k\u00f6sz\u00f6nhet\u0151en a cumis\u00fcveget \u00fagy tervezt\u00e9k, hogy k\u00e9nyelmes \u00e9s gondtalan etet\u00e9si \u00e9lm\u00e9nyt ny\u00fajtson. Polipropil\u00e9nb\u0151l \u00e9s szilikonb\u00f3l k\u00e9sz\u00fclt, \u00edgy biztons\u00e1gosan haszn\u00e1lhat\u00f3 \u00e9s k\u00f6nnyen [&hellip;]<\/p>\n","protected":false},"featured_media":475254,"template":"","meta":{"_acf_changed":false},"product_brand":[],"product_cat":[62,3369],"product_tag":[],"class_list":["post-475253","product","type-product","status-publish","has-post-thumbnail","product_cat-ajandekotletek","product_cat-babaapolas-ajandekotletek","first","instock","product-type-external"],"acf":[],"_links":{"self":[{"href":"https:\/\/horgaszhely.hu\/hun\/wp-json\/wp\/v2\/product\/475253","targetHints":{"allow":["GET"]}}],"collection":[{"href":"https:\/\/horgaszhely.hu\/hun\/wp-json\/wp\/v2\/product"}],"about":[{"href":"https:\/\/horgaszhely.hu\/hun\/wp-json\/wp\/v2\/types\/product"}],"wp:featuredmedia":[{"embeddable":true,"href":"https:\/\/horgaszhely.hu\/hun\/wp-json\/wp\/v2\/media\/475254"}],"wp:attachment":[{"href":"https:\/\/horgaszhely.hu\/hun\/wp-json\/wp\/v2\/media?parent=475253"}],"wp:term":[{"taxonomy":"product_brand","embeddable":true,"href":"https:\/\/horgaszhely.hu\/hun\/wp-json\/wp\/v2\/product_brand?post=475253"},{"taxonomy":"product_cat","embeddable":true,"href":"https:\/\/horgaszhely.hu\/hun\/wp-json\/wp\/v2\/product_cat?post=475253"},{"taxonomy":"product_tag","embeddable":true,"href":"https:\/\/horgaszhely.hu\/hun\/wp-json\/wp\/v2\/product_tag?post=475253"}],"curies":[{"name":"wp","href":"https:\/\/api.w.org\/{rel}","templated":true}]}}

KikkaBoo Savana mentolzöld cumisüveg 260 ml 3m+

<p>A KikkaBoo cumisüveg megbízható társ a 3 hónaposnál idősebb kisbabák számára. Ez a cumisüveg nemcsak praktikus, hanem stílusos kialakításával és lenyűgöző mintájával vizuálisan is igazán vonzó.A hasfájás elleni szilikon etetőcuminak és a biztonságos kupaknak köszönhetően a cumisüveget úgy tervezték, hogy kényelmes és gondtalan etetési élményt nyújtson. Polipropilénből és szilikonból készült, így biztonságosan használható és könnyen tisztán tartható.Ergonomikus formája kényelmes fogást biztosít, míg a széles nyílás megkönnyíti a cumisüveg tisztítását és kezelését.Méretek: 16 x 6,8 x 6,5 cmAnyagösszetétel: polipropilén, szilikonŰrtartalom: 260 ml3 hónapos kortól ajánlott. </p>

<p>A KikkaBoo cumisüveg megbízható társ a 3 hónaposnál idősebb kisbabák számára. Ez a cumisüveg nemcsak praktikus, hanem stílusos kialakításával és lenyűgöző mintájával vizuálisan is igazán vonzó.A hasfájás elleni szilikon etetőcuminak és a biztonságos kupaknak köszönhetően a cumisüveget úgy tervezték, hogy kényelmes és gondtalan etetési élményt nyújtson. Polipropilénből és szilikonból készült, így biztonságosan használható és könnyen [&hellip;]</p>
