{"id":475265,"date":"2026-08-24T10:43:16","date_gmt":"2026-08-24T08:43:16","guid":{"rendered":"https:\/\/horgaszhely.hu\/hun\/termek\/konfidence-aquanappy-allithato-piros-uszopelenka\/"},"modified":"2026-08-24T10:43:17","modified_gmt":"2026-08-24T08:43:17","slug":"konfidence-aquanappy-allithato-piros-uszopelenka","status":"publish","type":"product","link":"https:\/\/horgaszhely.hu\/hun\/termek\/konfidence-aquanappy-allithato-piros-uszopelenka\/","title":{"rendered":"Konfidence AquaNappy \u00e1ll\u00edthat\u00f3 piros \u00fasz\u00f3pelenka"},"content":{"rendered":"<p>A Konfidence AquaNappy\u00a0gyermek \u00fasz\u00f3pelenka k\u00f6nnyed\u00e9n a gyermek ig\u00e9nyeihez \u00e9s m\u00e9ret\u00e9hez igaz\u00edthat\u00f3. M\u00e9rete sz\u00fclet\u00e9st\u0151l eg\u00e9szen 3 \u00e9ves korig \u00e1ll\u00edthat\u00f3.\u00a0A gyermek \u00fasz\u00f3pelenka anyaga nagyon kellemes, b\u00e9l\u00e9se pedig rendk\u00edv\u00fcl puha, hogy a kicsik a lehet\u0151 legk\u00e9nyelmesebben \u00e9rezz\u00e9k magukat.Az \u00fasz\u00f3pelenka tov\u00e1bbi el\u0151nye, hogy t\u00f6bbsz\u00f6r haszn\u00e1lhat\u00f3, \u00edgy hozz\u00e1j\u00e1rulhat a term\u00e9szet szennyez\u00e9s\u00e9nek cs\u00f6kkent\u00e9s\u00e9hez.\u00a0\u00c9letkor: 0 &#8211; 3 \u00e9v<\/p>\n","protected":false},"excerpt":{"rendered":"<p>A Konfidence AquaNappy\u00a0gyermek \u00fasz\u00f3pelenka k\u00f6nnyed\u00e9n a gyermek ig\u00e9nyeihez \u00e9s m\u00e9ret\u00e9hez igaz\u00edthat\u00f3. M\u00e9rete sz\u00fclet\u00e9st\u0151l eg\u00e9szen 3 \u00e9ves korig \u00e1ll\u00edthat\u00f3.\u00a0A gyermek \u00fasz\u00f3pelenka anyaga nagyon kellemes, b\u00e9l\u00e9se pedig rendk\u00edv\u00fcl puha, hogy a kicsik a lehet\u0151 legk\u00e9nyelmesebben \u00e9rezz\u00e9k magukat.Az \u00fasz\u00f3pelenka tov\u00e1bbi el\u0151nye, hogy t\u00f6bbsz\u00f6r haszn\u00e1lhat\u00f3, \u00edgy hozz\u00e1j\u00e1rulhat a term\u00e9szet szennyez\u00e9s\u00e9nek cs\u00f6kkent\u00e9s\u00e9hez.\u00a0\u00c9letkor: 0 &#8211; 3 \u00e9v<\/p>\n","protected":false},"featured_media":475266,"template":"","meta":{"_acf_changed":false},"product_brand":[],"product_cat":[62,3369],"product_tag":[],"class_list":["post-475265","product","type-product","status-publish","has-post-thumbnail","product_cat-ajandekotletek","product_cat-babaapolas-ajandekotletek","first","instock","product-type-external"],"acf":[],"_links":{"self":[{"href":"https:\/\/horgaszhely.hu\/hun\/wp-json\/wp\/v2\/product\/475265","targetHints":{"allow":["GET"]}}],"collection":[{"href":"https:\/\/horgaszhely.hu\/hun\/wp-json\/wp\/v2\/product"}],"about":[{"href":"https:\/\/horgaszhely.hu\/hun\/wp-json\/wp\/v2\/types\/product"}],"wp:featuredmedia":[{"embeddable":true,"href":"https:\/\/horgaszhely.hu\/hun\/wp-json\/wp\/v2\/media\/475266"}],"wp:attachment":[{"href":"https:\/\/horgaszhely.hu\/hun\/wp-json\/wp\/v2\/media?parent=475265"}],"wp:term":[{"taxonomy":"product_brand","embeddable":true,"href":"https:\/\/horgaszhely.hu\/hun\/wp-json\/wp\/v2\/product_brand?post=475265"},{"taxonomy":"product_cat","embeddable":true,"href":"https:\/\/horgaszhely.hu\/hun\/wp-json\/wp\/v2\/product_cat?post=475265"},{"taxonomy":"product_tag","embeddable":true,"href":"https:\/\/horgaszhely.hu\/hun\/wp-json\/wp\/v2\/product_tag?post=475265"}],"curies":[{"name":"wp","href":"https:\/\/api.w.org\/{rel}","templated":true}]}}

Konfidence AquaNappy állítható piros úszópelenka

<p>A Konfidence AquaNappy gyermek úszópelenka könnyedén a gyermek igényeihez és méretéhez igazítható. Mérete születéstől egészen 3 éves korig állítható. A gyermek úszópelenka anyaga nagyon kellemes, bélése pedig rendkívül puha, hogy a kicsik a lehető legkényelmesebben érezzék magukat.Az úszópelenka további előnye, hogy többször használható, így hozzájárulhat a természet szennyezésének csökkentéséhez. Életkor: 0 &#8211; 3 év</p>
