{"id":475299,"date":"2026-08-24T10:43:57","date_gmt":"2026-08-24T08:43:57","guid":{"rendered":"https:\/\/horgaszhely.hu\/hun\/termek\/le-biberon-francais-chloe-cumisuveg-210-ml-6m\/"},"modified":"2026-08-24T10:43:58","modified_gmt":"2026-08-24T08:43:58","slug":"le-biberon-francais-chloe-cumisuveg-210-ml-6m","status":"publish","type":"product","link":"https:\/\/horgaszhely.hu\/hun\/termek\/le-biberon-francais-chloe-cumisuveg-210-ml-6m\/","title":{"rendered":"Le Biberon Francais CHLOE cumis\u00fcveg 210 ml, 6M+"},"content":{"rendered":"<p>A szabadalmaztatott, eredeti CHLOE\u00a0cumis\u00fcveg szigor\u00fa k\u00f6vetelm\u00e9nyeknek \u00e9s\u00a0szabv\u00e1nyoknak felel meg. Nem tartalmaz ftal\u00e1tokat, BPA-t, BPF-et vagy\u00a0BPS-t. Megfelel az NF EN 14350 (2020) eur\u00f3pai szabv\u00e1nynak. 6 h\u00f3napos kort\u00f3l haszn\u00e1lhat\u00f3.A cumis\u00fcveg praktikus kopoli\u00e9szterb\u0151l k\u00e9sz\u00fclt, amely \u00e1tl\u00e1tsz\u00f3, k\u00f6nny\u0171, massz\u00edv, valamint rendk\u00edv\u00fcl ellen\u00e1ll\u00f3 \u00e9s\u00a0hossz\u00fa \u00e9lettartam\u00fa. Az etet\u0151cumi emellett hasf\u00e1j\u00e1s elleni kialak\u00edt\u00e1s\u00fa, \u00e9s\u00a0100%-ban tiszta szilikonb\u00f3l k\u00e9sz\u00fclt.Az etet\u0151cumi szabadalmaztatott form\u00e1ja lehet\u0151v\u00e9 teszi, hogy a cumis\u00fcveg elford\u00edt\u00e1s\u00e1val h\u00e1rom k\u00fcl\u00f6nb\u00f6z\u0151 \u00e1tfoly\u00e1si sebess\u00e9g k\u00f6z\u00fcl v\u00e1lasszon. \u00cdgy az \u00e1tfoly\u00e1s a gyermek ig\u00e9nyeihez igaz\u00edthat\u00f3. Az etet\u0151cumi ergonomikus form\u00e1j\u00fa, \u00e9s\u00a0megk\u00f6nny\u00edti a probl\u00e9mamentes r\u00e1csatlakoz\u00e1st.Ez a cumis\u00fcveg a szoptat\u00e1s kieg\u00e9sz\u00edt\u00e9s\u00e9re vagy ak\u00e1r helyettes\u00edt\u00e9s\u00e9re is haszn\u00e1lhat\u00f3. A min\u0151s\u00e9gi anyagok, a forma \u00e9s\u00a0az \u00d6nnek, valamint gyermek\u00e9nek ny\u00fajtott el\u0151ny\u00f6k megk\u00f6nny\u00edtik az etet\u00e9st. A sz\u00e9les ny\u00edl\u00e1s egyszer\u0171bb\u00e9 teszi a cumis\u00fcveg megt\u00f6lt\u00e9s\u00e9t \u00e9s\u00a0tiszt\u00edt\u00e1s\u00e1t. Mosogat\u00f3g\u00e9pben \u00e9s\u00a0mikrohull\u00e1m\u00fa s\u00fct\u0151ben is haszn\u00e1lhat\u00f3, valamint steriliz\u00e1lhat\u00f3. A cumis\u00fcveg form\u00e1ja k\u00e9nyelmes fog\u00e1st biztos\u00edt, a kupak pedig haszn\u00e1lat el\u0151tt tiszt\u00e1n tartja az etet\u0151cumit. A cumis\u00fcveg \u0171rtartalma 210 ml.\u00c1pol\u00e1s \u00e9s\u00a0tiszt\u00edt\u00e1s:a term\u00e9kek sz\u00e9les ny\u00edl\u00e1ssal rendelkeznek a lehet\u0151 legegyszer\u0171bb tiszt\u00edt\u00e1s \u00e9rdek\u00e9ben,mikrohull\u00e1m\u00fa s\u00fct\u0151ben \u00e9s mosogat\u00f3g\u00e9pben haszn\u00e1lhat\u00f3k,steriliz\u00e1lhat\u00f3k,mossa el \u00e9s \u00f6bl\u00edtse le,minden alkatr\u00e9szt gondosan mosson el forr\u00f3 v\u00edzben, kev\u00e9s enyhe mosogat\u00f3szerrel.<\/p>\n","protected":false},"excerpt":{"rendered":"<p>A szabadalmaztatott, eredeti CHLOE\u00a0cumis\u00fcveg szigor\u00fa k\u00f6vetelm\u00e9nyeknek \u00e9s\u00a0szabv\u00e1nyoknak felel meg. Nem tartalmaz ftal\u00e1tokat, BPA-t, BPF-et vagy\u00a0BPS-t. Megfelel az NF EN 14350 (2020) eur\u00f3pai szabv\u00e1nynak. 6 h\u00f3napos kort\u00f3l haszn\u00e1lhat\u00f3.A cumis\u00fcveg praktikus kopoli\u00e9szterb\u0151l k\u00e9sz\u00fclt, amely \u00e1tl\u00e1tsz\u00f3, k\u00f6nny\u0171, massz\u00edv, valamint rendk\u00edv\u00fcl ellen\u00e1ll\u00f3 \u00e9s\u00a0hossz\u00fa \u00e9lettartam\u00fa. Az etet\u0151cumi emellett hasf\u00e1j\u00e1s elleni kialak\u00edt\u00e1s\u00fa, \u00e9s\u00a0100%-ban tiszta szilikonb\u00f3l k\u00e9sz\u00fclt.Az etet\u0151cumi szabadalmaztatott form\u00e1ja lehet\u0151v\u00e9 teszi, [&hellip;]<\/p>\n","protected":false},"featured_media":475300,"template":"","meta":{"_acf_changed":false},"product_brand":[],"product_cat":[62,3369],"product_tag":[],"class_list":["post-475299","product","type-product","status-publish","has-post-thumbnail","product_cat-ajandekotletek","product_cat-babaapolas-ajandekotletek","first","instock","product-type-external"],"acf":[],"_links":{"self":[{"href":"https:\/\/horgaszhely.hu\/hun\/wp-json\/wp\/v2\/product\/475299","targetHints":{"allow":["GET"]}}],"collection":[{"href":"https:\/\/horgaszhely.hu\/hun\/wp-json\/wp\/v2\/product"}],"about":[{"href":"https:\/\/horgaszhely.hu\/hun\/wp-json\/wp\/v2\/types\/product"}],"wp:featuredmedia":[{"embeddable":true,"href":"https:\/\/horgaszhely.hu\/hun\/wp-json\/wp\/v2\/media\/475300"}],"wp:attachment":[{"href":"https:\/\/horgaszhely.hu\/hun\/wp-json\/wp\/v2\/media?parent=475299"}],"wp:term":[{"taxonomy":"product_brand","embeddable":true,"href":"https:\/\/horgaszhely.hu\/hun\/wp-json\/wp\/v2\/product_brand?post=475299"},{"taxonomy":"product_cat","embeddable":true,"href":"https:\/\/horgaszhely.hu\/hun\/wp-json\/wp\/v2\/product_cat?post=475299"},{"taxonomy":"product_tag","embeddable":true,"href":"https:\/\/horgaszhely.hu\/hun\/wp-json\/wp\/v2\/product_tag?post=475299"}],"curies":[{"name":"wp","href":"https:\/\/api.w.org\/{rel}","templated":true}]}}

Le Biberon Francais CHLOE cumisüveg 210 ml, 6M+

<p>A szabadalmaztatott, eredeti CHLOE cumisüveg szigorú követelményeknek és szabványoknak felel meg. Nem tartalmaz ftalátokat, BPA-t, BPF-et vagy BPS-t. Megfelel az NF EN 14350 (2020) európai szabványnak. 6 hónapos kortól használható.A cumisüveg praktikus kopoliészterből készült, amely átlátszó, könnyű, masszív, valamint rendkívül ellenálló és hosszú élettartamú. Az etetőcumi emellett hasfájás elleni kialakítású, és 100%-ban tiszta szilikonból készült.Az etetőcumi szabadalmaztatott formája lehetővé teszi, hogy a cumisüveg elfordításával három különböző átfolyási sebesség közül válasszon. Így az átfolyás a gyermek igényeihez igazítható. Az etetőcumi ergonomikus formájú, és megkönnyíti a problémamentes rácsatlakozást.Ez a cumisüveg a szoptatás kiegészítésére vagy akár helyettesítésére is használható. A minőségi anyagok, a forma és az Önnek, valamint gyermekének nyújtott előnyök megkönnyítik az etetést. A széles nyílás egyszerűbbé teszi a cumisüveg megtöltését és tisztítását. Mosogatógépben és mikrohullámú sütőben is használható, valamint sterilizálható. A cumisüveg formája kényelmes fogást biztosít, a kupak pedig használat előtt tisztán tartja az etetőcumit. A cumisüveg űrtartalma 210 ml.Ápolás és tisztítás:a termékek széles nyílással rendelkeznek a lehető legegyszerűbb tisztítás érdekében,mikrohullámú sütőben és mosogatógépben használhatók,sterilizálhatók,mossa el és öblítse le,minden alkatrészt gondosan mosson el forró vízben, kevés enyhe mosogatószerrel.</p>

<p>A szabadalmaztatott, eredeti CHLOE cumisüveg szigorú követelményeknek és szabványoknak felel meg. Nem tartalmaz ftalátokat, BPA-t, BPF-et vagy BPS-t. Megfelel az NF EN 14350 (2020) európai szabványnak. 6 hónapos kortól használható.A cumisüveg praktikus kopoliészterből készült, amely átlátszó, könnyű, masszív, valamint rendkívül ellenálló és hosszú élettartamú. Az etetőcumi emellett hasfájás elleni kialakítású, és 100%-ban tiszta szilikonból készült.Az etetőcumi szabadalmaztatott formája lehetővé teszi, [&hellip;]</p>
