{"id":475313,"date":"2026-08-24T10:44:15","date_gmt":"2026-08-24T08:44:15","guid":{"rendered":"https:\/\/horgaszhely.hu\/hun\/termek\/csorgos-labda-a-finommotorika-fejlesztesehez-doudou-et-compagnie\/"},"modified":"2026-08-24T10:44:16","modified_gmt":"2026-08-24T08:44:16","slug":"csorgos-labda-a-finommotorika-fejlesztesehez-doudou-et-compagnie","status":"publish","type":"product","link":"https:\/\/horgaszhely.hu\/hun\/termek\/csorgos-labda-a-finommotorika-fejlesztesehez-doudou-et-compagnie\/","title":{"rendered":"Cs\u00f6rg\u0151s labda a finommotorika fejleszt\u00e9s\u00e9hez DouDou et Compagnie"},"content":{"rendered":"<p>A puhas\u00e1g \u00e9s a gy\u00f6ny\u00f6r\u0171 kialak\u00edt\u00e1s ennek a b\u00e9zs sz\u00edn\u0171 gyermekcs\u00f6rg\u0151nek a f\u0151 el\u0151nye. A gyermekeknek m\u00e1r eg\u00e9szen kis korukt\u00f3l sz\u00fcks\u00e9g\u00fck van a motoros k\u00e9szs\u00e9gek fejleszt\u00e9s\u00e9re, amelyet az oktat\u00f3 \u00e9s stimul\u00e1l\u00f3 j\u00e1t\u00e9kok k\u00f6zvetlen\u00fcl t\u00e1mogatnak.A DouDou term\u00e9kekn\u00e9l a biztons\u00e1g az els\u0151 \u2013 a term\u00e9keket\u00a0\u00a0\u00e9s az anyagokat folyamatosan fel\u00fclvizsg\u00e1lj\u00e1k, hogy megfeleljenek a legszigor\u00fabb k\u00f6vetelm\u00e9nyeknek.A DouDou v\u00e1llalat \u00e9desany\u00e1kkal tal\u00e1lkozik, hogy meghallgassa ig\u00e9nyeiket \u00e9s gyermekeik k\u00edv\u00e1ns\u00e1gait :)A DouDou term\u00e9kek a legfinomabb anyagokb\u00f3l k\u00e9sz\u00fclnek, id\u0151t\u00e1ll\u00f3 kialak\u00edt\u00e1sukat pedig az \u00e9desany\u00e1k \u00e9s gyermekeik mindennapi \u00e9lete ihleti.Sz\u00fclet\u00e9st\u0151l haszn\u00e1lhat\u00f3.M\u00e9ret: 15 cmAnyag:\u00a0\u00a0100% poli\u00e9szter\u00c1pol\u00e1s \u00e9s karbantart\u00e1s:mos\u00f3g\u00e9pben legfeljebb 30 \u00b0 C-on, k\u00edm\u00e9l\u0151 programon moshat\u00f3nem feh\u00e9r\u00edthet\u0151vegyileg nem tiszt\u00edthat\u00f3nem vasalhat\u00f3sz\u00e1r\u00edt\u00f3g\u00e9pben nem sz\u00e1r\u00edthat\u00f3<\/p>\n","protected":false},"excerpt":{"rendered":"<p>A puhas\u00e1g \u00e9s a gy\u00f6ny\u00f6r\u0171 kialak\u00edt\u00e1s ennek a b\u00e9zs sz\u00edn\u0171 gyermekcs\u00f6rg\u0151nek a f\u0151 el\u0151nye. A gyermekeknek m\u00e1r eg\u00e9szen kis korukt\u00f3l sz\u00fcks\u00e9g\u00fck van a motoros k\u00e9szs\u00e9gek fejleszt\u00e9s\u00e9re, amelyet az oktat\u00f3 \u00e9s stimul\u00e1l\u00f3 j\u00e1t\u00e9kok k\u00f6zvetlen\u00fcl t\u00e1mogatnak.A DouDou term\u00e9kekn\u00e9l a biztons\u00e1g az els\u0151 \u2013 a term\u00e9keket\u00a0\u00a0\u00e9s az anyagokat folyamatosan fel\u00fclvizsg\u00e1lj\u00e1k, hogy megfeleljenek a legszigor\u00fabb k\u00f6vetelm\u00e9nyeknek.A DouDou v\u00e1llalat \u00e9desany\u00e1kkal [&hellip;]<\/p>\n","protected":false},"featured_media":475314,"template":"","meta":{"_acf_changed":false},"product_brand":[],"product_cat":[62,3369],"product_tag":[],"class_list":["post-475313","product","type-product","status-publish","has-post-thumbnail","product_cat-ajandekotletek","product_cat-babaapolas-ajandekotletek","first","instock","product-type-external"],"acf":[],"_links":{"self":[{"href":"https:\/\/horgaszhely.hu\/hun\/wp-json\/wp\/v2\/product\/475313","targetHints":{"allow":["GET"]}}],"collection":[{"href":"https:\/\/horgaszhely.hu\/hun\/wp-json\/wp\/v2\/product"}],"about":[{"href":"https:\/\/horgaszhely.hu\/hun\/wp-json\/wp\/v2\/types\/product"}],"wp:featuredmedia":[{"embeddable":true,"href":"https:\/\/horgaszhely.hu\/hun\/wp-json\/wp\/v2\/media\/475314"}],"wp:attachment":[{"href":"https:\/\/horgaszhely.hu\/hun\/wp-json\/wp\/v2\/media?parent=475313"}],"wp:term":[{"taxonomy":"product_brand","embeddable":true,"href":"https:\/\/horgaszhely.hu\/hun\/wp-json\/wp\/v2\/product_brand?post=475313"},{"taxonomy":"product_cat","embeddable":true,"href":"https:\/\/horgaszhely.hu\/hun\/wp-json\/wp\/v2\/product_cat?post=475313"},{"taxonomy":"product_tag","embeddable":true,"href":"https:\/\/horgaszhely.hu\/hun\/wp-json\/wp\/v2\/product_tag?post=475313"}],"curies":[{"name":"wp","href":"https:\/\/api.w.org\/{rel}","templated":true}]}}

Csörgős labda a finommotorika fejlesztéséhez DouDou et Compagnie

<p>A puhaság és a gyönyörű kialakítás ennek a bézs színű gyermekcsörgőnek a fő előnye. A gyermekeknek már egészen kis koruktól szükségük van a motoros készségek fejlesztésére, amelyet az oktató és stimuláló játékok közvetlenül támogatnak.A DouDou termékeknél a biztonság az első – a termékeket  és az anyagokat folyamatosan felülvizsgálják, hogy megfeleljenek a legszigorúbb követelményeknek.A DouDou vállalat édesanyákkal találkozik, hogy meghallgassa igényeiket és gyermekeik kívánságait :)A DouDou termékek a legfinomabb anyagokból készülnek, időtálló kialakításukat pedig az édesanyák és gyermekeik mindennapi élete ihleti.Születéstől használható.Méret: 15 cmAnyag:  100% poliészterÁpolás és karbantartás:mosógépben legfeljebb 30 ° C-on, kímélő programon moshatónem fehéríthetővegyileg nem tisztíthatónem vasalhatószárítógépben nem szárítható</p>

<p>A puhaság és a gyönyörű kialakítás ennek a bézs színű gyermekcsörgőnek a fő előnye. A gyermekeknek már egészen kis koruktól szükségük van a motoros készségek fejlesztésére, amelyet az oktató és stimuláló játékok közvetlenül támogatnak.A DouDou termékeknél a biztonság az első – a termékeket  és az anyagokat folyamatosan felülvizsgálják, hogy megfeleljenek a legszigorúbb követelményeknek.A DouDou vállalat édesanyákkal [&hellip;]</p>
