{"id":475321,"date":"2026-08-24T10:44:33","date_gmt":"2026-08-24T08:44:33","guid":{"rendered":"https:\/\/horgaszhely.hu\/hun\/termek\/lofej-maszk\/"},"modified":"2026-08-24T10:44:34","modified_gmt":"2026-08-24T08:44:34","slug":"lofej-maszk","status":"publish","type":"product","link":"https:\/\/horgaszhely.hu\/hun\/termek\/lofej-maszk\/","title":{"rendered":"L\u00f3fej maszk"},"content":{"rendered":"<p>Elege van a f\u0151n\u00f6k\u00e9b\u0151l \u00e9s a koll\u00e9g\u00e1ib\u00f3l a munkahely\u00e9n? Menjen dolgozni a l\u00f3fej maszkban \u00e9s senkinek sem lesz t\u00f6bb k\u00e9rd\u00e9se. \u00daj \u00f6tletek kellen\u00e9nek? A l\u00f3fej maszkban biztosan megj\u00f6n az ihlet! D\u00fch\u00edti, hogy minden hely foglalt a villamoson? Vegye el\u0151 a l\u00f3fej maszkot \u00e9s k\u00e9t m\u00e9teres k\u00f6rzetben senki se fog le\u00fclni. Este egyed\u00fcl kell \u00e1ts\u00e9t\u00e1lnia egy parkon \u00e9s f\u00e9l? Vegye fel a l\u00f3fej maszkot \u00e9s m\u00e1r senki se fog merni k\u00f6tekedni. A l\u00f3fej maszk partikra \u00e9s m\u00e1s alkalmakra ide\u00e1lis. Csak fant\u00e1zi\u00e1j\u00e1n m\u00falik, hogy hol \u00e9s mikor fogja haszn\u00e1lni. :-)L\u00f3fej maszk gumib\u00f3l sz\u0151r\u00f6s s\u00f6r\u00e9nnyelNy\u00edl\u00e1sok a sz\u00e1jn\u00e1l \u00e9s a szemn\u00e9lUniverz\u00e1lis feln\u0151tt m\u00e9retIde\u00e1lis partikraExpress One h\u00e1zhoz sz\u00e1ll\u00edt\u00e1s: 1690 FtGLS sz\u00e1ll\u00edt\u00e1s CsomagPontra: 1490 FtPacketa Csomagpont \u00e9s Csomagautomata: 1090 FtUt\u00e1nv\u00e9tel: + 500 Ft20 000 forint feletti rendel\u00e9s eset\u00e9n a sz\u00e1ll\u00edt\u00e1s ingyenes.<\/p>\n","protected":false},"excerpt":{"rendered":"<p>Elege van a f\u0151n\u00f6k\u00e9b\u0151l \u00e9s a koll\u00e9g\u00e1ib\u00f3l a munkahely\u00e9n? Menjen dolgozni a l\u00f3fej maszkban \u00e9s senkinek sem lesz t\u00f6bb k\u00e9rd\u00e9se. \u00daj \u00f6tletek kellen\u00e9nek? A l\u00f3fej maszkban biztosan megj\u00f6n az ihlet! D\u00fch\u00edti, hogy minden hely foglalt a villamoson? Vegye el\u0151 a l\u00f3fej maszkot \u00e9s k\u00e9t m\u00e9teres k\u00f6rzetben senki se fog le\u00fclni. Este egyed\u00fcl kell \u00e1ts\u00e9t\u00e1lnia egy [&hellip;]<\/p>\n","protected":false},"featured_media":475322,"template":"","meta":{"_acf_changed":false},"product_brand":[],"product_cat":[62,2956],"product_tag":[],"class_list":["post-475321","product","type-product","status-publish","has-post-thumbnail","product_cat-ajandekotletek","product_cat-party-ajandek","first","instock","product-type-external"],"acf":[],"_links":{"self":[{"href":"https:\/\/horgaszhely.hu\/hun\/wp-json\/wp\/v2\/product\/475321","targetHints":{"allow":["GET"]}}],"collection":[{"href":"https:\/\/horgaszhely.hu\/hun\/wp-json\/wp\/v2\/product"}],"about":[{"href":"https:\/\/horgaszhely.hu\/hun\/wp-json\/wp\/v2\/types\/product"}],"wp:featuredmedia":[{"embeddable":true,"href":"https:\/\/horgaszhely.hu\/hun\/wp-json\/wp\/v2\/media\/475322"}],"wp:attachment":[{"href":"https:\/\/horgaszhely.hu\/hun\/wp-json\/wp\/v2\/media?parent=475321"}],"wp:term":[{"taxonomy":"product_brand","embeddable":true,"href":"https:\/\/horgaszhely.hu\/hun\/wp-json\/wp\/v2\/product_brand?post=475321"},{"taxonomy":"product_cat","embeddable":true,"href":"https:\/\/horgaszhely.hu\/hun\/wp-json\/wp\/v2\/product_cat?post=475321"},{"taxonomy":"product_tag","embeddable":true,"href":"https:\/\/horgaszhely.hu\/hun\/wp-json\/wp\/v2\/product_tag?post=475321"}],"curies":[{"name":"wp","href":"https:\/\/api.w.org\/{rel}","templated":true}]}}

Lófej maszk

<p>Elege van a főnökéből és a kollégáiból a munkahelyén? Menjen dolgozni a lófej maszkban és senkinek sem lesz több kérdése. Új ötletek kellenének? A lófej maszkban biztosan megjön az ihlet! Dühíti, hogy minden hely foglalt a villamoson? Vegye elő a lófej maszkot és két méteres körzetben senki se fog leülni. Este egyedül kell átsétálnia egy parkon és fél? Vegye fel a lófej maszkot és már senki se fog merni kötekedni. A lófej maszk partikra és más alkalmakra ideális. Csak fantáziáján múlik, hogy hol és mikor fogja használni. :-)Lófej maszk gumiból szőrös sörénnyelNyílások a szájnál és a szemnélUniverzális felnőtt méretIdeális partikraExpress One házhoz szállítás: 1690 FtGLS szállítás CsomagPontra: 1490 FtPacketa Csomagpont és Csomagautomata: 1090 FtUtánvétel: + 500 Ft20 000 forint feletti rendelés esetén a szállítás ingyenes.</p>

<p>Elege van a főnökéből és a kollégáiból a munkahelyén? Menjen dolgozni a lófej maszkban és senkinek sem lesz több kérdése. Új ötletek kellenének? A lófej maszkban biztosan megjön az ihlet! Dühíti, hogy minden hely foglalt a villamoson? Vegye elő a lófej maszkot és két méteres körzetben senki se fog leülni. Este egyedül kell átsétálnia egy [&hellip;]</p>
