{"id":475329,"date":"2026-08-24T10:44:43","date_gmt":"2026-08-24T08:44:43","guid":{"rendered":"https:\/\/horgaszhely.hu\/hun\/termek\/metoo-baba-rozsaszin-hatizsak-fulek\/"},"modified":"2026-08-24T10:44:43","modified_gmt":"2026-08-24T08:44:43","slug":"metoo-baba-rozsaszin-hatizsak-fulek","status":"publish","type":"product","link":"https:\/\/horgaszhely.hu\/hun\/termek\/metoo-baba-rozsaszin-hatizsak-fulek\/","title":{"rendered":"Metoo baba, r\u00f3zsasz\u00edn h\u00e1tizs\u00e1k f\u00fclek"},"content":{"rendered":"<p>Az eredeti, r\u00f3zsasz\u00edn Metoo gyermekh\u00e1tizs\u00e1k els\u0151sorban a kisl\u00e1nyoknak szerez \u00f6r\u00f6met. F\u00fcles sapk\u00e1t visel\u0151 baba form\u00e1j\u00fa.A h\u00e1tizs\u00e1k tan\u00fas\u00edtott anyagokb\u00f3l k\u00e9sz\u00fclt. Szigor\u00fa eur\u00f3pai szabv\u00e1nyok szerint tesztelt\u00e9k, ez\u00e9rt a legkisebb gyermekek sz\u00e1m\u00e1ra is megfelel\u0151. El\u00e9g t\u00e1gas az els\u0151 kir\u00e1ndul\u00e1sokhoz, ugyanakkor k\u00f6nny\u0171. Min\u0151s\u00e9gi kidolgoz\u00e1sa \u00e9s kellemes anyaga hamar kedvenc gyermekh\u00e1tizs\u00e1kk\u00e1 teszi.A pl\u00fcss h\u00e1tizs\u00e1k sz\u00e9lesebb v\u00e1llp\u00e1ntokkal rendelkezik, amelyek k\u00e9nyelmesek a gyermekek sz\u00e1m\u00e1ra. A p\u00e1ntok a sz\u00fcks\u00e9ges hossz\u00fas\u00e1gra \u00e1ll\u00edthat\u00f3k. A h\u00e1tizs\u00e1k fel\u00fcl cipz\u00e1rral egyszer\u0171en nyithat\u00f3, \u00edgy a kisebb gyermekek is k\u00f6nnyen haszn\u00e1lhatj\u00e1k.Praktikus seg\u00edts\u00e9g az \u00e9desany\u00e1knak, a gyermekeknek pedig kedvelt kieg\u00e9sz\u00edt\u0151. Fontosnak \u00e9rezhetik magukat, amikor saj\u00e1t holmijukat maguk viszik. Kedvenc j\u00e1t\u00e9k, \u00faj k\u00f6nyv vagy t\u00edz\u00f3rai? Mindez k\u00e9nyelmesen elf\u00e9r benne.A Metoo t\u00f6bbi j\u00e1t\u00e9k\u00e1hoz hasonl\u00f3an ez a h\u00e1tizs\u00e1k is moshat\u00f3 mos\u00f3g\u00e9pben 30 fokon. \u00cdgy biztos\u00edthatja tisztas\u00e1g\u00e1t \u00e9s a gyermekek biztons\u00e1g\u00e1t.Teljes hossz: k\u00f6r\u00fclbel\u00fcl 60 cm a f\u00fclekkel egy\u00fctt, bels\u0151 zseb 30 cmGyermek \u00e9letkora: 0+Anyag: poli\u00e9szter pl\u00fcssT\u00f6ltet: 100% PP pamutCE-jel\u00f6l\u00e9s az EN71-1,2,3 szabv\u00e1nyok szerint<\/p>\n","protected":false},"excerpt":{"rendered":"<p>Az eredeti, r\u00f3zsasz\u00edn Metoo gyermekh\u00e1tizs\u00e1k els\u0151sorban a kisl\u00e1nyoknak szerez \u00f6r\u00f6met. F\u00fcles sapk\u00e1t visel\u0151 baba form\u00e1j\u00fa.A h\u00e1tizs\u00e1k tan\u00fas\u00edtott anyagokb\u00f3l k\u00e9sz\u00fclt. Szigor\u00fa eur\u00f3pai szabv\u00e1nyok szerint tesztelt\u00e9k, ez\u00e9rt a legkisebb gyermekek sz\u00e1m\u00e1ra is megfelel\u0151. El\u00e9g t\u00e1gas az els\u0151 kir\u00e1ndul\u00e1sokhoz, ugyanakkor k\u00f6nny\u0171. Min\u0151s\u00e9gi kidolgoz\u00e1sa \u00e9s kellemes anyaga hamar kedvenc gyermekh\u00e1tizs\u00e1kk\u00e1 teszi.A pl\u00fcss h\u00e1tizs\u00e1k sz\u00e9lesebb v\u00e1llp\u00e1ntokkal rendelkezik, amelyek k\u00e9nyelmesek a [&hellip;]<\/p>\n","protected":false},"featured_media":475330,"template":"","meta":{"_acf_changed":false},"product_brand":[],"product_cat":[62,3369],"product_tag":[],"class_list":["post-475329","product","type-product","status-publish","has-post-thumbnail","product_cat-ajandekotletek","product_cat-babaapolas-ajandekotletek","first","instock","product-type-external"],"acf":[],"_links":{"self":[{"href":"https:\/\/horgaszhely.hu\/hun\/wp-json\/wp\/v2\/product\/475329","targetHints":{"allow":["GET"]}}],"collection":[{"href":"https:\/\/horgaszhely.hu\/hun\/wp-json\/wp\/v2\/product"}],"about":[{"href":"https:\/\/horgaszhely.hu\/hun\/wp-json\/wp\/v2\/types\/product"}],"wp:featuredmedia":[{"embeddable":true,"href":"https:\/\/horgaszhely.hu\/hun\/wp-json\/wp\/v2\/media\/475330"}],"wp:attachment":[{"href":"https:\/\/horgaszhely.hu\/hun\/wp-json\/wp\/v2\/media?parent=475329"}],"wp:term":[{"taxonomy":"product_brand","embeddable":true,"href":"https:\/\/horgaszhely.hu\/hun\/wp-json\/wp\/v2\/product_brand?post=475329"},{"taxonomy":"product_cat","embeddable":true,"href":"https:\/\/horgaszhely.hu\/hun\/wp-json\/wp\/v2\/product_cat?post=475329"},{"taxonomy":"product_tag","embeddable":true,"href":"https:\/\/horgaszhely.hu\/hun\/wp-json\/wp\/v2\/product_tag?post=475329"}],"curies":[{"name":"wp","href":"https:\/\/api.w.org\/{rel}","templated":true}]}}

Metoo baba, rózsaszín hátizsák fülek

<p>Az eredeti, rózsaszín Metoo gyermekhátizsák elsősorban a kislányoknak szerez örömet. Füles sapkát viselő baba formájú.A hátizsák tanúsított anyagokból készült. Szigorú európai szabványok szerint tesztelték, ezért a legkisebb gyermekek számára is megfelelő. Elég tágas az első kirándulásokhoz, ugyanakkor könnyű. Minőségi kidolgozása és kellemes anyaga hamar kedvenc gyermekhátizsákká teszi.A plüss hátizsák szélesebb vállpántokkal rendelkezik, amelyek kényelmesek a gyermekek számára. A pántok a szükséges hosszúságra állíthatók. A hátizsák felül cipzárral egyszerűen nyitható, így a kisebb gyermekek is könnyen használhatják.Praktikus segítség az édesanyáknak, a gyermekeknek pedig kedvelt kiegészítő. Fontosnak érezhetik magukat, amikor saját holmijukat maguk viszik. Kedvenc játék, új könyv vagy tízórai? Mindez kényelmesen elfér benne.A Metoo többi játékához hasonlóan ez a hátizsák is mosható mosógépben 30 fokon. Így biztosíthatja tisztaságát és a gyermekek biztonságát.Teljes hossz: körülbelül 60 cm a fülekkel együtt, belső zseb 30 cmGyermek életkora: 0+Anyag: poliészter plüssTöltet: 100% PP pamutCE-jelölés az EN71-1,2,3 szabványok szerint</p>

<p>Az eredeti, rózsaszín Metoo gyermekhátizsák elsősorban a kislányoknak szerez örömet. Füles sapkát viselő baba formájú.A hátizsák tanúsított anyagokból készült. Szigorú európai szabványok szerint tesztelték, ezért a legkisebb gyermekek számára is megfelelő. Elég tágas az első kirándulásokhoz, ugyanakkor könnyű. Minőségi kidolgozása és kellemes anyaga hamar kedvenc gyermekhátizsákká teszi.A plüss hátizsák szélesebb vállpántokkal rendelkezik, amelyek kényelmesek a [&hellip;]</p>
