{"id":475333,"date":"2026-08-24T10:44:46","date_gmt":"2026-08-24T08:44:46","guid":{"rendered":"https:\/\/horgaszhely.hu\/hun\/termek\/metoo-gyermekhatizsak-balerina-rozsaszin\/"},"modified":"2026-08-24T10:44:47","modified_gmt":"2026-08-24T08:44:47","slug":"metoo-gyermekhatizsak-balerina-rozsaszin","status":"publish","type":"product","link":"https:\/\/horgaszhely.hu\/hun\/termek\/metoo-gyermekhatizsak-balerina-rozsaszin\/","title":{"rendered":"Metoo gyermekh\u00e1tizs\u00e1k Balerina &#8211; r\u00f3zsasz\u00edn"},"content":{"rendered":"<p>A gy\u00f6ny\u00f6r\u0171 Metoo l\u00e1ny h\u00e1tizs\u00e1k minden kisl\u00e1nynak \u00f6r\u00f6met szerez. A h\u00e1tizs\u00e1kok k\u00e9zzel k\u00e9sz\u00fclnek biztons\u00e1gos, az EU-szabv\u00e1nyoknak megfelel\u0151 anyagokb\u00f3l. Ez a h\u00e1tizs\u00e1k mindenhov\u00e1 elk\u00eds\u00e9ri kisl\u00e1ny\u00e1t, \u00e9s elf\u00e9r benne minden sz\u00fcks\u00e9ges holmi. A legjobb bar\u00e1tja lesz az \u00f3vod\u00e1ba vezet\u0151 \u00faton \u00e9s a sz\u00fcnidei kir\u00e1ndul\u00e1sok sor\u00e1n is.Teljes hossz: k\u00f6r\u00fclbel\u00fcl 56 cmGyermek \u00e9letkora: 12+Anyag: poli\u00e9szter pl\u00fcssT\u00f6ltet: 100% PP pamutCE-jel\u00f6l\u00e9s az EN71-1,2,3 szabv\u00e1nyok szerint\u00a0<\/p>\n","protected":false},"excerpt":{"rendered":"<p>A gy\u00f6ny\u00f6r\u0171 Metoo l\u00e1ny h\u00e1tizs\u00e1k minden kisl\u00e1nynak \u00f6r\u00f6met szerez. A h\u00e1tizs\u00e1kok k\u00e9zzel k\u00e9sz\u00fclnek biztons\u00e1gos, az EU-szabv\u00e1nyoknak megfelel\u0151 anyagokb\u00f3l. Ez a h\u00e1tizs\u00e1k mindenhov\u00e1 elk\u00eds\u00e9ri kisl\u00e1ny\u00e1t, \u00e9s elf\u00e9r benne minden sz\u00fcks\u00e9ges holmi. A legjobb bar\u00e1tja lesz az \u00f3vod\u00e1ba vezet\u0151 \u00faton \u00e9s a sz\u00fcnidei kir\u00e1ndul\u00e1sok sor\u00e1n is.Teljes hossz: k\u00f6r\u00fclbel\u00fcl 56 cmGyermek \u00e9letkora: 12+Anyag: poli\u00e9szter pl\u00fcssT\u00f6ltet: 100% PP pamutCE-jel\u00f6l\u00e9s [&hellip;]<\/p>\n","protected":false},"featured_media":475334,"template":"","meta":{"_acf_changed":false},"product_brand":[],"product_cat":[62,3369],"product_tag":[],"class_list":["post-475333","product","type-product","status-publish","has-post-thumbnail","product_cat-ajandekotletek","product_cat-babaapolas-ajandekotletek","first","instock","product-type-external"],"acf":[],"_links":{"self":[{"href":"https:\/\/horgaszhely.hu\/hun\/wp-json\/wp\/v2\/product\/475333","targetHints":{"allow":["GET"]}}],"collection":[{"href":"https:\/\/horgaszhely.hu\/hun\/wp-json\/wp\/v2\/product"}],"about":[{"href":"https:\/\/horgaszhely.hu\/hun\/wp-json\/wp\/v2\/types\/product"}],"wp:featuredmedia":[{"embeddable":true,"href":"https:\/\/horgaszhely.hu\/hun\/wp-json\/wp\/v2\/media\/475334"}],"wp:attachment":[{"href":"https:\/\/horgaszhely.hu\/hun\/wp-json\/wp\/v2\/media?parent=475333"}],"wp:term":[{"taxonomy":"product_brand","embeddable":true,"href":"https:\/\/horgaszhely.hu\/hun\/wp-json\/wp\/v2\/product_brand?post=475333"},{"taxonomy":"product_cat","embeddable":true,"href":"https:\/\/horgaszhely.hu\/hun\/wp-json\/wp\/v2\/product_cat?post=475333"},{"taxonomy":"product_tag","embeddable":true,"href":"https:\/\/horgaszhely.hu\/hun\/wp-json\/wp\/v2\/product_tag?post=475333"}],"curies":[{"name":"wp","href":"https:\/\/api.w.org\/{rel}","templated":true}]}}

Metoo gyermekhátizsák Balerina &#8211; rózsaszín

<p>A gyönyörű Metoo lány hátizsák minden kislánynak örömet szerez. A hátizsákok kézzel készülnek biztonságos, az EU-szabványoknak megfelelő anyagokból. Ez a hátizsák mindenhová elkíséri kislányát, és elfér benne minden szükséges holmi. A legjobb barátja lesz az óvodába vezető úton és a szünidei kirándulások során is.Teljes hossz: körülbelül 56 cmGyermek életkora: 12+Anyag: poliészter plüssTöltet: 100% PP pamutCE-jelölés az EN71-1,2,3 szabványok szerint </p>

<p>A gyönyörű Metoo lány hátizsák minden kislánynak örömet szerez. A hátizsákok kézzel készülnek biztonságos, az EU-szabványoknak megfelelő anyagokból. Ez a hátizsák mindenhová elkíséri kislányát, és elfér benne minden szükséges holmi. A legjobb barátja lesz az óvodába vezető úton és a szünidei kirándulások során is.Teljes hossz: körülbelül 56 cmGyermek életkora: 12+Anyag: poliészter plüssTöltet: 100% PP pamutCE-jelölés [&hellip;]</p>
