{"id":475337,"date":"2026-08-24T10:44:55","date_gmt":"2026-08-24T08:44:55","guid":{"rendered":"https:\/\/horgaszhely.hu\/hun\/termek\/metoo-angela-alvo-baba-70-cm-sarga\/"},"modified":"2026-08-24T10:44:56","modified_gmt":"2026-08-24T08:44:56","slug":"metoo-angela-alvo-baba-70-cm-sarga","status":"publish","type":"product","link":"https:\/\/horgaszhely.hu\/hun\/termek\/metoo-angela-alvo-baba-70-cm-sarga\/","title":{"rendered":"Metoo Angela alv\u00f3 baba 70 cm &#8211; s\u00e1rga"},"content":{"rendered":"<p>Vannak olyan gyermekj\u00e1t\u00e9kok, amelyek hossz\u00fa id\u0151n \u00e1t elk\u00eds\u00e9rik a gyermekeket. Ezek els\u0151sorban id\u0151t\u00e1ll\u00f3 j\u00e1t\u00e9kok, amelyeket a kicsik igaz\u00e1n megszeretnek.A Metoo baba puha \u00e9s b\u00e1jos. Olyan textilbaba, amely a legkisebb gyermekek sz\u00e1m\u00e1ra is megfelel\u0151, mivel megfelel a szigor\u00fa eur\u00f3pai szabv\u00e1nyoknak.A Metoo Angela alv\u00f3 baba gy\u00f6ny\u00f6r\u0171 aj\u00e1nd\u00e9k kisbab\u00e1knak, \u00e9s egyben kedves dekor\u00e1ci\u00f3 a gyerekszob\u00e1ba. Rendk\u00edv\u00fcl puha, ez\u00e9rt a legkisebb kezek sz\u00e1m\u00e1ra \u00e9s \u00f6lelget\u00e9shez is ide\u00e1lis. Elk\u00eds\u00e9ri gyermek\u00e9t j\u00e1t\u00e9k, elalv\u00e1s \u00e9s utaz\u00e1s k\u00f6zben. Ez a j\u00e1t\u00e9k nemcsak \u00e9jszak\u00e1ra v\u00e1lik h\u0171s\u00e9ges t\u00e1rs\u00e1v\u00e1 \u00e9s kedvenc alv\u00f3k\u00e1j\u00e1v\u00e1.A baba kiv\u00e1l\u00f3 min\u0151s\u00e9g\u0171 anyagokb\u00f3l k\u00e9sz\u00fclt, \u00e9s gy\u00f6ny\u00f6r\u0171 r\u00e9szletei nemcsak a gyermekek figyelm\u00e9t keltik fel. Csukott szemei, sz\u00e9p sz\u00fcrke ruh\u00e1ja zsebbel \u00e9s a fej\u00e9n tal\u00e1lhat\u00f3 f\u00fclek igaz\u00e1n k\u00fcl\u00f6nlegess\u00e9 teszik. Val\u00f3ban egyedi \u00e9s kedves aj\u00e1nd\u00e9k, nemcsak kisl\u00e1nyok sz\u00e1m\u00e1ra.Teljes hossz: k\u00f6r\u00fclbel\u00fcl 70 cm &#8211; a f\u00fclekkel egy\u00fcttGyermek \u00e9letkora: 0+Eur\u00f3pai forgalmaz\u00f3 \u00e1ltal forgalmazvaA baba mos\u00f3g\u00e9pben legfeljebb 30\u00b0C-on, k\u00edm\u00e9l\u0151 programon moshat\u00f3A bab\u00e1k eredeti term\u00e9kek, \u00e9s CE-jel\u00f6l\u00e9ssel rendelkeznek, ami azt jelenti, hogy megfelelnek az alapvet\u0151 eg\u00e9szs\u00e9g\u00fcgyi, biztons\u00e1gi \u00e9s k\u00f6rnyezetv\u00e9delmi k\u00f6vetelm\u00e9nyeknek<\/p>\n","protected":false},"excerpt":{"rendered":"<p>Vannak olyan gyermekj\u00e1t\u00e9kok, amelyek hossz\u00fa id\u0151n \u00e1t elk\u00eds\u00e9rik a gyermekeket. Ezek els\u0151sorban id\u0151t\u00e1ll\u00f3 j\u00e1t\u00e9kok, amelyeket a kicsik igaz\u00e1n megszeretnek.A Metoo baba puha \u00e9s b\u00e1jos. Olyan textilbaba, amely a legkisebb gyermekek sz\u00e1m\u00e1ra is megfelel\u0151, mivel megfelel a szigor\u00fa eur\u00f3pai szabv\u00e1nyoknak.A Metoo Angela alv\u00f3 baba gy\u00f6ny\u00f6r\u0171 aj\u00e1nd\u00e9k kisbab\u00e1knak, \u00e9s egyben kedves dekor\u00e1ci\u00f3 a gyerekszob\u00e1ba. Rendk\u00edv\u00fcl puha, ez\u00e9rt [&hellip;]<\/p>\n","protected":false},"featured_media":475338,"template":"","meta":{"_acf_changed":false},"product_brand":[],"product_cat":[62,3369],"product_tag":[],"class_list":["post-475337","product","type-product","status-publish","has-post-thumbnail","product_cat-ajandekotletek","product_cat-babaapolas-ajandekotletek","first","instock","product-type-external"],"acf":[],"_links":{"self":[{"href":"https:\/\/horgaszhely.hu\/hun\/wp-json\/wp\/v2\/product\/475337","targetHints":{"allow":["GET"]}}],"collection":[{"href":"https:\/\/horgaszhely.hu\/hun\/wp-json\/wp\/v2\/product"}],"about":[{"href":"https:\/\/horgaszhely.hu\/hun\/wp-json\/wp\/v2\/types\/product"}],"wp:featuredmedia":[{"embeddable":true,"href":"https:\/\/horgaszhely.hu\/hun\/wp-json\/wp\/v2\/media\/475338"}],"wp:attachment":[{"href":"https:\/\/horgaszhely.hu\/hun\/wp-json\/wp\/v2\/media?parent=475337"}],"wp:term":[{"taxonomy":"product_brand","embeddable":true,"href":"https:\/\/horgaszhely.hu\/hun\/wp-json\/wp\/v2\/product_brand?post=475337"},{"taxonomy":"product_cat","embeddable":true,"href":"https:\/\/horgaszhely.hu\/hun\/wp-json\/wp\/v2\/product_cat?post=475337"},{"taxonomy":"product_tag","embeddable":true,"href":"https:\/\/horgaszhely.hu\/hun\/wp-json\/wp\/v2\/product_tag?post=475337"}],"curies":[{"name":"wp","href":"https:\/\/api.w.org\/{rel}","templated":true}]}}

Metoo Angela alvó baba 70 cm &#8211; sárga

<p>Vannak olyan gyermekjátékok, amelyek hosszú időn át elkísérik a gyermekeket. Ezek elsősorban időtálló játékok, amelyeket a kicsik igazán megszeretnek.A Metoo baba puha és bájos. Olyan textilbaba, amely a legkisebb gyermekek számára is megfelelő, mivel megfelel a szigorú európai szabványoknak.A Metoo Angela alvó baba gyönyörű ajándék kisbabáknak, és egyben kedves dekoráció a gyerekszobába. Rendkívül puha, ezért a legkisebb kezek számára és ölelgetéshez is ideális. Elkíséri gyermekét játék, elalvás és utazás közben. Ez a játék nemcsak éjszakára válik hűséges társává és kedvenc alvókájává.A baba kiváló minőségű anyagokból készült, és gyönyörű részletei nemcsak a gyermekek figyelmét keltik fel. Csukott szemei, szép szürke ruhája zsebbel és a fején található fülek igazán különlegessé teszik. Valóban egyedi és kedves ajándék, nemcsak kislányok számára.Teljes hossz: körülbelül 70 cm &#8211; a fülekkel együttGyermek életkora: 0+Európai forgalmazó által forgalmazvaA baba mosógépben legfeljebb 30°C-on, kímélő programon moshatóA babák eredeti termékek, és CE-jelöléssel rendelkeznek, ami azt jelenti, hogy megfelelnek az alapvető egészségügyi, biztonsági és környezetvédelmi követelményeknek</p>

<p>Vannak olyan gyermekjátékok, amelyek hosszú időn át elkísérik a gyermekeket. Ezek elsősorban időtálló játékok, amelyeket a kicsik igazán megszeretnek.A Metoo baba puha és bájos. Olyan textilbaba, amely a legkisebb gyermekek számára is megfelelő, mivel megfelel a szigorú európai szabványoknak.A Metoo Angela alvó baba gyönyörű ajándék kisbabáknak, és egyben kedves dekoráció a gyerekszobába. Rendkívül puha, ezért [&hellip;]</p>
