{"id":475342,"date":"2026-08-24T10:45:05","date_gmt":"2026-08-24T08:45:05","guid":{"rendered":"https:\/\/horgaszhely.hu\/hun\/termek\/miniland-baby-kit-blue-higieniai-keszlet\/"},"modified":"2026-08-24T10:45:06","modified_gmt":"2026-08-24T08:45:06","slug":"miniland-baby-kit-blue-higieniai-keszlet","status":"publish","type":"product","link":"https:\/\/horgaszhely.hu\/hun\/termek\/miniland-baby-kit-blue-higieniai-keszlet\/","title":{"rendered":"Miniland Baby Kit Blue higi\u00e9niai k\u00e9szlet"},"content":{"rendered":"<p>A Miniland praktikus higi\u00e9niai k\u00e9szlete pontosan az, amire minden anyuk\u00e1nak sz\u00fcks\u00e9ge lehet \u00fajsz\u00fcl\u00f6tt bab\u00e1ja mellett. R\u00e1ad\u00e1sul minden sz\u00e9pen elf\u00e9r a\u00a0tokban, \u00e9s\u00a0mindig haszn\u00e1latra k\u00e9szen \u00e1ll. Utaz\u00e1shoz \u00e9s\u00a0nyaral\u00e1shoz is praktikus. A tok k\u00e9nyelmesen, cipz\u00e1rral z\u00e1rhat\u00f3.Ez a k\u00e9szlet olyan eszk\u00f6z\u00f6ket tartalmaz, amelyeket a\u00a0baba mindennapos \u00e1pol\u00e1sa sor\u00e1n haszn\u00e1lhat.\u00a0A k\u00e9szlet tartalma:F\u00e9s\u0171Kefe term\u00e9szetes\u00a0s\u00f6rt\u00e9kkelCseppent\u0151Orrsz\u00edv\u00f3N\u00e9gy k\u00f6r\u00f6mreszel\u0151Oll\u00f3 \u00e9s\u00a0<\/p>\n","protected":false},"excerpt":{"rendered":"<p>A Miniland praktikus higi\u00e9niai k\u00e9szlete pontosan az, amire minden anyuk\u00e1nak sz\u00fcks\u00e9ge lehet \u00fajsz\u00fcl\u00f6tt bab\u00e1ja mellett. R\u00e1ad\u00e1sul minden sz\u00e9pen elf\u00e9r a\u00a0tokban, \u00e9s\u00a0mindig haszn\u00e1latra k\u00e9szen \u00e1ll. Utaz\u00e1shoz \u00e9s\u00a0nyaral\u00e1shoz is praktikus. A tok k\u00e9nyelmesen, cipz\u00e1rral z\u00e1rhat\u00f3.Ez a k\u00e9szlet olyan eszk\u00f6z\u00f6ket tartalmaz, amelyeket a\u00a0baba mindennapos \u00e1pol\u00e1sa sor\u00e1n haszn\u00e1lhat.\u00a0A k\u00e9szlet tartalma:F\u00e9s\u0171Kefe term\u00e9szetes\u00a0s\u00f6rt\u00e9kkelCseppent\u0151Orrsz\u00edv\u00f3N\u00e9gy k\u00f6r\u00f6mreszel\u0151Oll\u00f3 \u00e9s\u00a0<\/p>\n","protected":false},"featured_media":475343,"template":"","meta":{"_acf_changed":false},"product_brand":[],"product_cat":[62,3369],"product_tag":[],"class_list":["post-475342","product","type-product","status-publish","has-post-thumbnail","product_cat-ajandekotletek","product_cat-babaapolas-ajandekotletek","first","instock","product-type-external"],"acf":[],"_links":{"self":[{"href":"https:\/\/horgaszhely.hu\/hun\/wp-json\/wp\/v2\/product\/475342","targetHints":{"allow":["GET"]}}],"collection":[{"href":"https:\/\/horgaszhely.hu\/hun\/wp-json\/wp\/v2\/product"}],"about":[{"href":"https:\/\/horgaszhely.hu\/hun\/wp-json\/wp\/v2\/types\/product"}],"wp:featuredmedia":[{"embeddable":true,"href":"https:\/\/horgaszhely.hu\/hun\/wp-json\/wp\/v2\/media\/475343"}],"wp:attachment":[{"href":"https:\/\/horgaszhely.hu\/hun\/wp-json\/wp\/v2\/media?parent=475342"}],"wp:term":[{"taxonomy":"product_brand","embeddable":true,"href":"https:\/\/horgaszhely.hu\/hun\/wp-json\/wp\/v2\/product_brand?post=475342"},{"taxonomy":"product_cat","embeddable":true,"href":"https:\/\/horgaszhely.hu\/hun\/wp-json\/wp\/v2\/product_cat?post=475342"},{"taxonomy":"product_tag","embeddable":true,"href":"https:\/\/horgaszhely.hu\/hun\/wp-json\/wp\/v2\/product_tag?post=475342"}],"curies":[{"name":"wp","href":"https:\/\/api.w.org\/{rel}","templated":true}]}}

Miniland Baby Kit Blue higiéniai készlet

<p>A Miniland praktikus higiéniai készlete pontosan az, amire minden anyukának szüksége lehet újszülött babája mellett. Ráadásul minden szépen elfér a tokban, és mindig használatra készen áll. Utazáshoz és nyaraláshoz is praktikus. A tok kényelmesen, cipzárral zárható.Ez a készlet olyan eszközöket tartalmaz, amelyeket a baba mindennapos ápolása során használhat. A készlet tartalma:FésűKefe természetes sörtékkelCseppentőOrrszívóNégy körömreszelőOlló és </p>
