{"id":475360,"date":"2026-08-24T10:45:27","date_gmt":"2026-08-24T08:45:27","guid":{"rendered":"https:\/\/horgaszhely.hu\/hun\/termek\/mushie-szilikon-ragoka-bear-dried-thyme\/"},"modified":"2026-08-24T10:45:27","modified_gmt":"2026-08-24T08:45:27","slug":"mushie-szilikon-ragoka-bear-dried-thyme","status":"publish","type":"product","link":"https:\/\/horgaszhely.hu\/hun\/termek\/mushie-szilikon-ragoka-bear-dried-thyme\/","title":{"rendered":"Mushie szilikon r\u00e1g\u00f3ka BEAR &#8211; Dried Thyme"},"content":{"rendered":"<p>A r\u00e1g\u00f3ka val\u00f3ban seg\u00edts\u00e9get ny\u00fajthat kisbab\u00e1j\u00e1nak. Abban a neh\u00e9z id\u0151szakban, amikor a baba els\u0151 fogai kib\u00fajnak, a sz\u00fcl\u0151k \u00e9s a hozz\u00e1 legk\u00f6zelebb \u00e1ll\u00f3k szeretn\u00e9nek min\u00e9l t\u00f6bbet seg\u00edteni neki. A gyermekek ebben az id\u0151szakban \u00f6szt\u00f6n\u00f6sen minden kez\u00fck \u00fcgy\u00e9be ker\u00fcl\u0151 t\u00e1rgy\u00e9rt ny\u00falnak, \u00e9s a sz\u00e1jukba veszik azt.A r\u00e1g\u00e1s \u00e9s az \u00edny d\u00f6rzs\u00f6l\u00e9se ugyanis seg\u00edt enyh\u00edteni a duzzadt \u00edny fesz\u00fcl\u00e9s\u00e9t. Megnyugtatja a bab\u00e1kat, \u00e9s t\u00e1mogatja a fogak el\u0151t\u00f6r\u00e9s\u00e9t.Ebben az id\u0151szakban \u00e9rdemes r\u00e1g\u00f3k\u00e1t k\u00edn\u00e1lni a gyermekeknek. A megfelel\u0151 forma, m\u00e9ret, anyag \u00e9s min\u0151s\u00e9g rendk\u00edv\u00fcl fontos szempont a v\u00e1laszt\u00e1s sor\u00e1n.A Mushie Bear r\u00e1g\u00f3ka minden k\u00f6vetelm\u00e9nynek megfelel ahhoz, hogy n\u00e9lk\u00fcl\u00f6zhetetlen seg\u00edt\u0151t\u00e1rss\u00e1 v\u00e1ljon ebben a neh\u00e9z id\u0151szakban. Kiv\u00e1l\u00f3 min\u0151s\u00e9g\u0171, 100%-ban \u00e9lelmiszeripari szilikonb\u00f3l k\u00e9sz\u00fclt. Nem tartalmaz vesz\u00e9lyes anyagokat, p\u00e9ld\u00e1ul BPA-t, PVC-t vagy ftal\u00e1tokat.A r\u00e1g\u00f3ka form\u00e1ja \u00e9rdekes a gyermekek sz\u00e1m\u00e1ra, a rajta tal\u00e1lhat\u00f3 apr\u00f3 kiemelked\u00e9sek pedig seg\u00edtik a r\u00e1g\u00e1st \u00e9s az \u00edny massz\u00edroz\u00e1s\u00e1t. Finom f\u00f6ldsz\u00ednei r\u00e9v\u00e9n minden babakelengye st\u00edlusos r\u00e9sz\u00e9v\u00e9 v\u00e1lhat.Tiszt\u00edt\u00e1sa is rendk\u00edv\u00fcl egyszer\u0171. Elegend\u0151 meleg vagy szappanos v\u00edzzel elmosni, majd alaposan le\u00f6bl\u00edteni.\u00a0<\/p>\n","protected":false},"excerpt":{"rendered":"<p>A r\u00e1g\u00f3ka val\u00f3ban seg\u00edts\u00e9get ny\u00fajthat kisbab\u00e1j\u00e1nak. Abban a neh\u00e9z id\u0151szakban, amikor a baba els\u0151 fogai kib\u00fajnak, a sz\u00fcl\u0151k \u00e9s a hozz\u00e1 legk\u00f6zelebb \u00e1ll\u00f3k szeretn\u00e9nek min\u00e9l t\u00f6bbet seg\u00edteni neki. A gyermekek ebben az id\u0151szakban \u00f6szt\u00f6n\u00f6sen minden kez\u00fck \u00fcgy\u00e9be ker\u00fcl\u0151 t\u00e1rgy\u00e9rt ny\u00falnak, \u00e9s a sz\u00e1jukba veszik azt.A r\u00e1g\u00e1s \u00e9s az \u00edny d\u00f6rzs\u00f6l\u00e9se ugyanis seg\u00edt enyh\u00edteni a duzzadt [&hellip;]<\/p>\n","protected":false},"featured_media":475361,"template":"","meta":{"_acf_changed":false},"product_brand":[],"product_cat":[62,3369],"product_tag":[],"class_list":["post-475360","product","type-product","status-publish","has-post-thumbnail","product_cat-ajandekotletek","product_cat-babaapolas-ajandekotletek","first","instock","product-type-external"],"acf":[],"_links":{"self":[{"href":"https:\/\/horgaszhely.hu\/hun\/wp-json\/wp\/v2\/product\/475360","targetHints":{"allow":["GET"]}}],"collection":[{"href":"https:\/\/horgaszhely.hu\/hun\/wp-json\/wp\/v2\/product"}],"about":[{"href":"https:\/\/horgaszhely.hu\/hun\/wp-json\/wp\/v2\/types\/product"}],"wp:featuredmedia":[{"embeddable":true,"href":"https:\/\/horgaszhely.hu\/hun\/wp-json\/wp\/v2\/media\/475361"}],"wp:attachment":[{"href":"https:\/\/horgaszhely.hu\/hun\/wp-json\/wp\/v2\/media?parent=475360"}],"wp:term":[{"taxonomy":"product_brand","embeddable":true,"href":"https:\/\/horgaszhely.hu\/hun\/wp-json\/wp\/v2\/product_brand?post=475360"},{"taxonomy":"product_cat","embeddable":true,"href":"https:\/\/horgaszhely.hu\/hun\/wp-json\/wp\/v2\/product_cat?post=475360"},{"taxonomy":"product_tag","embeddable":true,"href":"https:\/\/horgaszhely.hu\/hun\/wp-json\/wp\/v2\/product_tag?post=475360"}],"curies":[{"name":"wp","href":"https:\/\/api.w.org\/{rel}","templated":true}]}}

Mushie szilikon rágóka BEAR &#8211; Dried Thyme

<p>A rágóka valóban segítséget nyújthat kisbabájának. Abban a nehéz időszakban, amikor a baba első fogai kibújnak, a szülők és a hozzá legközelebb állók szeretnének minél többet segíteni neki. A gyermekek ebben az időszakban ösztönösen minden kezük ügyébe kerülő tárgyért nyúlnak, és a szájukba veszik azt.A rágás és az íny dörzsölése ugyanis segít enyhíteni a duzzadt íny feszülését. Megnyugtatja a babákat, és támogatja a fogak előtörését.Ebben az időszakban érdemes rágókát kínálni a gyermekeknek. A megfelelő forma, méret, anyag és minőség rendkívül fontos szempont a választás során.A Mushie Bear rágóka minden követelménynek megfelel ahhoz, hogy nélkülözhetetlen segítőtárssá váljon ebben a nehéz időszakban. Kiváló minőségű, 100%-ban élelmiszeripari szilikonból készült. Nem tartalmaz veszélyes anyagokat, például BPA-t, PVC-t vagy ftalátokat.A rágóka formája érdekes a gyermekek számára, a rajta található apró kiemelkedések pedig segítik a rágást és az íny masszírozását. Finom földszínei révén minden babakelengye stílusos részévé válhat.Tisztítása is rendkívül egyszerű. Elegendő meleg vagy szappanos vízzel elmosni, majd alaposan leöblíteni. </p>

<p>A rágóka valóban segítséget nyújthat kisbabájának. Abban a nehéz időszakban, amikor a baba első fogai kibújnak, a szülők és a hozzá legközelebb állók szeretnének minél többet segíteni neki. A gyermekek ebben az időszakban ösztönösen minden kezük ügyébe kerülő tárgyért nyúlnak, és a szájukba veszik azt.A rágás és az íny dörzsölése ugyanis segít enyhíteni a duzzadt [&hellip;]</p>
