{"id":475364,"date":"2026-08-24T10:45:31","date_gmt":"2026-08-24T08:45:31","guid":{"rendered":"https:\/\/horgaszhely.hu\/hun\/termek\/mushie-szilikon-cumitarto-cloudy-mauve\/"},"modified":"2026-08-24T10:45:31","modified_gmt":"2026-08-24T08:45:31","slug":"mushie-szilikon-cumitarto-cloudy-mauve","status":"publish","type":"product","link":"https:\/\/horgaszhely.hu\/hun\/termek\/mushie-szilikon-cumitarto-cloudy-mauve\/","title":{"rendered":"Mushie szilikon cumitart\u00f3 Cloudy Mauve"},"content":{"rendered":"<p>V\u00e9gre a kisbab\u00e1s \u00e9desany\u00e1k is b\u00fcszk\u00e9n haszn\u00e1lhatj\u00e1k a\u00a0Mushie m\u00e1rka gy\u00f6ny\u00f6r\u0171 kieg\u00e9sz\u00edt\u0151it. A\u00a0Mushie tokba\u00a0ak\u00e1r 3 cumi is belef\u00e9r. A tart\u00f3s szilikon cumitart\u00f3 megv\u00e9di a\u00a0cumikat\u00a0mindenf\u00e9le szennyez\u0151d\u00e9st\u0151l. Fontos, hogy ezeket a babakell\u00e9keket tiszt\u00e1n tartsa, mivel k\u00f6zvetlen\u00fcl a kisbaba sz\u00e1j\u00e1ba ker\u00fclnek.A praktikus Mushie tokot felakaszthatja\u00a0pelenk\u00e1ra, babakocsira,\u00a0pelenk\u00e1z\u00f3t\u00e1sk\u00e1ra,\u00a0h\u00e1tizs\u00e1kra&#8230; A tok egy hurok kialak\u00edt\u00e1s\u00e1val r\u00f6gz\u00edthet\u0151.A term\u00e9ket Sv\u00e9dorsz\u00e1gban tervezt\u00e9k, \u00e9s \u00e9lelmiszeripari min\u0151s\u00e9g\u0171 szilikonb\u00f3l k\u00e9sz\u00fcl, gy\u00f6ny\u00f6r\u0171 f\u00f6ldsz\u00ednekben.Hogyan \u00e1polja a Mushie cumitart\u00f3t?A tokot rendszeresen tiszt\u00edtsa k\u00e9zzel, meleg, szappanos v\u00edz alatt, majd hagyja szabadon, leveg\u0151n megsz\u00e1radni.Mosogat\u00f3g\u00e9pben, k\u00edm\u00e9l\u0151 programon tiszt\u00edthat\u00f3.100%-ban BPA-, PVC- \u00e9s foszf\u00e1tmentes100%-ban biztons\u00e1gosMinden cumim\u00e1rk\u00e1hoz megfelel\u0151.<\/p>\n","protected":false},"excerpt":{"rendered":"<p>V\u00e9gre a kisbab\u00e1s \u00e9desany\u00e1k is b\u00fcszk\u00e9n haszn\u00e1lhatj\u00e1k a\u00a0Mushie m\u00e1rka gy\u00f6ny\u00f6r\u0171 kieg\u00e9sz\u00edt\u0151it. A\u00a0Mushie tokba\u00a0ak\u00e1r 3 cumi is belef\u00e9r. A tart\u00f3s szilikon cumitart\u00f3 megv\u00e9di a\u00a0cumikat\u00a0mindenf\u00e9le szennyez\u0151d\u00e9st\u0151l. Fontos, hogy ezeket a babakell\u00e9keket tiszt\u00e1n tartsa, mivel k\u00f6zvetlen\u00fcl a kisbaba sz\u00e1j\u00e1ba ker\u00fclnek.A praktikus Mushie tokot felakaszthatja\u00a0pelenk\u00e1ra, babakocsira,\u00a0pelenk\u00e1z\u00f3t\u00e1sk\u00e1ra,\u00a0h\u00e1tizs\u00e1kra&#8230; A tok egy hurok kialak\u00edt\u00e1s\u00e1val r\u00f6gz\u00edthet\u0151.A term\u00e9ket Sv\u00e9dorsz\u00e1gban tervezt\u00e9k, \u00e9s \u00e9lelmiszeripari min\u0151s\u00e9g\u0171 szilikonb\u00f3l [&hellip;]<\/p>\n","protected":false},"featured_media":475365,"template":"","meta":{"_acf_changed":false},"product_brand":[],"product_cat":[62,3369],"product_tag":[],"class_list":["post-475364","product","type-product","status-publish","has-post-thumbnail","product_cat-ajandekotletek","product_cat-babaapolas-ajandekotletek","first","instock","product-type-external"],"acf":[],"_links":{"self":[{"href":"https:\/\/horgaszhely.hu\/hun\/wp-json\/wp\/v2\/product\/475364","targetHints":{"allow":["GET"]}}],"collection":[{"href":"https:\/\/horgaszhely.hu\/hun\/wp-json\/wp\/v2\/product"}],"about":[{"href":"https:\/\/horgaszhely.hu\/hun\/wp-json\/wp\/v2\/types\/product"}],"wp:featuredmedia":[{"embeddable":true,"href":"https:\/\/horgaszhely.hu\/hun\/wp-json\/wp\/v2\/media\/475365"}],"wp:attachment":[{"href":"https:\/\/horgaszhely.hu\/hun\/wp-json\/wp\/v2\/media?parent=475364"}],"wp:term":[{"taxonomy":"product_brand","embeddable":true,"href":"https:\/\/horgaszhely.hu\/hun\/wp-json\/wp\/v2\/product_brand?post=475364"},{"taxonomy":"product_cat","embeddable":true,"href":"https:\/\/horgaszhely.hu\/hun\/wp-json\/wp\/v2\/product_cat?post=475364"},{"taxonomy":"product_tag","embeddable":true,"href":"https:\/\/horgaszhely.hu\/hun\/wp-json\/wp\/v2\/product_tag?post=475364"}],"curies":[{"name":"wp","href":"https:\/\/api.w.org\/{rel}","templated":true}]}}

Mushie szilikon cumitartó Cloudy Mauve

<p>Végre a kisbabás édesanyák is büszkén használhatják a Mushie márka gyönyörű kiegészítőit. A Mushie tokba akár 3 cumi is belefér. A tartós szilikon cumitartó megvédi a cumikat mindenféle szennyeződéstől. Fontos, hogy ezeket a babakellékeket tisztán tartsa, mivel közvetlenül a kisbaba szájába kerülnek.A praktikus Mushie tokot felakaszthatja pelenkára, babakocsira, pelenkázótáskára, hátizsákra&#8230; A tok egy hurok kialakításával rögzíthető.A terméket Svédországban tervezték, és élelmiszeripari minőségű szilikonból készül, gyönyörű földszínekben.Hogyan ápolja a Mushie cumitartót?A tokot rendszeresen tisztítsa kézzel, meleg, szappanos víz alatt, majd hagyja szabadon, levegőn megszáradni.Mosogatógépben, kímélő programon tisztítható.100%-ban BPA-, PVC- és foszfátmentes100%-ban biztonságosMinden cumimárkához megfelelő.</p>

<p>Végre a kisbabás édesanyák is büszkén használhatják a Mushie márka gyönyörű kiegészítőit. A Mushie tokba akár 3 cumi is belefér. A tartós szilikon cumitartó megvédi a cumikat mindenféle szennyeződéstől. Fontos, hogy ezeket a babakellékeket tisztán tartsa, mivel közvetlenül a kisbaba szájába kerülnek.A praktikus Mushie tokot felakaszthatja pelenkára, babakocsira, pelenkázótáskára, hátizsákra&#8230; A tok egy hurok kialakításával rögzíthető.A terméket Svédországban tervezték, és élelmiszeripari minőségű szilikonból [&hellip;]</p>
