{"id":475394,"date":"2026-08-24T10:46:26","date_gmt":"2026-08-24T08:46:26","guid":{"rendered":"https:\/\/horgaszhely.hu\/hun\/termek\/sortarto-ov-uvegnyitoval-fekete\/"},"modified":"2026-08-24T10:46:27","modified_gmt":"2026-08-24T08:46:27","slug":"sortarto-ov-uvegnyitoval-fekete","status":"publish","type":"product","link":"https:\/\/horgaszhely.hu\/hun\/termek\/sortarto-ov-uvegnyitoval-fekete\/","title":{"rendered":"S\u00f6rtart\u00f3 \u00f6v \u00fcvegnyit\u00f3val &#8211; fekete"},"content":{"rendered":"<p>Legyen minden grill-parti kir\u00e1lya a s\u00f6rtart\u00f3 \u00f6v \u00fcvegnyit\u00f3val seg\u00edts\u00e9g\u00e9vel. K\u00e9nyelmesen \u00e9s ideiglenesen elf\u00e9r benne hat s\u00f6r vagy m\u00e1s ital. Az \u00fcgyes \u00fcvegnyit\u00f3val pillanatok alatt kinyithatja az \u00fcveget, amit azt\u00e1n ak\u00e1r a szomjas bar\u00e1tj\u00e1nak is \u00e1tadhat. Mivel az \u00f6v \u00e1ll\u00edthat\u00f3, \u00edgy nem kell att\u00f3l tartania, hogy leesik vagy hogy a sarokba dobva heverne. A fekete sz\u00edn\u0171 s\u00f6rtart\u00f3 \u00f6v \u00fcvegnyit\u00f3val praktikus aj\u00e1nd\u00e9k minden j\u00f3 h\u00e1zigazd\u00e1nak, akik szeretn\u00e9nek mindig p\u00e9ld\u00e1san gondoskodni a vend\u00e9geikr\u0151l.Poli\u00e9szterb\u0151l, m\u0171anyagb\u00f3l \u00e9s f\u00e9mb\u0151l k\u00e9sz\u00fclAz \u00fcvegnyit\u00f3t tartalmazza6 palackra\u00c1ll\u00edthat\u00f3M\u00e9rete: 120 x 13 cmExpress One h\u00e1zhoz sz\u00e1ll\u00edt\u00e1s: 1690 FtGLS sz\u00e1ll\u00edt\u00e1s CsomagPontra: 1490 FtPacketa Csomagpont \u00e9s Csomagautomata: 1090 FtUt\u00e1nv\u00e9tel: + 500 Ft20 000 forint feletti rendel\u00e9s eset\u00e9n a sz\u00e1ll\u00edt\u00e1s ingyenes.<\/p>\n","protected":false},"excerpt":{"rendered":"<p>Legyen minden grill-parti kir\u00e1lya a s\u00f6rtart\u00f3 \u00f6v \u00fcvegnyit\u00f3val seg\u00edts\u00e9g\u00e9vel. K\u00e9nyelmesen \u00e9s ideiglenesen elf\u00e9r benne hat s\u00f6r vagy m\u00e1s ital. Az \u00fcgyes \u00fcvegnyit\u00f3val pillanatok alatt kinyithatja az \u00fcveget, amit azt\u00e1n ak\u00e1r a szomjas bar\u00e1tj\u00e1nak is \u00e1tadhat. Mivel az \u00f6v \u00e1ll\u00edthat\u00f3, \u00edgy nem kell att\u00f3l tartania, hogy leesik vagy hogy a sarokba dobva heverne. A fekete sz\u00edn\u0171 [&hellip;]<\/p>\n","protected":false},"featured_media":475395,"template":"","meta":{"_acf_changed":false},"product_brand":[],"product_cat":[62,1917],"product_tag":[],"class_list":["post-475394","product","type-product","status-publish","has-post-thumbnail","product_cat-ajandekotletek","product_cat-soros-ajandekok","first","instock","product-type-external"],"acf":[],"_links":{"self":[{"href":"https:\/\/horgaszhely.hu\/hun\/wp-json\/wp\/v2\/product\/475394","targetHints":{"allow":["GET"]}}],"collection":[{"href":"https:\/\/horgaszhely.hu\/hun\/wp-json\/wp\/v2\/product"}],"about":[{"href":"https:\/\/horgaszhely.hu\/hun\/wp-json\/wp\/v2\/types\/product"}],"wp:featuredmedia":[{"embeddable":true,"href":"https:\/\/horgaszhely.hu\/hun\/wp-json\/wp\/v2\/media\/475395"}],"wp:attachment":[{"href":"https:\/\/horgaszhely.hu\/hun\/wp-json\/wp\/v2\/media?parent=475394"}],"wp:term":[{"taxonomy":"product_brand","embeddable":true,"href":"https:\/\/horgaszhely.hu\/hun\/wp-json\/wp\/v2\/product_brand?post=475394"},{"taxonomy":"product_cat","embeddable":true,"href":"https:\/\/horgaszhely.hu\/hun\/wp-json\/wp\/v2\/product_cat?post=475394"},{"taxonomy":"product_tag","embeddable":true,"href":"https:\/\/horgaszhely.hu\/hun\/wp-json\/wp\/v2\/product_tag?post=475394"}],"curies":[{"name":"wp","href":"https:\/\/api.w.org\/{rel}","templated":true}]}}

Sörtartó öv üvegnyitóval &#8211; fekete

<p>Legyen minden grill-parti királya a sörtartó öv üvegnyitóval segítségével. Kényelmesen és ideiglenesen elfér benne hat sör vagy más ital. Az ügyes üvegnyitóval pillanatok alatt kinyithatja az üveget, amit aztán akár a szomjas barátjának is átadhat. Mivel az öv állítható, így nem kell attól tartania, hogy leesik vagy hogy a sarokba dobva heverne. A fekete színű sörtartó öv üvegnyitóval praktikus ajándék minden jó házigazdának, akik szeretnének mindig példásan gondoskodni a vendégeikről.Poliészterből, műanyagból és fémből készülAz üvegnyitót tartalmazza6 palackraÁllíthatóMérete: 120 x 13 cmExpress One házhoz szállítás: 1690 FtGLS szállítás CsomagPontra: 1490 FtPacketa Csomagpont és Csomagautomata: 1090 FtUtánvétel: + 500 Ft20 000 forint feletti rendelés esetén a szállítás ingyenes.</p>

<p>Legyen minden grill-parti királya a sörtartó öv üvegnyitóval segítségével. Kényelmesen és ideiglenesen elfér benne hat sör vagy más ital. Az ügyes üvegnyitóval pillanatok alatt kinyithatja az üveget, amit aztán akár a szomjas barátjának is átadhat. Mivel az öv állítható, így nem kell attól tartania, hogy leesik vagy hogy a sarokba dobva heverne. A fekete színű [&hellip;]</p>
