{"id":475426,"date":"2026-08-24T10:47:20","date_gmt":"2026-08-24T08:47:20","guid":{"rendered":"https:\/\/horgaszhely.hu\/hun\/termek\/simply-glamour-agynemuhuzat-feher-100-x-135-cm\/"},"modified":"2026-08-24T10:47:21","modified_gmt":"2026-08-24T08:47:21","slug":"simply-glamour-agynemuhuzat-feher-100-x-135-cm","status":"publish","type":"product","link":"https:\/\/horgaszhely.hu\/hun\/termek\/simply-glamour-agynemuhuzat-feher-100-x-135-cm\/","title":{"rendered":"Simply Glamour \u00e1gynem\u0171huzat &#8211; Feh\u00e9r (100 x 135 cm)"},"content":{"rendered":"<p>A vil\u00e1g legszebb l\u00e1tv\u00e1nya az alv\u00f3 gyermek. A nyugodtan alv\u00f3 gyermek pozit\u00edv \u00e9rz\u00e9seket \u00e9breszt benn\u00fcnk. Az alv\u00e1s nagyon fontos a gyermekek sz\u00e1m\u00e1ra. Az alv\u00e1s hossz\u00e1val ellent\u00e9tben annak min\u0151s\u00e9ge a l\u00e9nyeges.\u00a0A sz\u00fcl\u0151k igyekeznek a lehet\u0151 legjobb k\u00f6r\u00fclm\u00e9nyeket biztos\u00edtani kisgyermek\u00fcknek. Ezek k\u00f6z\u00e9 tartozik az alv\u00e1s is. Ha a baba rosszul alszik, ut\u00e1na ingerl\u00e9keny \u00e9s\u00a0nyugtalan.\u00a0Biztos\u00edtson gyermek\u00e9nek min\u0151s\u00e9gi alv\u00e1st. Kis\u00e1gy vagy \u00e1gy, p\u00e1rna \u00e9s\u00a0takar\u00f3, a szoba h\u0151m\u00e9rs\u00e9klete \u00e9s\u00a0f\u00e9nye. Mindez hat\u00e1ssal lehet az alv\u00e1s min\u0151s\u00e9g\u00e9re.A Cotton&#038;Sweets gy\u00e1rt\u00f3 Simply Glamour \u00e1gynem\u0171huzata 100% OEKO TEXT tan\u00fas\u00edtv\u00e1nnyal rendelkez\u0151 szat\u00e9n pamutb\u00f3l k\u00e9sz\u00fclt, ez\u00e9rt a legkisebb gyermekek sz\u00e1m\u00e1ra is megfelel\u0151. Gy\u00f6ny\u00f6r\u0171 fodrokkal d\u00edsz\u00edtett, \u00e9s\u00a0ebben a semleges feh\u00e9r sz\u00ednben fi\u00faknak \u00e9s\u00a0l\u00e1nyoknak egyar\u00e1nt ide\u00e1lis.\u00a0A huzatok\u00a0kellemesen puh\u00e1k. M\u00e9ret\u00fck alapj\u00e1n 6 \u00e9ves korig aj\u00e1nlottak gyermekeknek. K\u00f6nnyen kezelhet\u0151k. Teremtsen gyermekeinek sz\u00e9p gyerekszob\u00e1t, ahol igaz\u00e1n j\u00f3l esik majd az alv\u00e1s.Az \u00e1gynem\u0171huzat t\u00f6ltet n\u00e9lk\u00fcl kaphat\u00f3!P\u00e1rna m\u00e9rete: 40 cm x 60 cm (+\/- 2 cm)Paplan m\u00e9rete: 100 cm x 135 cm (+\/- 2 cm)\u00d6sszet\u00e9tel: 100% szat\u00e9n pamut30 \u00b0C-on, max. 800-as fordulatsz\u00e1mon javasoljuk mosniT\u00f6ltet n\u00e9lk\u00fclTan\u00fas\u00edtv\u00e1ny: OEKO-TEXEz a szett tartalma: egy p\u00e1rna \u00e9s egy takar\u00f3K\u00e9zzel k\u00e9sz\u00fclt Lengyelorsz\u00e1gbanIde\u00e1lis gyermekeknek 6 \u00e9ves korig.<\/p>\n","protected":false},"excerpt":{"rendered":"<p>A vil\u00e1g legszebb l\u00e1tv\u00e1nya az alv\u00f3 gyermek. A nyugodtan alv\u00f3 gyermek pozit\u00edv \u00e9rz\u00e9seket \u00e9breszt benn\u00fcnk. Az alv\u00e1s nagyon fontos a gyermekek sz\u00e1m\u00e1ra. Az alv\u00e1s hossz\u00e1val ellent\u00e9tben annak min\u0151s\u00e9ge a l\u00e9nyeges.\u00a0A sz\u00fcl\u0151k igyekeznek a lehet\u0151 legjobb k\u00f6r\u00fclm\u00e9nyeket biztos\u00edtani kisgyermek\u00fcknek. Ezek k\u00f6z\u00e9 tartozik az alv\u00e1s is. Ha a baba rosszul alszik, ut\u00e1na ingerl\u00e9keny \u00e9s\u00a0nyugtalan.\u00a0Biztos\u00edtson gyermek\u00e9nek min\u0151s\u00e9gi alv\u00e1st. [&hellip;]<\/p>\n","protected":false},"featured_media":475427,"template":"","meta":{"_acf_changed":false},"product_brand":[],"product_cat":[62,3369],"product_tag":[],"class_list":["post-475426","product","type-product","status-publish","has-post-thumbnail","product_cat-ajandekotletek","product_cat-babaapolas-ajandekotletek","first","instock","product-type-external"],"acf":[],"_links":{"self":[{"href":"https:\/\/horgaszhely.hu\/hun\/wp-json\/wp\/v2\/product\/475426","targetHints":{"allow":["GET"]}}],"collection":[{"href":"https:\/\/horgaszhely.hu\/hun\/wp-json\/wp\/v2\/product"}],"about":[{"href":"https:\/\/horgaszhely.hu\/hun\/wp-json\/wp\/v2\/types\/product"}],"wp:featuredmedia":[{"embeddable":true,"href":"https:\/\/horgaszhely.hu\/hun\/wp-json\/wp\/v2\/media\/475427"}],"wp:attachment":[{"href":"https:\/\/horgaszhely.hu\/hun\/wp-json\/wp\/v2\/media?parent=475426"}],"wp:term":[{"taxonomy":"product_brand","embeddable":true,"href":"https:\/\/horgaszhely.hu\/hun\/wp-json\/wp\/v2\/product_brand?post=475426"},{"taxonomy":"product_cat","embeddable":true,"href":"https:\/\/horgaszhely.hu\/hun\/wp-json\/wp\/v2\/product_cat?post=475426"},{"taxonomy":"product_tag","embeddable":true,"href":"https:\/\/horgaszhely.hu\/hun\/wp-json\/wp\/v2\/product_tag?post=475426"}],"curies":[{"name":"wp","href":"https:\/\/api.w.org\/{rel}","templated":true}]}}

Simply Glamour ágyneműhuzat &#8211; Fehér (100 x 135 cm)

<p>A világ legszebb látványa az alvó gyermek. A nyugodtan alvó gyermek pozitív érzéseket ébreszt bennünk. Az alvás nagyon fontos a gyermekek számára. Az alvás hosszával ellentétben annak minősége a lényeges. A szülők igyekeznek a lehető legjobb körülményeket biztosítani kisgyermeküknek. Ezek közé tartozik az alvás is. Ha a baba rosszul alszik, utána ingerlékeny és nyugtalan. Biztosítson gyermekének minőségi alvást. Kiságy vagy ágy, párna és takaró, a szoba hőmérséklete és fénye. Mindez hatással lehet az alvás minőségére.A Cotton&#038;Sweets gyártó Simply Glamour ágyneműhuzata 100% OEKO TEXT tanúsítvánnyal rendelkező szatén pamutból készült, ezért a legkisebb gyermekek számára is megfelelő. Gyönyörű fodrokkal díszített, és ebben a semleges fehér színben fiúknak és lányoknak egyaránt ideális. A huzatok kellemesen puhák. Méretük alapján 6 éves korig ajánlottak gyermekeknek. Könnyen kezelhetők. Teremtsen gyermekeinek szép gyerekszobát, ahol igazán jól esik majd az alvás.Az ágyneműhuzat töltet nélkül kapható!Párna mérete: 40 cm x 60 cm (+/- 2 cm)Paplan mérete: 100 cm x 135 cm (+/- 2 cm)Összetétel: 100% szatén pamut30 °C-on, max. 800-as fordulatszámon javasoljuk mosniTöltet nélkülTanúsítvány: OEKO-TEXEz a szett tartalma: egy párna és egy takaróKézzel készült LengyelországbanIdeális gyermekeknek 6 éves korig.</p>

<p>A világ legszebb látványa az alvó gyermek. A nyugodtan alvó gyermek pozitív érzéseket ébreszt bennünk. Az alvás nagyon fontos a gyermekek számára. Az alvás hosszával ellentétben annak minősége a lényeges. A szülők igyekeznek a lehető legjobb körülményeket biztosítani kisgyermeküknek. Ezek közé tartozik az alvás is. Ha a baba rosszul alszik, utána ingerlékeny és nyugtalan. Biztosítson gyermekének minőségi alvást. [&hellip;]</p>
