{"id":475440,"date":"2026-08-24T10:47:37","date_gmt":"2026-08-24T08:47:37","guid":{"rendered":"https:\/\/horgaszhely.hu\/hun\/termek\/simply-glamour-agynemu-toltettel-vilagosszurke-80-x-100-cm\/"},"modified":"2026-08-24T10:47:38","modified_gmt":"2026-08-24T08:47:38","slug":"simply-glamour-agynemu-toltettel-vilagosszurke-80-x-100-cm","status":"publish","type":"product","link":"https:\/\/horgaszhely.hu\/hun\/termek\/simply-glamour-agynemu-toltettel-vilagosszurke-80-x-100-cm\/","title":{"rendered":"Simply Glamour \u00e1gynem\u0171 t\u00f6ltettel &#8211; vil\u00e1gossz\u00fcrke (80 x 100 cm)"},"content":{"rendered":"<p>Amikor a baba elalszik, a sz\u00fcl\u0151k megpihenhetnek. A gyermekek nyugodt \u00e9s\u00a0teljes \u00e9rt\u00e9k\u0171 alv\u00e1s\u00e1\u00e9rt b\u00e1rmit megtesz\u00fcnk. Aj\u00e1nd\u00e9kozza meg gyermekeit ilyen alv\u00e1ssal.Ha praktikus \u00e9s\u00a0gy\u00f6ny\u00f6r\u0171 \u00e1gynem\u0171t keres gyermekeinek, aj\u00e1nljuk \u00d6nnek a Simply Glamour \u00e1gynem\u0171t. Az \u00e1gynem\u0171huzat 100% pamutb\u00f3l k\u00e9sz\u00fclt, OEKO-TEX tan\u00fas\u00edtv\u00e1nnyal rendelkezik, ez\u00e9rt a legkisebb gyermekek sz\u00e1m\u00e1ra is alkalmas. A t\u00f6ltetet hipoallerg\u00e9n szilikon vlies alkotja.K\u00f6nny\u0171 \u00e9s\u00a0kellemes tapint\u00e1s\u00fa. R\u00e1ad\u00e1sul a fodrok luxus megjelen\u00e9st k\u00f6lcs\u00f6n\u00f6znek neki. Haszn\u00e1lhatja kis\u00e1gyban, babakocsiban \u00e9s\u00a0b\u00f6lcs\u0151ben is.A szett egy p\u00e1rn\u00e1b\u00f3l \u00e9s\u00a0egy takar\u00f3b\u00f3l \u00e1ll. M\u00e1r t\u00f6ltetet is tartalmaz, \u00edgy k\u00e9sz aj\u00e1nd\u00e9k p\u00e9ld\u00e1ul keresztel\u0151re vagy a kar\u00e1csonyfa al\u00e1.P\u00e1rna m\u00e9rete: 40 cm x 60 cm (+\/- 2 cm)Paplan m\u00e9rete: 80 cm x 100 cm (+\/- 2 cm)\u00d6sszet\u00e9tel: 100% pamut,T\u00f6ltet: hipoallerg\u00e9n szilikon vliesTan\u00fas\u00edtv\u00e1ny: OEKO-TEXEz a szett tartalma: egy p\u00e1rna \u00e9s egy takar\u00f3K\u00e9zzel k\u00e9sz\u00fclt Lengyelorsz\u00e1gban.<\/p>\n","protected":false},"excerpt":{"rendered":"<p>Amikor a baba elalszik, a sz\u00fcl\u0151k megpihenhetnek. A gyermekek nyugodt \u00e9s\u00a0teljes \u00e9rt\u00e9k\u0171 alv\u00e1s\u00e1\u00e9rt b\u00e1rmit megtesz\u00fcnk. Aj\u00e1nd\u00e9kozza meg gyermekeit ilyen alv\u00e1ssal.Ha praktikus \u00e9s\u00a0gy\u00f6ny\u00f6r\u0171 \u00e1gynem\u0171t keres gyermekeinek, aj\u00e1nljuk \u00d6nnek a Simply Glamour \u00e1gynem\u0171t. Az \u00e1gynem\u0171huzat 100% pamutb\u00f3l k\u00e9sz\u00fclt, OEKO-TEX tan\u00fas\u00edtv\u00e1nnyal rendelkezik, ez\u00e9rt a legkisebb gyermekek sz\u00e1m\u00e1ra is alkalmas. A t\u00f6ltetet hipoallerg\u00e9n szilikon vlies alkotja.K\u00f6nny\u0171 \u00e9s\u00a0kellemes tapint\u00e1s\u00fa. R\u00e1ad\u00e1sul [&hellip;]<\/p>\n","protected":false},"featured_media":475441,"template":"","meta":{"_acf_changed":false},"product_brand":[],"product_cat":[62,3369],"product_tag":[],"class_list":["post-475440","product","type-product","status-publish","has-post-thumbnail","product_cat-ajandekotletek","product_cat-babaapolas-ajandekotletek","first","instock","product-type-external"],"acf":[],"_links":{"self":[{"href":"https:\/\/horgaszhely.hu\/hun\/wp-json\/wp\/v2\/product\/475440","targetHints":{"allow":["GET"]}}],"collection":[{"href":"https:\/\/horgaszhely.hu\/hun\/wp-json\/wp\/v2\/product"}],"about":[{"href":"https:\/\/horgaszhely.hu\/hun\/wp-json\/wp\/v2\/types\/product"}],"wp:featuredmedia":[{"embeddable":true,"href":"https:\/\/horgaszhely.hu\/hun\/wp-json\/wp\/v2\/media\/475441"}],"wp:attachment":[{"href":"https:\/\/horgaszhely.hu\/hun\/wp-json\/wp\/v2\/media?parent=475440"}],"wp:term":[{"taxonomy":"product_brand","embeddable":true,"href":"https:\/\/horgaszhely.hu\/hun\/wp-json\/wp\/v2\/product_brand?post=475440"},{"taxonomy":"product_cat","embeddable":true,"href":"https:\/\/horgaszhely.hu\/hun\/wp-json\/wp\/v2\/product_cat?post=475440"},{"taxonomy":"product_tag","embeddable":true,"href":"https:\/\/horgaszhely.hu\/hun\/wp-json\/wp\/v2\/product_tag?post=475440"}],"curies":[{"name":"wp","href":"https:\/\/api.w.org\/{rel}","templated":true}]}}

Simply Glamour ágynemű töltettel &#8211; világosszürke (80 x 100 cm)

<p>Amikor a baba elalszik, a szülők megpihenhetnek. A gyermekek nyugodt és teljes értékű alvásáért bármit megteszünk. Ajándékozza meg gyermekeit ilyen alvással.Ha praktikus és gyönyörű ágyneműt keres gyermekeinek, ajánljuk Önnek a Simply Glamour ágyneműt. Az ágyneműhuzat 100% pamutból készült, OEKO-TEX tanúsítvánnyal rendelkezik, ezért a legkisebb gyermekek számára is alkalmas. A töltetet hipoallergén szilikon vlies alkotja.Könnyű és kellemes tapintású. Ráadásul a fodrok luxus megjelenést kölcsönöznek neki. Használhatja kiságyban, babakocsiban és bölcsőben is.A szett egy párnából és egy takaróból áll. Már töltetet is tartalmaz, így kész ajándék például keresztelőre vagy a karácsonyfa alá.Párna mérete: 40 cm x 60 cm (+/- 2 cm)Paplan mérete: 80 cm x 100 cm (+/- 2 cm)Összetétel: 100% pamut,Töltet: hipoallergén szilikon vliesTanúsítvány: OEKO-TEXEz a szett tartalma: egy párna és egy takaróKézzel készült Lengyelországban.</p>

<p>Amikor a baba elalszik, a szülők megpihenhetnek. A gyermekek nyugodt és teljes értékű alvásáért bármit megteszünk. Ajándékozza meg gyermekeit ilyen alvással.Ha praktikus és gyönyörű ágyneműt keres gyermekeinek, ajánljuk Önnek a Simply Glamour ágyneműt. Az ágyneműhuzat 100% pamutból készült, OEKO-TEX tanúsítvánnyal rendelkezik, ezért a legkisebb gyermekek számára is alkalmas. A töltetet hipoallergén szilikon vlies alkotja.Könnyű és kellemes tapintású. Ráadásul [&hellip;]</p>
