{"id":475454,"date":"2026-08-24T10:47:59","date_gmt":"2026-08-24T08:47:59","guid":{"rendered":"https:\/\/horgaszhely.hu\/hun\/termek\/quut-dippy-banana-blue-gyermek-medence\/"},"modified":"2026-08-24T10:48:00","modified_gmt":"2026-08-24T08:48:00","slug":"quut-dippy-banana-blue-gyermek-medence","status":"publish","type":"product","link":"https:\/\/horgaszhely.hu\/hun\/termek\/quut-dippy-banana-blue-gyermek-medence\/","title":{"rendered":"Quut Dippy Banana Blue gyermek medence"},"content":{"rendered":"<p>A Quut Dippy gyermek medence kertj\u00e9t vagy terasz\u00e1t t\u00f6k\u00e9letes, sz\u00f3rakoz\u00e1ssal teli csal\u00e1di mened\u00e9kk\u00e9 var\u00e1zsolja.\u00a0\u00c9l\u00e9nk sz\u00edneinek \u00e9s v\u00edzi st\u00edlus\u00fa grafik\u00e1j\u00e1nak k\u00f6sz\u00f6nhet\u0151en a gyerekek azonnal megszeretik.A Quut gyermek felf\u00fajhat\u00f3 medence kellemesen sz\u00f3rakoztatja \u00e9s felfriss\u00edti a gyerekeket a meleg ny\u00e1ri napokon.\u00a0A medence felf\u00faj\u00e1sa ut\u00e1ni hozz\u00e1vet\u0151leges v\u00edzt\u00e9rfogat 35 liter (50%-ig felt\u00f6ltve).Biztons\u00e1gos \u00e9s tart\u00f3s term\u00e9k, BPA, ftal\u00e1tok \u00e9s latex n\u00e9lk\u00fcl.A gyermek medence 100%-ban \u00fajrahasznos\u00edthat\u00f3.\u00a0M\u00e9retek: 80 x 20 cmAnyag: tart\u00f3s vinilS\u00faly: 120 gEgyszer\u0171 szelepek.<\/p>\n","protected":false},"excerpt":{"rendered":"<p>A Quut Dippy gyermek medence kertj\u00e9t vagy terasz\u00e1t t\u00f6k\u00e9letes, sz\u00f3rakoz\u00e1ssal teli csal\u00e1di mened\u00e9kk\u00e9 var\u00e1zsolja.\u00a0\u00c9l\u00e9nk sz\u00edneinek \u00e9s v\u00edzi st\u00edlus\u00fa grafik\u00e1j\u00e1nak k\u00f6sz\u00f6nhet\u0151en a gyerekek azonnal megszeretik.A Quut gyermek felf\u00fajhat\u00f3 medence kellemesen sz\u00f3rakoztatja \u00e9s felfriss\u00edti a gyerekeket a meleg ny\u00e1ri napokon.\u00a0A medence felf\u00faj\u00e1sa ut\u00e1ni hozz\u00e1vet\u0151leges v\u00edzt\u00e9rfogat 35 liter (50%-ig felt\u00f6ltve).Biztons\u00e1gos \u00e9s tart\u00f3s term\u00e9k, BPA, ftal\u00e1tok \u00e9s latex n\u00e9lk\u00fcl.A [&hellip;]<\/p>\n","protected":false},"featured_media":475455,"template":"","meta":{"_acf_changed":false},"product_brand":[],"product_cat":[62,3369],"product_tag":[],"class_list":["post-475454","product","type-product","status-publish","has-post-thumbnail","product_cat-ajandekotletek","product_cat-babaapolas-ajandekotletek","first","instock","product-type-external"],"acf":[],"_links":{"self":[{"href":"https:\/\/horgaszhely.hu\/hun\/wp-json\/wp\/v2\/product\/475454","targetHints":{"allow":["GET"]}}],"collection":[{"href":"https:\/\/horgaszhely.hu\/hun\/wp-json\/wp\/v2\/product"}],"about":[{"href":"https:\/\/horgaszhely.hu\/hun\/wp-json\/wp\/v2\/types\/product"}],"wp:featuredmedia":[{"embeddable":true,"href":"https:\/\/horgaszhely.hu\/hun\/wp-json\/wp\/v2\/media\/475455"}],"wp:attachment":[{"href":"https:\/\/horgaszhely.hu\/hun\/wp-json\/wp\/v2\/media?parent=475454"}],"wp:term":[{"taxonomy":"product_brand","embeddable":true,"href":"https:\/\/horgaszhely.hu\/hun\/wp-json\/wp\/v2\/product_brand?post=475454"},{"taxonomy":"product_cat","embeddable":true,"href":"https:\/\/horgaszhely.hu\/hun\/wp-json\/wp\/v2\/product_cat?post=475454"},{"taxonomy":"product_tag","embeddable":true,"href":"https:\/\/horgaszhely.hu\/hun\/wp-json\/wp\/v2\/product_tag?post=475454"}],"curies":[{"name":"wp","href":"https:\/\/api.w.org\/{rel}","templated":true}]}}

<p>A Quut Dippy gyermek medence kertjét vagy teraszát tökéletes, szórakozással teli családi menedékké varázsolja. Élénk színeinek és vízi stílusú grafikájának köszönhetően a gyerekek azonnal megszeretik.A Quut gyermek felfújható medence kellemesen szórakoztatja és felfrissíti a gyerekeket a meleg nyári napokon. A medence felfújása utáni hozzávetőleges víztérfogat 35 liter (50%-ig feltöltve).Biztonságos és tartós termék, BPA, ftalátok és latex nélkül.A gyermek medence 100%-ban újrahasznosítható. Méretek: 80 x 20 cmAnyag: tartós vinilSúly: 120 gEgyszerű szelepek.</p>

<p>A Quut Dippy gyermek medence kertjét vagy teraszát tökéletes, szórakozással teli családi menedékké varázsolja. Élénk színeinek és vízi stílusú grafikájának köszönhetően a gyerekek azonnal megszeretik.A Quut gyermek felfújható medence kellemesen szórakoztatja és felfrissíti a gyerekeket a meleg nyári napokon. A medence felfújása utáni hozzávetőleges víztérfogat 35 liter (50%-ig feltöltve).Biztonságos és tartós termék, BPA, ftalátok és latex nélkül.A [&hellip;]</p>
