{"id":475460,"date":"2026-08-24T10:48:05","date_gmt":"2026-08-24T08:48:05","guid":{"rendered":"https:\/\/horgaszhely.hu\/hun\/termek\/quut-dusty-blue-felho-jatszoszonyeg\/"},"modified":"2026-08-24T10:48:06","modified_gmt":"2026-08-24T08:48:06","slug":"quut-dusty-blue-felho-jatszoszonyeg","status":"publish","type":"product","link":"https:\/\/horgaszhely.hu\/hun\/termek\/quut-dusty-blue-felho-jatszoszonyeg\/","title":{"rendered":"Quut Dusty Blue felh\u0151 j\u00e1tsz\u00f3sz\u0151nyeg"},"content":{"rendered":"<p>Praktikus, meleg habszivacs j\u00e1tsz\u00f3sz\u0151nyeget keres gyermekeknek, amely gy\u00f6ny\u00f6r\u0171 diz\u00e1jnkieg\u00e9sz\u00edt\u0151 lesz, \u00e9s nem foglal sok helyet?A Quut gyermek j\u00e1tsz\u00f3sz\u0151nyeg mintha kisgyermekek sz\u00e1m\u00e1ra k\u00e9sz\u00fclt volna. M\u00e1r sz\u00fclet\u00e9st\u0151l egy\u00fctt n\u0151 a gyermek\u00e9vel. A gy\u00f6ny\u00f6r\u0171 felh\u0151mot\u00edvum nemcsak a gyerekszob\u00e1t, hanem a konyh\u00e1t vagy a nappalit is feldobja.A gyermekeknek k\u00e9sz\u00fclt habszivacs sz\u0151nyeg h\u00e1rom k\u00fcl\u00f6nb\u00f6z\u0151 m\u00f3don rakhat\u00f3 ki.A gyermek sz\u0151nyeg teljesen v\u00edz\u00e1ll\u00f3, ez\u00e9rt kiv\u00e1l\u00f3\u00a0k\u00fcl\u00f6nb\u00f6z\u0151 kor\u00fa gyermekek sz\u00e1m\u00e1ra. Egyszer\u0171en\u00a0megtiszt\u00edthat\u00f3 nedves t\u00f6rl\u0151kend\u0151vel vagy k\u00edm\u00e9l\u0151 szappannal.M\u00e9retek: 145 x 90 cm \u00e9s vastags\u00e1g 12 mmAnyag: EVA hab (biztons\u00e1gos, v\u00edz\u00e1ll\u00f3, nem m\u00e9rgez\u0151)\u00a06 darab\u00a0<\/p>\n","protected":false},"excerpt":{"rendered":"<p>Praktikus, meleg habszivacs j\u00e1tsz\u00f3sz\u0151nyeget keres gyermekeknek, amely gy\u00f6ny\u00f6r\u0171 diz\u00e1jnkieg\u00e9sz\u00edt\u0151 lesz, \u00e9s nem foglal sok helyet?A Quut gyermek j\u00e1tsz\u00f3sz\u0151nyeg mintha kisgyermekek sz\u00e1m\u00e1ra k\u00e9sz\u00fclt volna. M\u00e1r sz\u00fclet\u00e9st\u0151l egy\u00fctt n\u0151 a gyermek\u00e9vel. A gy\u00f6ny\u00f6r\u0171 felh\u0151mot\u00edvum nemcsak a gyerekszob\u00e1t, hanem a konyh\u00e1t vagy a nappalit is feldobja.A gyermekeknek k\u00e9sz\u00fclt habszivacs sz\u0151nyeg h\u00e1rom k\u00fcl\u00f6nb\u00f6z\u0151 m\u00f3don rakhat\u00f3 ki.A gyermek sz\u0151nyeg teljesen [&hellip;]<\/p>\n","protected":false},"featured_media":475461,"template":"","meta":{"_acf_changed":false},"product_brand":[],"product_cat":[62,3369],"product_tag":[],"class_list":["post-475460","product","type-product","status-publish","has-post-thumbnail","product_cat-ajandekotletek","product_cat-babaapolas-ajandekotletek","first","instock","product-type-external"],"acf":[],"_links":{"self":[{"href":"https:\/\/horgaszhely.hu\/hun\/wp-json\/wp\/v2\/product\/475460","targetHints":{"allow":["GET"]}}],"collection":[{"href":"https:\/\/horgaszhely.hu\/hun\/wp-json\/wp\/v2\/product"}],"about":[{"href":"https:\/\/horgaszhely.hu\/hun\/wp-json\/wp\/v2\/types\/product"}],"wp:featuredmedia":[{"embeddable":true,"href":"https:\/\/horgaszhely.hu\/hun\/wp-json\/wp\/v2\/media\/475461"}],"wp:attachment":[{"href":"https:\/\/horgaszhely.hu\/hun\/wp-json\/wp\/v2\/media?parent=475460"}],"wp:term":[{"taxonomy":"product_brand","embeddable":true,"href":"https:\/\/horgaszhely.hu\/hun\/wp-json\/wp\/v2\/product_brand?post=475460"},{"taxonomy":"product_cat","embeddable":true,"href":"https:\/\/horgaszhely.hu\/hun\/wp-json\/wp\/v2\/product_cat?post=475460"},{"taxonomy":"product_tag","embeddable":true,"href":"https:\/\/horgaszhely.hu\/hun\/wp-json\/wp\/v2\/product_tag?post=475460"}],"curies":[{"name":"wp","href":"https:\/\/api.w.org\/{rel}","templated":true}]}}

Quut Dusty Blue felhő játszószőnyeg

<p>Praktikus, meleg habszivacs játszószőnyeget keres gyermekeknek, amely gyönyörű dizájnkiegészítő lesz, és nem foglal sok helyet?A Quut gyermek játszószőnyeg mintha kisgyermekek számára készült volna. Már születéstől együtt nő a gyermekével. A gyönyörű felhőmotívum nemcsak a gyerekszobát, hanem a konyhát vagy a nappalit is feldobja.A gyermekeknek készült habszivacs szőnyeg három különböző módon rakható ki.A gyermek szőnyeg teljesen vízálló, ezért kiváló különböző korú gyermekek számára. Egyszerűen megtisztítható nedves törlőkendővel vagy kímélő szappannal.Méretek: 145 x 90 cm és vastagság 12 mmAnyag: EVA hab (biztonságos, vízálló, nem mérgező) 6 darab </p>

<p>Praktikus, meleg habszivacs játszószőnyeget keres gyermekeknek, amely gyönyörű dizájnkiegészítő lesz, és nem foglal sok helyet?A Quut gyermek játszószőnyeg mintha kisgyermekek számára készült volna. Már születéstől együtt nő a gyermekével. A gyönyörű felhőmotívum nemcsak a gyerekszobát, hanem a konyhát vagy a nappalit is feldobja.A gyermekeknek készült habszivacs szőnyeg három különböző módon rakható ki.A gyermek szőnyeg teljesen [&hellip;]</p>
